{"id":93522,"date":"2024-07-18T07:55:38","date_gmt":"2024-07-18T05:55:38","guid":{"rendered":"https:\/\/autostil.ba\/maloprodaja\/?post_type=product&#038;p=93522"},"modified":"2026-04-08T11:23:21","modified_gmt":"2026-04-08T09:23:21","slug":"vijak-65x215mm-skoda-vw-bmw-311821143","status":"publish","type":"product","link":"https:\/\/autostil.ba\/maloprodaja\/proizvod\/11719\/vijak-65x215mm-skoda-vw-bmw-311821143\/","title":{"rendered":"VIJAK 6,5&#215;21,5mm (\u0160KODA, VW, BMW) 311821143"},"content":{"rendered":"","protected":false},"excerpt":{"rendered":"<p>Vijak branika i \u0161uspleha sa \u0161esterougaonom glavom 6,5&#215;21,5mm. Odgovara za vozila: BMW,MINI, VOLKSWAGEN, AUDI, SEAT, \u0160KODA. Originalni broj: 311821143-12138530118<\/p>\n","protected":false},"featured_media":93523,"comment_status":"open","ping_status":"closed","template":"","meta":{"_acf_changed":false,"inline_featured_image":false},"product_brand":[],"product_cat":[24],"product_tag":[],"class_list":{"0":"post-93522","1":"product","2":"type-product","3":"status-publish","4":"has-post-thumbnail","6":"product_cat-kopce-vijci-cepovi","8":"first","9":"instock","10":"taxable","11":"shipping-taxable","12":"purchasable","13":"product-type-simple"},"acf":[],"custom_product_id":"11719","_links":{"self":[{"href":"https:\/\/autostil.ba\/maloprodaja\/wp-json\/wp\/v2\/product\/93522","targetHints":{"allow":["GET"]}}],"collection":[{"href":"https:\/\/autostil.ba\/maloprodaja\/wp-json\/wp\/v2\/product"}],"about":[{"href":"https:\/\/autostil.ba\/maloprodaja\/wp-json\/wp\/v2\/types\/product"}],"replies":[{"embeddable":true,"href":"https:\/\/autostil.ba\/maloprodaja\/wp-json\/wp\/v2\/comments?post=93522"}],"version-history":[{"count":1,"href":"https:\/\/autostil.ba\/maloprodaja\/wp-json\/wp\/v2\/product\/93522\/revisions"}],"predecessor-version":[{"id":93524,"href":"https:\/\/autostil.ba\/maloprodaja\/wp-json\/wp\/v2\/product\/93522\/revisions\/93524"}],"wp:featuredmedia":[{"embeddable":true,"href":"https:\/\/autostil.ba\/maloprodaja\/wp-json\/wp\/v2\/media\/93523"}],"wp:attachment":[{"href":"https:\/\/autostil.ba\/maloprodaja\/wp-json\/wp\/v2\/media?parent=93522"}],"wp:term":[{"taxonomy":"product_brand","embeddable":true,"href":"https:\/\/autostil.ba\/maloprodaja\/wp-json\/wp\/v2\/product_brand?post=93522"},{"taxonomy":"product_cat","embeddable":true,"href":"https:\/\/autostil.ba\/maloprodaja\/wp-json\/wp\/v2\/product_cat?post=93522"},{"taxonomy":"product_tag","embeddable":true,"href":"https:\/\/autostil.ba\/maloprodaja\/wp-json\/wp\/v2\/product_tag?post=93522"}],"curies":[{"name":"wp","href":"https:\/\/api.w.org\/{rel}","templated":true}]}}