{"id":93502,"date":"2024-07-18T07:55:37","date_gmt":"2024-07-18T07:55:37","guid":{"rendered":"https:\/\/autostil.ba\/maloprodaja\/?post_type=product&#038;p=93502"},"modified":"2026-04-08T11:23:21","modified_gmt":"2026-04-08T09:23:21","slug":"strugac-za-naljepnice-univerzalni","status":"publish","type":"product","link":"https:\/\/autostil.ba\/maloprodaja\/proizvod\/11723\/strugac-za-naljepnice-univerzalni\/","title":{"rendered":"STRUGA\u010c ZA NALJEPNICE UNIVERZALNI"},"content":{"rendered":"","protected":false},"excerpt":{"rendered":"<p>Struga\u010d za skidanje naljepnica &#8211; lako uklanja sve vrste naljepnica i natpisa sa stakla.<br \/>\nStrugalica je opremljena klasi\u010dnom britvom iznutra, koja lako prodire u sloj ljepila izme\u0111u stakla i naljepnice.<br \/>\nBrija\u010d se mo\u017ee odgurnuti nakon upotrebe, tako da se struga\u010d mo\u017ee lako odlo\u017eiti bez opasnosti od ozljeda o\u0161trim no\u017eem.<br \/>\nO\u0161trica je klasi\u010dnih dimenzija 4,4 x 2,2 cm.<\/p>\n","protected":false},"featured_media":93503,"comment_status":"open","ping_status":"closed","template":"","meta":{"_acf_changed":false,"inline_featured_image":false},"product_brand":[],"product_cat":[55],"product_tag":[],"class_list":{"0":"post-93502","1":"product","2":"type-product","3":"status-publish","4":"has-post-thumbnail","6":"product_cat-alat-i-oprema-za-servise","8":"first","9":"instock","10":"taxable","11":"shipping-taxable","12":"purchasable","13":"product-type-simple"},"acf":[],"custom_product_id":"11723","_links":{"self":[{"href":"https:\/\/autostil.ba\/maloprodaja\/wp-json\/wp\/v2\/product\/93502","targetHints":{"allow":["GET"]}}],"collection":[{"href":"https:\/\/autostil.ba\/maloprodaja\/wp-json\/wp\/v2\/product"}],"about":[{"href":"https:\/\/autostil.ba\/maloprodaja\/wp-json\/wp\/v2\/types\/product"}],"replies":[{"embeddable":true,"href":"https:\/\/autostil.ba\/maloprodaja\/wp-json\/wp\/v2\/comments?post=93502"}],"version-history":[{"count":1,"href":"https:\/\/autostil.ba\/maloprodaja\/wp-json\/wp\/v2\/product\/93502\/revisions"}],"predecessor-version":[{"id":93504,"href":"https:\/\/autostil.ba\/maloprodaja\/wp-json\/wp\/v2\/product\/93502\/revisions\/93504"}],"wp:featuredmedia":[{"embeddable":true,"href":"https:\/\/autostil.ba\/maloprodaja\/wp-json\/wp\/v2\/media\/93503"}],"wp:attachment":[{"href":"https:\/\/autostil.ba\/maloprodaja\/wp-json\/wp\/v2\/media?parent=93502"}],"wp:term":[{"taxonomy":"product_brand","embeddable":true,"href":"https:\/\/autostil.ba\/maloprodaja\/wp-json\/wp\/v2\/product_brand?post=93502"},{"taxonomy":"product_cat","embeddable":true,"href":"https:\/\/autostil.ba\/maloprodaja\/wp-json\/wp\/v2\/product_cat?post=93502"},{"taxonomy":"product_tag","embeddable":true,"href":"https:\/\/autostil.ba\/maloprodaja\/wp-json\/wp\/v2\/product_tag?post=93502"}],"curies":[{"name":"wp","href":"https:\/\/api.w.org\/{rel}","templated":true}]}}