{"id":93462,"date":"2025-06-05T12:43:35","date_gmt":"2025-06-05T10:43:35","guid":{"rendered":"https:\/\/autostil.ba\/maloprodaja\/?post_type=product&#038;p=93462"},"modified":"2026-04-08T11:23:16","modified_gmt":"2026-04-08T09:23:16","slug":"podmetac-za-gepek-tipski-vw-golf-v-hb-2003-2009-rizline","status":"publish","type":"product","link":"https:\/\/autostil.ba\/maloprodaja\/proizvod\/11837\/podmetac-za-gepek-tipski-vw-golf-v-hb-2003-2009-rizline\/","title":{"rendered":"PODMETA\u010c ZA GEPEK TIPSKI VW GOLF V HB 2003-2009 (RIZLINE)"},"content":{"rendered":"","protected":false},"excerpt":{"rendered":"<p>KARAKTERISTIKE PROIZVODA:<\/p>\n<p>\u2013 Posjeduje zdravstveno-higijenski certifikat i certifikat o uskla\u0111enosti.<\/p>\n<p>\u2013 Ne izaziva alergije.<\/p>\n<p>\u2013 Ne miri\u0161e.<\/p>\n<p>\u2013 Ne deformi\u0161e se<\/p>\n<p>\u2013 Napravljen od ekolo\u0161kog, prirodnog materijala koji se mo\u017ee reciklirati.<\/p>\n<p>\u2013 Izra\u0111en je od visokokvalitetnog materijala visoke postojanosti od 50\u00b0C do +80\u00b0C, koji se sam ne osloba\u0111a.<\/p>\n<p>\u2013 Ne gubi oblik.<\/p>\n<p>\u2013 Dubina: 3 \u2013 5 cm. (zavisi od modela vozila)<\/p>\n<p>\u2013 Debljina: 1,1-1,7 mm<\/p>\n<p>Zahvaljuju\u0107i robusnoj strukturi karoserije, otporan je na sun\u010devu svetlost, ogrebotine, toplotu, hladno\u0107u i vodu.<\/p>\n<p>\u2013 Zahvaljuju\u0107i izbo\u010denju barijere od otprilike 3-5 cm na bo\u010dnim povr\u0161inama bazena za prtljag, za\u0161ti\u0107ena je voda, pra\u0161ina, blato itd. koji mo\u017ee iza\u0107i iz prtlja\u017enika. Sprje\u010dava tvarima da zagade va\u0161e vozilo.<\/p>\n<p>\u2013 Osigurava da je prtlja\u017enik va\u0161eg vozila \u010dist i uredan.<\/p>\n<p>\u2013 Ne stvrdnjava i ne puca na hladnom i vru\u0107em vremenu.<\/p>\n<p>&#8211; Zahvaljuju\u0107i svom neklizaju\u0107em materijalu, spre\u010dava da stvari koje stavite u svoj prtljag ne lutaju.<\/p>\n<p>\u2013 Prakti\u010dno i lako se pere i brzo se su\u0161i.<\/p>\n<p>&#8211; Svojim elegantnim dizajnom dodaje estetiku prtlja\u017eniku va\u0161eg vozila.<\/p>\n<p>&#8211; Prakti\u010dan i lak na\u010din pranja, brzo se su\u0161i<\/p>\n<p>&#8211; Ne zahteva profesionalizam, li\u010dni prakti\u010dan proizvod<\/p>\n<p>\u2013 Radi se o originalnom proizvodu koji je u potpunosti kompatibilan sa modelom vozila.<\/p>\n","protected":false},"featured_media":93463,"comment_status":"open","ping_status":"closed","template":"","meta":{"_acf_changed":false,"inline_featured_image":false},"product_brand":[],"product_cat":[161],"product_tag":[],"class_list":{"0":"post-93462","1":"product","2":"type-product","3":"status-publish","4":"has-post-thumbnail","6":"product_cat-podmetaci-za-gepek-tipski","7":"pa_brend-volkswagen","9":"first","10":"instock","11":"taxable","12":"shipping-taxable","13":"purchasable","14":"product-type-simple"},"acf":[],"custom_product_id":"11837","_links":{"self":[{"href":"https:\/\/autostil.ba\/maloprodaja\/wp-json\/wp\/v2\/product\/93462","targetHints":{"allow":["GET"]}}],"collection":[{"href":"https:\/\/autostil.ba\/maloprodaja\/wp-json\/wp\/v2\/product"}],"about":[{"href":"https:\/\/autostil.ba\/maloprodaja\/wp-json\/wp\/v2\/types\/product"}],"replies":[{"embeddable":true,"href":"https:\/\/autostil.ba\/maloprodaja\/wp-json\/wp\/v2\/comments?post=93462"}],"version-history":[{"count":1,"href":"https:\/\/autostil.ba\/maloprodaja\/wp-json\/wp\/v2\/product\/93462\/revisions"}],"predecessor-version":[{"id":93464,"href":"https:\/\/autostil.ba\/maloprodaja\/wp-json\/wp\/v2\/product\/93462\/revisions\/93464"}],"wp:featuredmedia":[{"embeddable":true,"href":"https:\/\/autostil.ba\/maloprodaja\/wp-json\/wp\/v2\/media\/93463"}],"wp:attachment":[{"href":"https:\/\/autostil.ba\/maloprodaja\/wp-json\/wp\/v2\/media?parent=93462"}],"wp:term":[{"taxonomy":"product_brand","embeddable":true,"href":"https:\/\/autostil.ba\/maloprodaja\/wp-json\/wp\/v2\/product_brand?post=93462"},{"taxonomy":"product_cat","embeddable":true,"href":"https:\/\/autostil.ba\/maloprodaja\/wp-json\/wp\/v2\/product_cat?post=93462"},{"taxonomy":"product_tag","embeddable":true,"href":"https:\/\/autostil.ba\/maloprodaja\/wp-json\/wp\/v2\/product_tag?post=93462"}],"curies":[{"name":"wp","href":"https:\/\/api.w.org\/{rel}","templated":true}]}}

PODMETAČ ZA GEPEK TIPSKI VW GOLF V HB 2003-2009 (RIZLINE)

<p>KARAKTERISTIKE PROIZVODA:</p>
<p>– Posjeduje zdravstveno-higijenski certifikat i certifikat o usklađenosti.</p>
<p>– Ne izaziva alergije.</p>
<p>– Ne miriše.</p>
<p>– Ne deformiše se</p>
<p>– Napravljen od ekološkog, prirodnog materijala koji se može reciklirati.</p>
<p>– Izrađen je od visokokvalitetnog materijala visoke postojanosti od 50°C do +80°C, koji se sam ne oslobađa.</p>
<p>– Ne gubi oblik.</p>
<p>– Dubina: 3 – 5 cm. (zavisi od modela vozila)</p>
<p>– Debljina: 1,1-1,7 mm</p>
<p>Zahvaljujući robusnoj strukturi karoserije, otporan je na sunčevu svetlost, ogrebotine, toplotu, hladnoću i vodu.</p>
<p>– Zahvaljujući izbočenju barijere od otprilike 3-5 cm na bočnim površinama bazena za prtljag, zaštićena je voda, prašina, blato itd. koji može izaći iz prtljažnika. Sprječava tvarima da zagade vaše vozilo.</p>
<p>– Osigurava da je prtljažnik vašeg vozila čist i uredan.</p>
<p>– Ne stvrdnjava i ne puca na hladnom i vrućem vremenu.</p>
<p>&#8211; Zahvaljujući svom neklizajućem materijalu, sprečava da stvari koje stavite u svoj prtljag ne lutaju.</p>
<p>– Praktično i lako se pere i brzo se suši.</p>
<p>&#8211; Svojim elegantnim dizajnom dodaje estetiku prtljažniku vašeg vozila.</p>
<p>&#8211; Praktičan i lak način pranja, brzo se suši</p>
<p>&#8211; Ne zahteva profesionalizam, lični praktičan proizvod</p>
<p>– Radi se o originalnom proizvodu koji je u potpunosti kompatibilan sa modelom vozila.</p>
