{"id":793057116,"date":"2026-03-06T11:44:39","date_gmt":"2026-03-06T09:44:39","guid":{"rendered":"https:\/\/autostil.ba\/maloprodaja\/?post_type=product&#038;p=793057116"},"modified":"2026-04-08T12:50:03","modified_gmt":"2026-04-08T10:50:03","slug":"amblemi-za-ratkape-skoda-crni-fi76mm-set-4-komada","status":"publish","type":"product","link":"https:\/\/autostil.ba\/maloprodaja\/proizvod\/15493\/amblemi-za-ratkape-skoda-crni-fi76mm-set-4-komada\/","title":{"rendered":"AMBLEMI ZA RATKAPE \u0160KODA CRNI FI76mm (SET 4 KOMADA)"},"content":{"rendered":"","protected":false},"excerpt":{"rendered":"<p>Amblemi specifi\u010dno namjnjeni za SJS ratkape, pre\u010dnik 76mm. Nisu samoljepljivi, u setu ratkapa se dobiju prstenovi pomo\u0107u kojih se amblemi pri\u010dvrste na ratkape sistemom klik-klak.<\/p>\n<p><strong>Napomena:<\/strong>\u00a0<strong>Uz svaki kupljeni set ratkapa se dobije besplatno set amblema po \u017eelji !!<\/strong><\/p>\n","protected":false},"featured_media":793057118,"comment_status":"open","ping_status":"closed","template":"","meta":{"_acf_changed":false,"inline_featured_image":false},"product_brand":[],"product_cat":[179],"product_tag":[],"class_list":{"0":"post-793057116","1":"product","2":"type-product","3":"status-publish","4":"has-post-thumbnail","6":"product_cat-amblemi-za-ratkape","8":"first","9":"instock","10":"taxable","11":"shipping-taxable","12":"purchasable","13":"product-type-simple"},"acf":[],"custom_product_id":"15493","_links":{"self":[{"href":"https:\/\/autostil.ba\/maloprodaja\/wp-json\/wp\/v2\/product\/793057116","targetHints":{"allow":["GET"]}}],"collection":[{"href":"https:\/\/autostil.ba\/maloprodaja\/wp-json\/wp\/v2\/product"}],"about":[{"href":"https:\/\/autostil.ba\/maloprodaja\/wp-json\/wp\/v2\/types\/product"}],"replies":[{"embeddable":true,"href":"https:\/\/autostil.ba\/maloprodaja\/wp-json\/wp\/v2\/comments?post=793057116"}],"version-history":[{"count":1,"href":"https:\/\/autostil.ba\/maloprodaja\/wp-json\/wp\/v2\/product\/793057116\/revisions"}],"predecessor-version":[{"id":793057117,"href":"https:\/\/autostil.ba\/maloprodaja\/wp-json\/wp\/v2\/product\/793057116\/revisions\/793057117"}],"wp:featuredmedia":[{"embeddable":true,"href":"https:\/\/autostil.ba\/maloprodaja\/wp-json\/wp\/v2\/media\/793057118"}],"wp:attachment":[{"href":"https:\/\/autostil.ba\/maloprodaja\/wp-json\/wp\/v2\/media?parent=793057116"}],"wp:term":[{"taxonomy":"product_brand","embeddable":true,"href":"https:\/\/autostil.ba\/maloprodaja\/wp-json\/wp\/v2\/product_brand?post=793057116"},{"taxonomy":"product_cat","embeddable":true,"href":"https:\/\/autostil.ba\/maloprodaja\/wp-json\/wp\/v2\/product_cat?post=793057116"},{"taxonomy":"product_tag","embeddable":true,"href":"https:\/\/autostil.ba\/maloprodaja\/wp-json\/wp\/v2\/product_tag?post=793057116"}],"curies":[{"name":"wp","href":"https:\/\/api.w.org\/{rel}","templated":true}]}}