{"id":793055549,"date":"2026-03-20T12:46:45","date_gmt":"2026-03-20T10:46:45","guid":{"rendered":"https:\/\/autostil.ba\/maloprodaja\/?post_type=product&#038;p=793055549"},"modified":"2026-04-08T12:48:22","modified_gmt":"2026-04-08T10:48:22","slug":"dzek-sa-kablom-h8-h9-h11","status":"publish","type":"product","link":"https:\/\/autostil.ba\/maloprodaja\/proizvod\/15321\/dzek-sa-kablom-h8-h9-h11\/","title":{"rendered":"D\u017dEK SA KABLOM (H8\/H9\/H11)"},"content":{"rendered":"","protected":false},"excerpt":{"rendered":"<p><strong>Opis proizvoda:<\/strong><\/p>\n<p>KERAMI\u010cKI RAVNI KONEKTOR H8\/H9\/H11 SET OD 2 KOMADA<\/p>\n<p>-Grlo je izra\u0111eno od kerami\u010dkog materijala otpornog na visoke temperature. Ima robusni izolacijski poklopac. Monta\u017ene kocke sa \u017eicama za halogene sijalice tipa H8\/H9\/H11 (za vozila sa napajanjem 12\/24V).<\/p>\n<p>-Dizajnirane za sve farove i lampe vozila sa sijalicama tipa H8\/H9\/H11 kako bi se omogu\u0107ila ugradnja elektri\u010dnog sistema ili zamjena ve\u0107 kori\u0161tene kocke.<\/p>\n<p><strong>PREDNOSTI:<\/strong><\/p>\n<p>-Keramika za 100% otpornost na pregorijevanje<\/p>\n<p>-Ku\u0107i\u0161te od tvrde plastike otporno na izuzetno visoke temperature<\/p>\n<p>-Izra\u0111eno od najkvalitetnijih materijala<\/p>\n<p>-Opremljeno fleksibilnim, mekim silikonskim cijevima<\/p>\n<p>-Sve garantuje dugogodi\u0161nju upotrebu bez problema.<\/p>\n","protected":false},"featured_media":793055551,"comment_status":"open","ping_status":"closed","template":"","meta":{"_acf_changed":false,"inline_featured_image":false},"product_brand":[],"product_cat":[57],"product_tag":[],"class_list":{"0":"post-793055549","1":"product","2":"type-product","3":"status-publish","4":"has-post-thumbnail","6":"product_cat-dzekovi-grla-instalacije-ponistavaci-greske","8":"first","9":"instock","10":"taxable","11":"shipping-taxable","12":"purchasable","13":"product-type-simple"},"acf":[],"custom_product_id":"15321","_links":{"self":[{"href":"https:\/\/autostil.ba\/maloprodaja\/wp-json\/wp\/v2\/product\/793055549","targetHints":{"allow":["GET"]}}],"collection":[{"href":"https:\/\/autostil.ba\/maloprodaja\/wp-json\/wp\/v2\/product"}],"about":[{"href":"https:\/\/autostil.ba\/maloprodaja\/wp-json\/wp\/v2\/types\/product"}],"replies":[{"embeddable":true,"href":"https:\/\/autostil.ba\/maloprodaja\/wp-json\/wp\/v2\/comments?post=793055549"}],"version-history":[{"count":1,"href":"https:\/\/autostil.ba\/maloprodaja\/wp-json\/wp\/v2\/product\/793055549\/revisions"}],"predecessor-version":[{"id":793055550,"href":"https:\/\/autostil.ba\/maloprodaja\/wp-json\/wp\/v2\/product\/793055549\/revisions\/793055550"}],"wp:featuredmedia":[{"embeddable":true,"href":"https:\/\/autostil.ba\/maloprodaja\/wp-json\/wp\/v2\/media\/793055551"}],"wp:attachment":[{"href":"https:\/\/autostil.ba\/maloprodaja\/wp-json\/wp\/v2\/media?parent=793055549"}],"wp:term":[{"taxonomy":"product_brand","embeddable":true,"href":"https:\/\/autostil.ba\/maloprodaja\/wp-json\/wp\/v2\/product_brand?post=793055549"},{"taxonomy":"product_cat","embeddable":true,"href":"https:\/\/autostil.ba\/maloprodaja\/wp-json\/wp\/v2\/product_cat?post=793055549"},{"taxonomy":"product_tag","embeddable":true,"href":"https:\/\/autostil.ba\/maloprodaja\/wp-json\/wp\/v2\/product_tag?post=793055549"}],"curies":[{"name":"wp","href":"https:\/\/api.w.org\/{rel}","templated":true}]}}