{"id":793055545,"date":"2025-12-01T18:31:21","date_gmt":"2025-12-01T16:31:21","guid":{"rendered":"https:\/\/autostil.ba\/maloprodaja\/?post_type=product&#038;p=793055545"},"modified":"2026-04-08T12:48:23","modified_gmt":"2026-04-08T10:48:23","slug":"kamera-za-voznju-u-nazad-sa-nocnim-rezimom-hd-305-led","status":"publish","type":"product","link":"https:\/\/autostil.ba\/maloprodaja\/proizvod\/15322\/kamera-za-voznju-u-nazad-sa-nocnim-rezimom-hd-305-led\/","title":{"rendered":"KAMERA ZA VO\u017dNJU U NAZAD SA NO\u0106NIM RE\u017dIMOM HD-305 LED"},"content":{"rendered":"","protected":false},"excerpt":{"rendered":"<p><strong>Opis proizvoda:<\/strong><\/p>\n<p>Kamera za vo\u017enju unazad HD-305 LED 18 mm sa funkcijom &#8220;No\u0107ni vid&#8221;.<\/p>\n<p><strong>U setu:<\/strong><\/p>\n<p>&#8211; Kamera sa LED osvjetljenjem (du\u017eina kabla 50 cm)<\/p>\n<p>&#8211; signalni kabl 6 m<\/p>\n<p>&#8211; kabl za napajanje 1 m<\/p>\n<p>&#8211; kru\u017ena pila 18 mm<\/p>\n<p><strong>Specifikacije:<\/strong><\/p>\n<p>Napon: 12V DC<\/p>\n<p>Rezolucija: HD 720p<\/p>\n<p>Ugao vidljivosti: 50\u00b0<\/p>\n<p>No\u0107no osvjetljenje: LED diode<\/p>\n<p>Slika: inverzna<\/p>\n<p>Radna struja: 50-200mA<\/p>\n<p>Radna temperatura: -30\u00b0C &#8211; +70\u00b0C<\/p>\n<p>Pre\u010dnik monta\u017ee: 18 mm<\/p>\n<p>Dimenzije: 26 x 30 x 30 mm<\/p>\n<p>Sistem: NTSC.<\/p>\n","protected":false},"featured_media":793055547,"comment_status":"open","ping_status":"closed","template":"","meta":{"_acf_changed":false,"inline_featured_image":false},"product_brand":[],"product_cat":[148],"product_tag":[],"class_list":{"0":"post-793055545","1":"product","2":"type-product","3":"status-publish","4":"has-post-thumbnail","6":"product_cat-kamere-i-monitori","8":"first","9":"instock","10":"taxable","11":"shipping-taxable","12":"purchasable","13":"product-type-simple"},"acf":[],"custom_product_id":"15322","_links":{"self":[{"href":"https:\/\/autostil.ba\/maloprodaja\/wp-json\/wp\/v2\/product\/793055545","targetHints":{"allow":["GET"]}}],"collection":[{"href":"https:\/\/autostil.ba\/maloprodaja\/wp-json\/wp\/v2\/product"}],"about":[{"href":"https:\/\/autostil.ba\/maloprodaja\/wp-json\/wp\/v2\/types\/product"}],"replies":[{"embeddable":true,"href":"https:\/\/autostil.ba\/maloprodaja\/wp-json\/wp\/v2\/comments?post=793055545"}],"version-history":[{"count":1,"href":"https:\/\/autostil.ba\/maloprodaja\/wp-json\/wp\/v2\/product\/793055545\/revisions"}],"predecessor-version":[{"id":793055546,"href":"https:\/\/autostil.ba\/maloprodaja\/wp-json\/wp\/v2\/product\/793055545\/revisions\/793055546"}],"wp:featuredmedia":[{"embeddable":true,"href":"https:\/\/autostil.ba\/maloprodaja\/wp-json\/wp\/v2\/media\/793055547"}],"wp:attachment":[{"href":"https:\/\/autostil.ba\/maloprodaja\/wp-json\/wp\/v2\/media?parent=793055545"}],"wp:term":[{"taxonomy":"product_brand","embeddable":true,"href":"https:\/\/autostil.ba\/maloprodaja\/wp-json\/wp\/v2\/product_brand?post=793055545"},{"taxonomy":"product_cat","embeddable":true,"href":"https:\/\/autostil.ba\/maloprodaja\/wp-json\/wp\/v2\/product_cat?post=793055545"},{"taxonomy":"product_tag","embeddable":true,"href":"https:\/\/autostil.ba\/maloprodaja\/wp-json\/wp\/v2\/product_tag?post=793055545"}],"curies":[{"name":"wp","href":"https:\/\/api.w.org\/{rel}","templated":true}]}}