{"id":793055535,"date":"2025-12-01T18:46:24","date_gmt":"2025-12-01T16:46:24","guid":{"rendered":"https:\/\/autostil.ba\/maloprodaja\/?post_type=product&#038;p=793055535"},"modified":"2026-04-08T12:48:23","modified_gmt":"2026-04-08T10:48:23","slug":"parking-senzori-crni-sa-zvukom-zadnji-4-senzora-amio","status":"publish","type":"product","link":"https:\/\/autostil.ba\/maloprodaja\/proizvod\/15325\/parking-senzori-crni-sa-zvukom-zadnji-4-senzora-amio\/","title":{"rendered":"PARKING SENZORI CRNI SA ZVUKOM ZADNJI (4 SENZORA) AMIO"},"content":{"rendered":"","protected":false},"excerpt":{"rendered":"<p><strong>Opis proizvoda:<\/strong><\/p>\n<p>Sistem za pomo\u0107 pri parkiranju je ure\u0111aj koji podr\u017eava parkiranje i vo\u017enju automobila unazad. Radi na principu sonara &#8211; emituje ultrazvu\u010dne talase koji nam omogu\u0107avaju, nakon refleksije od prepreke, da zaklju\u010dimo koja je udaljenost izme\u0111u automobila i prepreke. U trenutku povla\u010denja, ure\u0111aj ispravno detektuje prepreke i upozorava voza\u010da.<\/p>\n<p>Zujalica mo\u017ee raditi u 3 zvu\u010dna re\u017eima: visoka, niska i potpuno tiha. Promjena re\u017eima se vr\u0161i pomo\u0107u malog prekida\u010da u ku\u0107i\u0161tu.<\/p>\n<p><strong>Set uklju\u010duje:<\/strong><\/p>\n<ul>\n<li>4 crna senzora \u00f8 22 mm<\/li>\n<li>\u00a0zujalica &#8211; emituje zvu\u010dne signale<\/li>\n<li>glavnu jedinicu<\/li>\n<li>kru\u017enu pilu za bu\u0161enje rupa u braniku<\/li>\n<li>uputstvo za upotrebu<\/li>\n<\/ul>\n<p><strong>Potpuna specifikacija:<\/strong><\/p>\n<p>Domet\/radna osjetljivost: 0-2,5m<\/p>\n<p>Napajanje: 12V<\/p>\n<p>Radna frekvencija: 40KHz<\/p>\n<p>Radna temperatura: -30\u00b0C &#8211; +70\u00b0C.<\/p>\n","protected":false},"featured_media":793055537,"comment_status":"open","ping_status":"closed","template":"","meta":{"_acf_changed":false,"inline_featured_image":false},"product_brand":[],"product_cat":[137],"product_tag":[],"class_list":{"0":"post-793055535","1":"product","2":"type-product","3":"status-publish","4":"has-post-thumbnail","6":"product_cat-parking-senzori","8":"first","9":"instock","10":"taxable","11":"shipping-taxable","12":"purchasable","13":"product-type-simple"},"acf":[],"custom_product_id":"15325","_links":{"self":[{"href":"https:\/\/autostil.ba\/maloprodaja\/wp-json\/wp\/v2\/product\/793055535","targetHints":{"allow":["GET"]}}],"collection":[{"href":"https:\/\/autostil.ba\/maloprodaja\/wp-json\/wp\/v2\/product"}],"about":[{"href":"https:\/\/autostil.ba\/maloprodaja\/wp-json\/wp\/v2\/types\/product"}],"replies":[{"embeddable":true,"href":"https:\/\/autostil.ba\/maloprodaja\/wp-json\/wp\/v2\/comments?post=793055535"}],"version-history":[{"count":1,"href":"https:\/\/autostil.ba\/maloprodaja\/wp-json\/wp\/v2\/product\/793055535\/revisions"}],"predecessor-version":[{"id":793055536,"href":"https:\/\/autostil.ba\/maloprodaja\/wp-json\/wp\/v2\/product\/793055535\/revisions\/793055536"}],"wp:featuredmedia":[{"embeddable":true,"href":"https:\/\/autostil.ba\/maloprodaja\/wp-json\/wp\/v2\/media\/793055537"}],"wp:attachment":[{"href":"https:\/\/autostil.ba\/maloprodaja\/wp-json\/wp\/v2\/media?parent=793055535"}],"wp:term":[{"taxonomy":"product_brand","embeddable":true,"href":"https:\/\/autostil.ba\/maloprodaja\/wp-json\/wp\/v2\/product_brand?post=793055535"},{"taxonomy":"product_cat","embeddable":true,"href":"https:\/\/autostil.ba\/maloprodaja\/wp-json\/wp\/v2\/product_cat?post=793055535"},{"taxonomy":"product_tag","embeddable":true,"href":"https:\/\/autostil.ba\/maloprodaja\/wp-json\/wp\/v2\/product_tag?post=793055535"}],"curies":[{"name":"wp","href":"https:\/\/api.w.org\/{rel}","templated":true}]}}