{"id":793055518,"date":"2025-12-01T19:19:41","date_gmt":"2025-12-01T17:19:41","guid":{"rendered":"https:\/\/autostil.ba\/maloprodaja\/?post_type=product&#038;p=793055518"},"modified":"2026-04-08T12:48:29","modified_gmt":"2026-04-08T10:48:29","slug":"klema-sigurnosna-on-off-300a","status":"publish","type":"product","link":"https:\/\/autostil.ba\/maloprodaja\/proizvod\/15330\/klema-sigurnosna-on-off-300a\/","title":{"rendered":"KLEMA SIGURNOSNA &#8211; ON\/OFF 300A"},"content":{"rendered":"","protected":false},"excerpt":{"rendered":"<p><strong>Opis proizvoda:<\/strong><\/p>\n<p>PREKIDA\u010c ZA UZEMLJENJE AKUMULATORA SA PETNOM STEZALJKOM 500A<\/p>\n<p>Dizajniran za sve standardne negativne terminale automobilskih akumulatora \u00d817,5 mm<\/p>\n<p>Dizajniran za isklju\u010divanje struje iz akumulatora. Jedan okret plasti\u010dne ru\u010dke je dovoljan za neutralizaciju struje, \u0161to zauzvrat \u0161titi akumulator od pra\u017enjenja.<\/p>\n<p>Izuzetno jednostavno &#8211; jednostavno isklju\u010dite minus stezaljku, postavite prekida\u010d na njegovo mjesto, a zatim uklju\u010dite uklonjenu stezaljku na predvi\u0111eno mjesto.<\/p>\n<p><strong>Specifikacije:<\/strong><\/p>\n<p>-napajanje: 12\/24V<\/p>\n<p>-maksimalni trajni kapacitet: 125A<\/p>\n<p>-maksimalni trenutni kapacitet: 500A<\/p>\n<p>-dimenzije: 85 x 35 mm<\/p>\n<p>-polaritet: negativan<\/p>\n<p>-univerzalnost i \u0161irok raspon primjena<\/p>\n<p>-visokokvalitetna izrada<\/p>\n<p>-jednostavna i brza instalacija.<\/p>\n","protected":false},"featured_media":793055520,"comment_status":"open","ping_status":"closed","template":"","meta":{"_acf_changed":false,"inline_featured_image":false},"product_brand":[],"product_cat":[47],"product_tag":[],"class_list":{"0":"post-793055518","1":"product","2":"type-product","3":"status-publish","4":"has-post-thumbnail","6":"product_cat-start-kablovi-i-kleme","8":"first","9":"instock","10":"taxable","11":"shipping-taxable","12":"purchasable","13":"product-type-simple"},"acf":[],"custom_product_id":"15330","_links":{"self":[{"href":"https:\/\/autostil.ba\/maloprodaja\/wp-json\/wp\/v2\/product\/793055518","targetHints":{"allow":["GET"]}}],"collection":[{"href":"https:\/\/autostil.ba\/maloprodaja\/wp-json\/wp\/v2\/product"}],"about":[{"href":"https:\/\/autostil.ba\/maloprodaja\/wp-json\/wp\/v2\/types\/product"}],"replies":[{"embeddable":true,"href":"https:\/\/autostil.ba\/maloprodaja\/wp-json\/wp\/v2\/comments?post=793055518"}],"version-history":[{"count":1,"href":"https:\/\/autostil.ba\/maloprodaja\/wp-json\/wp\/v2\/product\/793055518\/revisions"}],"predecessor-version":[{"id":793055519,"href":"https:\/\/autostil.ba\/maloprodaja\/wp-json\/wp\/v2\/product\/793055518\/revisions\/793055519"}],"wp:featuredmedia":[{"embeddable":true,"href":"https:\/\/autostil.ba\/maloprodaja\/wp-json\/wp\/v2\/media\/793055520"}],"wp:attachment":[{"href":"https:\/\/autostil.ba\/maloprodaja\/wp-json\/wp\/v2\/media?parent=793055518"}],"wp:term":[{"taxonomy":"product_brand","embeddable":true,"href":"https:\/\/autostil.ba\/maloprodaja\/wp-json\/wp\/v2\/product_brand?post=793055518"},{"taxonomy":"product_cat","embeddable":true,"href":"https:\/\/autostil.ba\/maloprodaja\/wp-json\/wp\/v2\/product_cat?post=793055518"},{"taxonomy":"product_tag","embeddable":true,"href":"https:\/\/autostil.ba\/maloprodaja\/wp-json\/wp\/v2\/product_tag?post=793055518"}],"curies":[{"name":"wp","href":"https:\/\/api.w.org\/{rel}","templated":true}]}}