{"id":793054439,"date":"2025-10-11T13:57:37","date_gmt":"2025-10-11T11:57:37","guid":{"rendered":"https:\/\/autostil.ba\/maloprodaja\/?post_type=product&#038;p=793054439"},"modified":"2026-04-13T16:00:21","modified_gmt":"2026-04-13T14:00:21","slug":"detailing-krpe-sive-mikrofiber-besavne-200-g-m2-30x30cm-30-1-set","status":"publish","type":"product","link":"https:\/\/autostil.ba\/maloprodaja\/proizvod\/15246\/detailing-krpe-sive-mikrofiber-besavne-200-g-m2-30x30cm-30-1-set\/","title":{"rendered":"DETAILING KRPE SIVE MIKROFIBER BE\u0160AVNE 200 g\/m2 30x30cm 30\/1 SET"},"content":{"rendered":"","protected":false},"excerpt":{"rendered":"<p>X-TISSUES GREY je set od 30 be\u0161avnih mikrofiber krpa dizajniranih za brzo i precizno \u010di\u0161\u0107enje. Njihova nje\u017ena tekstura \u010dini ih idealnim za detaljno \u010di\u0161\u0107enje unutra\u0161njosti i vanj\u0161tine va\u0161eg automobila.<br \/>\nBe\u0161avni dizajn \u010dini ih sigurnim \u010dak i za najosjetljivije povr\u0161ine, poput Piano Black, elimini\u0161u\u0107i rizik od grebanja. Savr\u0161ene su za nano\u0161enje sredstava za poliranje na te\u0161ko dostupna mjesta, impregnaciju felgi ili uop\u0161te \u010di\u0161\u0107enje.<br \/>\nTe\u017eina od 200 g\/m2 osigurava adekvatnu upojnost i u\u010dinkovitost. Ovaj prakti\u010dni alat savr\u0161en je za svakoga ko cijeni brze i precizne rezultate u njezi automobila.<\/p>\n","protected":false},"featured_media":793054441,"comment_status":"open","ping_status":"closed","template":"","meta":{"_acf_changed":false,"inline_featured_image":false},"product_brand":[],"product_cat":[164],"product_tag":[],"class_list":{"0":"post-793054439","1":"product","2":"type-product","3":"status-publish","4":"has-post-thumbnail","6":"product_cat-car-detailing","8":"first","9":"instock","10":"taxable","11":"shipping-taxable","12":"purchasable","13":"product-type-simple"},"acf":[],"custom_product_id":"15246","_links":{"self":[{"href":"https:\/\/autostil.ba\/maloprodaja\/wp-json\/wp\/v2\/product\/793054439","targetHints":{"allow":["GET"]}}],"collection":[{"href":"https:\/\/autostil.ba\/maloprodaja\/wp-json\/wp\/v2\/product"}],"about":[{"href":"https:\/\/autostil.ba\/maloprodaja\/wp-json\/wp\/v2\/types\/product"}],"replies":[{"embeddable":true,"href":"https:\/\/autostil.ba\/maloprodaja\/wp-json\/wp\/v2\/comments?post=793054439"}],"version-history":[{"count":1,"href":"https:\/\/autostil.ba\/maloprodaja\/wp-json\/wp\/v2\/product\/793054439\/revisions"}],"predecessor-version":[{"id":793054440,"href":"https:\/\/autostil.ba\/maloprodaja\/wp-json\/wp\/v2\/product\/793054439\/revisions\/793054440"}],"wp:featuredmedia":[{"embeddable":true,"href":"https:\/\/autostil.ba\/maloprodaja\/wp-json\/wp\/v2\/media\/793054441"}],"wp:attachment":[{"href":"https:\/\/autostil.ba\/maloprodaja\/wp-json\/wp\/v2\/media?parent=793054439"}],"wp:term":[{"taxonomy":"product_brand","embeddable":true,"href":"https:\/\/autostil.ba\/maloprodaja\/wp-json\/wp\/v2\/product_brand?post=793054439"},{"taxonomy":"product_cat","embeddable":true,"href":"https:\/\/autostil.ba\/maloprodaja\/wp-json\/wp\/v2\/product_cat?post=793054439"},{"taxonomy":"product_tag","embeddable":true,"href":"https:\/\/autostil.ba\/maloprodaja\/wp-json\/wp\/v2\/product_tag?post=793054439"}],"curies":[{"name":"wp","href":"https:\/\/api.w.org\/{rel}","templated":true}]}}