{"id":793054424,"date":"2026-02-03T10:39:32","date_gmt":"2026-02-03T08:39:32","guid":{"rendered":"https:\/\/autostil.ba\/maloprodaja\/?post_type=product&#038;p=793054424"},"modified":"2026-04-08T12:47:40","modified_gmt":"2026-04-08T10:47:40","slug":"detailing-krpa-mikrofiber-za-prozore-x-waffle-360-g-m2-40x40cm","status":"publish","type":"product","link":"https:\/\/autostil.ba\/maloprodaja\/proizvod\/15251\/detailing-krpa-mikrofiber-za-prozore-x-waffle-360-g-m2-40x40cm\/","title":{"rendered":"DETAILING KRPA MIKROFIBER ZA PROZORE X-WAFFLE 360 g\/m2 40X40cm"},"content":{"rendered":"","protected":false},"excerpt":{"rendered":"<p>X-WAFFLE GLASS 360 je mikrofiber sa posebnom vafl strukturom koja se isti\u010de u uklanjanju prljav\u0161tine i naslaga sa prozora i ogledala. Osigurava \u010disto\u0107u bez pruga, refleksija, vlakana ili ru\u017enih tragova.<br \/>\nMo\u017ee se koristiti i suvo i mokro, \u0161to ga \u010dini izuzetno svestranim alatom. U kombinaciji sa namjenskim sredstvom za \u010di\u0161\u0107enje stakla, \u010di\u0161\u0107enje \u010dini jo\u0161 lak\u0161im i garantuje savr\u0161ene rezultate. Te\u017eina od 360 g\/m2 osigurava upijanje i efikasno uklanjanje prljav\u0161tine.<\/p>\n","protected":false},"featured_media":793054426,"comment_status":"open","ping_status":"closed","template":"","meta":{"_acf_changed":false,"inline_featured_image":false},"product_brand":[],"product_cat":[164],"product_tag":[],"class_list":{"0":"post-793054424","1":"product","2":"type-product","3":"status-publish","4":"has-post-thumbnail","6":"product_cat-car-detailing","8":"first","9":"instock","10":"taxable","11":"shipping-taxable","12":"purchasable","13":"product-type-simple"},"acf":[],"custom_product_id":"15251","_links":{"self":[{"href":"https:\/\/autostil.ba\/maloprodaja\/wp-json\/wp\/v2\/product\/793054424","targetHints":{"allow":["GET"]}}],"collection":[{"href":"https:\/\/autostil.ba\/maloprodaja\/wp-json\/wp\/v2\/product"}],"about":[{"href":"https:\/\/autostil.ba\/maloprodaja\/wp-json\/wp\/v2\/types\/product"}],"replies":[{"embeddable":true,"href":"https:\/\/autostil.ba\/maloprodaja\/wp-json\/wp\/v2\/comments?post=793054424"}],"version-history":[{"count":1,"href":"https:\/\/autostil.ba\/maloprodaja\/wp-json\/wp\/v2\/product\/793054424\/revisions"}],"predecessor-version":[{"id":793054425,"href":"https:\/\/autostil.ba\/maloprodaja\/wp-json\/wp\/v2\/product\/793054424\/revisions\/793054425"}],"wp:featuredmedia":[{"embeddable":true,"href":"https:\/\/autostil.ba\/maloprodaja\/wp-json\/wp\/v2\/media\/793054426"}],"wp:attachment":[{"href":"https:\/\/autostil.ba\/maloprodaja\/wp-json\/wp\/v2\/media?parent=793054424"}],"wp:term":[{"taxonomy":"product_brand","embeddable":true,"href":"https:\/\/autostil.ba\/maloprodaja\/wp-json\/wp\/v2\/product_brand?post=793054424"},{"taxonomy":"product_cat","embeddable":true,"href":"https:\/\/autostil.ba\/maloprodaja\/wp-json\/wp\/v2\/product_cat?post=793054424"},{"taxonomy":"product_tag","embeddable":true,"href":"https:\/\/autostil.ba\/maloprodaja\/wp-json\/wp\/v2\/product_tag?post=793054424"}],"curies":[{"name":"wp","href":"https:\/\/api.w.org\/{rel}","templated":true}]}}