{"id":793054418,"date":"2025-10-11T14:19:55","date_gmt":"2025-10-11T12:19:55","guid":{"rendered":"https:\/\/autostil.ba\/maloprodaja\/?post_type=product&#038;p=793054418"},"modified":"2026-04-08T12:47:40","modified_gmt":"2026-04-08T10:47:40","slug":"detailing-krpa-mikrofiber-x-twist-1200-g-m2-60x90cm-za-posusivanje","status":"publish","type":"product","link":"https:\/\/autostil.ba\/maloprodaja\/proizvod\/15253\/detailing-krpa-mikrofiber-x-twist-1200-g-m2-60x90cm-za-posusivanje\/","title":{"rendered":"DETAILING KRPA MIKROFIBER X-TWIST 1200 g\/m2 60X90cm (ZA POSU\u0160IVANJE)"},"content":{"rendered":"","protected":false},"excerpt":{"rendered":"<p>X-TWIST RED 1200 XL je velika krpa od mikrovlakana dimenzija 60&#215;90 cm, kreirana s inovativnim tkanjem vlakana TWISTED PILE, koje garantuje brzo i efikasno su\u0161enje automobila.<br \/>\nZahvaljuju\u0107i uvijenim \u010dekinjama, savr\u0161eno upija vodu, ostavljaju\u0107i lak suhim, bez tragova i ogrebotina. Izuzetno je nje\u017ena prema svim vrstama laka, a njena glatka tekstura omogu\u0107ava joj lako klizanje po povr\u0161ini, osiguravaju\u0107i udobnu upotrebu.<br \/>\nMikrovlakna se brzo su\u0161e, \u0161to je \u010dini prakti\u010dnim alatom. Napravljena od izdr\u017eljive mje\u0161avine 70% poliestera i 30% poliamida, s te\u017einom od 1200 g\/m2, nudi neusporedivu mo\u0107 upijanja i dugotrajnost.<\/p>\n","protected":false},"featured_media":793054420,"comment_status":"open","ping_status":"closed","template":"","meta":{"_acf_changed":false,"inline_featured_image":false},"product_brand":[],"product_cat":[164],"product_tag":[],"class_list":{"0":"post-793054418","1":"product","2":"type-product","3":"status-publish","4":"has-post-thumbnail","6":"product_cat-car-detailing","8":"first","9":"instock","10":"taxable","11":"shipping-taxable","12":"purchasable","13":"product-type-simple"},"acf":[],"custom_product_id":"15253","_links":{"self":[{"href":"https:\/\/autostil.ba\/maloprodaja\/wp-json\/wp\/v2\/product\/793054418","targetHints":{"allow":["GET"]}}],"collection":[{"href":"https:\/\/autostil.ba\/maloprodaja\/wp-json\/wp\/v2\/product"}],"about":[{"href":"https:\/\/autostil.ba\/maloprodaja\/wp-json\/wp\/v2\/types\/product"}],"replies":[{"embeddable":true,"href":"https:\/\/autostil.ba\/maloprodaja\/wp-json\/wp\/v2\/comments?post=793054418"}],"version-history":[{"count":1,"href":"https:\/\/autostil.ba\/maloprodaja\/wp-json\/wp\/v2\/product\/793054418\/revisions"}],"predecessor-version":[{"id":793054419,"href":"https:\/\/autostil.ba\/maloprodaja\/wp-json\/wp\/v2\/product\/793054418\/revisions\/793054419"}],"wp:featuredmedia":[{"embeddable":true,"href":"https:\/\/autostil.ba\/maloprodaja\/wp-json\/wp\/v2\/media\/793054420"}],"wp:attachment":[{"href":"https:\/\/autostil.ba\/maloprodaja\/wp-json\/wp\/v2\/media?parent=793054418"}],"wp:term":[{"taxonomy":"product_brand","embeddable":true,"href":"https:\/\/autostil.ba\/maloprodaja\/wp-json\/wp\/v2\/product_brand?post=793054418"},{"taxonomy":"product_cat","embeddable":true,"href":"https:\/\/autostil.ba\/maloprodaja\/wp-json\/wp\/v2\/product_cat?post=793054418"},{"taxonomy":"product_tag","embeddable":true,"href":"https:\/\/autostil.ba\/maloprodaja\/wp-json\/wp\/v2\/product_tag?post=793054418"}],"curies":[{"name":"wp","href":"https:\/\/api.w.org\/{rel}","templated":true}]}}