{"id":793054397,"date":"2025-12-02T12:16:28","date_gmt":"2025-12-02T10:16:28","guid":{"rendered":"https:\/\/autostil.ba\/maloprodaja\/?post_type=product&#038;p=793054397"},"modified":"2026-04-08T12:47:46","modified_gmt":"2026-04-08T10:47:46","slug":"cetka-za-pranje-23cm-za-tesko-dostupna-mjesta","status":"publish","type":"product","link":"https:\/\/autostil.ba\/maloprodaja\/proizvod\/15260\/cetka-za-pranje-23cm-za-tesko-dostupna-mjesta\/","title":{"rendered":"\u010cETKA ZA PRANJE 23cm (ZA TE\u0160KO DOSTUPNA MJESTA)"},"content":{"rendered":"","protected":false},"excerpt":{"rendered":"<p>\u010cetka s tvrdim vlaknima, idealna za \u010di\u0161\u0107enje te\u0161ko dostupnih mjesta (fuge, kupaonske armature, tu\u0161 kabine ili pe\u0107nice). Tvrda najlonska vlakna otporna su na visoke i niske temperature i ku\u0107ne hemikalije.<\/p>\n","protected":false},"featured_media":793054399,"comment_status":"open","ping_status":"closed","template":"","meta":{"_acf_changed":false,"inline_featured_image":false},"product_brand":[],"product_cat":[164],"product_tag":[],"class_list":{"0":"post-793054397","1":"product","2":"type-product","3":"status-publish","4":"has-post-thumbnail","6":"product_cat-car-detailing","8":"first","9":"instock","10":"taxable","11":"shipping-taxable","12":"purchasable","13":"product-type-simple"},"acf":[],"custom_product_id":"15260","_links":{"self":[{"href":"https:\/\/autostil.ba\/maloprodaja\/wp-json\/wp\/v2\/product\/793054397","targetHints":{"allow":["GET"]}}],"collection":[{"href":"https:\/\/autostil.ba\/maloprodaja\/wp-json\/wp\/v2\/product"}],"about":[{"href":"https:\/\/autostil.ba\/maloprodaja\/wp-json\/wp\/v2\/types\/product"}],"replies":[{"embeddable":true,"href":"https:\/\/autostil.ba\/maloprodaja\/wp-json\/wp\/v2\/comments?post=793054397"}],"version-history":[{"count":1,"href":"https:\/\/autostil.ba\/maloprodaja\/wp-json\/wp\/v2\/product\/793054397\/revisions"}],"predecessor-version":[{"id":793054398,"href":"https:\/\/autostil.ba\/maloprodaja\/wp-json\/wp\/v2\/product\/793054397\/revisions\/793054398"}],"wp:featuredmedia":[{"embeddable":true,"href":"https:\/\/autostil.ba\/maloprodaja\/wp-json\/wp\/v2\/media\/793054399"}],"wp:attachment":[{"href":"https:\/\/autostil.ba\/maloprodaja\/wp-json\/wp\/v2\/media?parent=793054397"}],"wp:term":[{"taxonomy":"product_brand","embeddable":true,"href":"https:\/\/autostil.ba\/maloprodaja\/wp-json\/wp\/v2\/product_brand?post=793054397"},{"taxonomy":"product_cat","embeddable":true,"href":"https:\/\/autostil.ba\/maloprodaja\/wp-json\/wp\/v2\/product_cat?post=793054397"},{"taxonomy":"product_tag","embeddable":true,"href":"https:\/\/autostil.ba\/maloprodaja\/wp-json\/wp\/v2\/product_tag?post=793054397"}],"curies":[{"name":"wp","href":"https:\/\/api.w.org\/{rel}","templated":true}]}}