{"id":793054370,"date":"2025-10-11T12:55:44","date_gmt":"2025-10-11T10:55:44","guid":{"rendered":"https:\/\/autostil.ba\/maloprodaja\/?post_type=product&#038;p=793054370"},"modified":"2026-04-08T12:47:34","modified_gmt":"2026-04-08T10:47:34","slug":"detailing-x-hirdo-zastita-1l","status":"publish","type":"product","link":"https:\/\/autostil.ba\/maloprodaja\/proizvod\/15239\/detailing-x-hirdo-zastita-1l\/","title":{"rendered":"DETAILING X-HIRDO ZA\u0160TITA 1L"},"content":{"rendered":"","protected":false},"excerpt":{"rendered":"<p>Revolucionarni proizvod za za\u0161titu laka koji se nanosi na mokar automobil bez poliranja. Pru\u017ea dugotrajnu za\u0161titu za sve povr\u0161ine: lak, felge, staklo i plastiku, garantuju\u0107i intenzivan hidrofobni efekat i sjaj do 8 sedmica.<\/p>\n<p>Uputstvo za upotebu: Temeljito operite automobil. Poprskajte proizvod po mokroj karoseriji. Temeljito isperite \u010distom vodom pod pritiskom. Potro\u0161nja: 100 ml po automobilu.<\/p>\n<p><strong>NAPOMENA:<\/strong> Dovodi do te\u0161kog o\u0161te\u0107enja oka. Nosite za\u0161titne rukavice\/za\u0161titnu odje\u0107u\/za\u0161titu za lice. AKO DOSPIJE U O\u010cI: Pa\u017eljivo ispirati vodom nekoliko minuta. Ukloniti kontaktna so\u010diva, ukoliko postoje i ukoliko je to mogu\u0107e u\u010diniti. Nastaviti sa ispiranjem. Hitno pozvati Centar za kontrolu trovanja\/ljekara. Sadr\u017ei: Amino-alkil-polisiloksan.<\/p>\n","protected":false},"featured_media":793054372,"comment_status":"open","ping_status":"closed","template":"","meta":{"_acf_changed":false,"inline_featured_image":false},"product_brand":[],"product_cat":[164],"product_tag":[],"class_list":{"0":"post-793054370","1":"product","2":"type-product","3":"status-publish","4":"has-post-thumbnail","6":"product_cat-car-detailing","8":"first","9":"instock","10":"taxable","11":"shipping-taxable","12":"purchasable","13":"product-type-simple"},"acf":[],"custom_product_id":"15239","_links":{"self":[{"href":"https:\/\/autostil.ba\/maloprodaja\/wp-json\/wp\/v2\/product\/793054370","targetHints":{"allow":["GET"]}}],"collection":[{"href":"https:\/\/autostil.ba\/maloprodaja\/wp-json\/wp\/v2\/product"}],"about":[{"href":"https:\/\/autostil.ba\/maloprodaja\/wp-json\/wp\/v2\/types\/product"}],"replies":[{"embeddable":true,"href":"https:\/\/autostil.ba\/maloprodaja\/wp-json\/wp\/v2\/comments?post=793054370"}],"version-history":[{"count":1,"href":"https:\/\/autostil.ba\/maloprodaja\/wp-json\/wp\/v2\/product\/793054370\/revisions"}],"predecessor-version":[{"id":793054371,"href":"https:\/\/autostil.ba\/maloprodaja\/wp-json\/wp\/v2\/product\/793054370\/revisions\/793054371"}],"wp:featuredmedia":[{"embeddable":true,"href":"https:\/\/autostil.ba\/maloprodaja\/wp-json\/wp\/v2\/media\/793054372"}],"wp:attachment":[{"href":"https:\/\/autostil.ba\/maloprodaja\/wp-json\/wp\/v2\/media?parent=793054370"}],"wp:term":[{"taxonomy":"product_brand","embeddable":true,"href":"https:\/\/autostil.ba\/maloprodaja\/wp-json\/wp\/v2\/product_brand?post=793054370"},{"taxonomy":"product_cat","embeddable":true,"href":"https:\/\/autostil.ba\/maloprodaja\/wp-json\/wp\/v2\/product_cat?post=793054370"},{"taxonomy":"product_tag","embeddable":true,"href":"https:\/\/autostil.ba\/maloprodaja\/wp-json\/wp\/v2\/product_tag?post=793054370"}],"curies":[{"name":"wp","href":"https:\/\/api.w.org\/{rel}","templated":true}]}}