{"id":793052872,"date":"2025-12-10T09:44:09","date_gmt":"2025-12-10T07:44:09","guid":{"rendered":"https:\/\/autostil.ba\/maloprodaja\/?post_type=product&#038;p=793052872"},"modified":"2026-04-08T12:46:16","modified_gmt":"2026-04-08T10:46:16","slug":"liqui-moly-aditiv-protiv-smrzavanja-nafte-150ml","status":"publish","type":"product","link":"https:\/\/autostil.ba\/maloprodaja\/proizvod\/15112\/liqui-moly-aditiv-protiv-smrzavanja-nafte-150ml\/","title":{"rendered":"LIQUI MOLY ADITIV PROTIV SMRZAVANJA NAFTE 150ml"},"content":{"rendered":"","protected":false},"excerpt":{"rendered":"<p>Pove\u0107ava proto\u010dnost i filtrabilnost dizel goriva. Mo\u017ee se koristiti na temperaturama okoline do -31\u00b0C (u zavisnosti od kvaliteta dizel goriva). Osigurava pouzdanost rada svih dizel motora na niskim temperaturama. Za sve dizel motore sa i bez filtera za \u010destice dizel goriva. Testirano na turbo punja\u010d. Optimalna efikasnost samo kada se doda u rezervoar za gorivo prije nego \u0161to se zgrudva (oko 0\u00b0C). Potpuno kompatibilno sa svim konvencionalnim dizel i biodizel gorivima, kao i sa lo\u017e uljem. Sadr\u017eaj limenke je dovoljan za do 75 litara goriva. Napomena: Osjetljivo na mraz, stoga \u010duvati na temperaturi iznad 0\u00b0C!<\/p>\n","protected":false},"featured_media":793052874,"comment_status":"open","ping_status":"closed","template":"","meta":{"_acf_changed":false,"inline_featured_image":false},"product_brand":[],"product_cat":[69],"product_tag":[],"class_list":{"0":"post-793052872","1":"product","2":"type-product","3":"status-publish","4":"has-post-thumbnail","6":"product_cat-aditivi","8":"first","9":"instock","10":"taxable","11":"shipping-taxable","12":"purchasable","13":"product-type-simple"},"acf":[],"custom_product_id":"15112","_links":{"self":[{"href":"https:\/\/autostil.ba\/maloprodaja\/wp-json\/wp\/v2\/product\/793052872","targetHints":{"allow":["GET"]}}],"collection":[{"href":"https:\/\/autostil.ba\/maloprodaja\/wp-json\/wp\/v2\/product"}],"about":[{"href":"https:\/\/autostil.ba\/maloprodaja\/wp-json\/wp\/v2\/types\/product"}],"replies":[{"embeddable":true,"href":"https:\/\/autostil.ba\/maloprodaja\/wp-json\/wp\/v2\/comments?post=793052872"}],"version-history":[{"count":1,"href":"https:\/\/autostil.ba\/maloprodaja\/wp-json\/wp\/v2\/product\/793052872\/revisions"}],"predecessor-version":[{"id":793052873,"href":"https:\/\/autostil.ba\/maloprodaja\/wp-json\/wp\/v2\/product\/793052872\/revisions\/793052873"}],"wp:featuredmedia":[{"embeddable":true,"href":"https:\/\/autostil.ba\/maloprodaja\/wp-json\/wp\/v2\/media\/793052874"}],"wp:attachment":[{"href":"https:\/\/autostil.ba\/maloprodaja\/wp-json\/wp\/v2\/media?parent=793052872"}],"wp:term":[{"taxonomy":"product_brand","embeddable":true,"href":"https:\/\/autostil.ba\/maloprodaja\/wp-json\/wp\/v2\/product_brand?post=793052872"},{"taxonomy":"product_cat","embeddable":true,"href":"https:\/\/autostil.ba\/maloprodaja\/wp-json\/wp\/v2\/product_cat?post=793052872"},{"taxonomy":"product_tag","embeddable":true,"href":"https:\/\/autostil.ba\/maloprodaja\/wp-json\/wp\/v2\/product_tag?post=793052872"}],"curies":[{"name":"wp","href":"https:\/\/api.w.org\/{rel}","templated":true}]}}