{"id":793052869,"date":"2025-12-10T09:44:43","date_gmt":"2025-12-10T07:44:43","guid":{"rendered":"https:\/\/autostil.ba\/maloprodaja\/?post_type=product&#038;p=793052869"},"modified":"2026-05-01T13:58:23","modified_gmt":"2026-05-01T11:58:23","slug":"liqui-moly-aditiv-za-ciscenje-dizni-dizel-motora-500ml","status":"publish","type":"product","link":"https:\/\/autostil.ba\/maloprodaja\/proizvod\/15113\/liqui-moly-aditiv-za-ciscenje-dizni-dizel-motora-500ml\/","title":{"rendered":"LIQUI MOLY ADITIV ZA \u010cI\u0160\u0106ENJE DIZNI DIZEL MOTORA 500ml"},"content":{"rendered":"","protected":false},"excerpt":{"rendered":"<p>Uklanja naslage na mlaznicama za ubrizgavanje i u komori za sagorijevanje. Pove\u0107ava cetanski broj. Elimini\u0161e probleme s motorom poput lupanja u praznom hodu i osigurava gladak i tih rad motora. \u0160titi cijeli sistem goriva od korozije. Optimizuje vrijednosti testa emisije. Mo\u017ee se koristiti i preventivno. \u010cisti motori tro\u0161e manje goriva&#8230;<\/p>\n","protected":false},"featured_media":793052871,"comment_status":"open","ping_status":"closed","template":"","meta":{"_acf_changed":false,"inline_featured_image":false},"product_brand":[],"product_cat":[69],"product_tag":[],"class_list":{"0":"post-793052869","1":"product","2":"type-product","3":"status-publish","4":"has-post-thumbnail","6":"product_cat-aditivi","8":"first","9":"instock","10":"taxable","11":"shipping-taxable","12":"purchasable","13":"product-type-simple"},"acf":[],"custom_product_id":"15113","_links":{"self":[{"href":"https:\/\/autostil.ba\/maloprodaja\/wp-json\/wp\/v2\/product\/793052869","targetHints":{"allow":["GET"]}}],"collection":[{"href":"https:\/\/autostil.ba\/maloprodaja\/wp-json\/wp\/v2\/product"}],"about":[{"href":"https:\/\/autostil.ba\/maloprodaja\/wp-json\/wp\/v2\/types\/product"}],"replies":[{"embeddable":true,"href":"https:\/\/autostil.ba\/maloprodaja\/wp-json\/wp\/v2\/comments?post=793052869"}],"version-history":[{"count":1,"href":"https:\/\/autostil.ba\/maloprodaja\/wp-json\/wp\/v2\/product\/793052869\/revisions"}],"predecessor-version":[{"id":793052870,"href":"https:\/\/autostil.ba\/maloprodaja\/wp-json\/wp\/v2\/product\/793052869\/revisions\/793052870"}],"wp:featuredmedia":[{"embeddable":true,"href":"https:\/\/autostil.ba\/maloprodaja\/wp-json\/wp\/v2\/media\/793052871"}],"wp:attachment":[{"href":"https:\/\/autostil.ba\/maloprodaja\/wp-json\/wp\/v2\/media?parent=793052869"}],"wp:term":[{"taxonomy":"product_brand","embeddable":true,"href":"https:\/\/autostil.ba\/maloprodaja\/wp-json\/wp\/v2\/product_brand?post=793052869"},{"taxonomy":"product_cat","embeddable":true,"href":"https:\/\/autostil.ba\/maloprodaja\/wp-json\/wp\/v2\/product_cat?post=793052869"},{"taxonomy":"product_tag","embeddable":true,"href":"https:\/\/autostil.ba\/maloprodaja\/wp-json\/wp\/v2\/product_tag?post=793052869"}],"curies":[{"name":"wp","href":"https:\/\/api.w.org\/{rel}","templated":true}]}}