{"id":793052251,"date":"2025-04-26T12:44:29","date_gmt":"2025-04-26T10:44:29","guid":{"rendered":"https:\/\/autostil.ba\/maloprodaja\/?post_type=product&#038;p=793052251"},"modified":"2026-04-08T12:42:13","modified_gmt":"2026-04-08T10:42:13","slug":"nosac-za-bicikl-aluminijumski-krovni-peruzzo-misano-g3-1-bicikl-2","status":"publish","type":"product","link":"https:\/\/autostil.ba\/maloprodaja\/proizvod\/14703\/nosac-za-bicikl-aluminijumski-krovni-peruzzo-misano-g3-1-bicikl-2\/","title":{"rendered":"NOSA\u010c ZA BICIKL ALUMINIJUMSKI KROVNI PERUZZO MISANO G3 (1 BICIKL)"},"content":{"rendered":"","protected":false},"excerpt":{"rendered":"<p>Dugme za zaklju\u010davanje kontrole obrtnog momenta klikne kada se postigne savr\u0161ena zategnutost, a crveni marker se pojavljuje kada je zatvoreno.<br \/>\nPodesivi dr\u017ea\u010di to\u010dkova naprijed i nazad sa sigurnosnim trakama.<br \/>\nDvostruka sigurnost sa dodatnom sigurnosnom trakom.<br \/>\nAluminijumske tra\u010dnice.<br \/>\nCijev sa pra\u0161kastim premazom otporna na hr\u0111u.<br \/>\nSvi \u017eeljezni dijelovi su tretirani protiv hr\u0111e.<br \/>\nSvi kontaktni dijelovi su od gume<\/p>\n<p>Maks. bicikli: 1<\/p>\n<p>Materijal: Aluminijum<\/p>\n<p>Boja: Arkti\u010dko siva<\/p>\n<p>Maks. ukupno optere\u0107enje (kg): 15<\/p>\n<p>Maks. veli\u010dina presjeka okvira (cm): 6 &#8211; 6&#215;10<\/p>\n<p>Veli\u010dina to\u010dka (in\u010di): od 12&#8243; do 29&#8221;<\/p>\n<p>Maks. \u0161irina gume (in\u010di): 3<\/p>\n<p>Maks. udaljenost izme\u0111u to\u010dkova bicikla (cm): 120<\/p>\n<p>Zaklju\u010davanje bicikla na nosa\u010d: NE<\/p>\n<p>Zaklju\u010davanje nosa\u010da na automobil: NE<\/p>\n<p>Te\u017eina proizvoda (kg): 2,9<\/p>\n<p>Testirano prema Is<\/p>\n<p>Testirano u gradskim sudarima: DA<\/p>\n<p>Elektri\u010dni bicikli: NE<\/p>\n<p>Pogodno za karbonski okvir: NE<\/p>\n<p>Maks. \u0161irina ru\u010dke za no\u0161enje (cm): 6<\/p>\n<p>Kompatibilno s adapterom &#8220;T&#8221; dijela: DA<\/p>\n<p>Max. debljina \u0161ipke krovnog nosa\u010da na koji se montira: 60mm<\/p>\n","protected":false},"featured_media":793052252,"comment_status":"open","ping_status":"closed","template":"","meta":{"_acf_changed":false,"inline_featured_image":false},"product_brand":[],"product_cat":[910],"product_tag":[],"class_list":{"0":"post-793052251","1":"product","2":"type-product","3":"status-publish","4":"has-post-thumbnail","6":"product_cat-nosaci-za-bicikl","8":"first","9":"instock","10":"taxable","11":"shipping-taxable","12":"purchasable","13":"product-type-simple"},"acf":[],"custom_product_id":"14703","_links":{"self":[{"href":"https:\/\/autostil.ba\/maloprodaja\/wp-json\/wp\/v2\/product\/793052251","targetHints":{"allow":["GET"]}}],"collection":[{"href":"https:\/\/autostil.ba\/maloprodaja\/wp-json\/wp\/v2\/product"}],"about":[{"href":"https:\/\/autostil.ba\/maloprodaja\/wp-json\/wp\/v2\/types\/product"}],"replies":[{"embeddable":true,"href":"https:\/\/autostil.ba\/maloprodaja\/wp-json\/wp\/v2\/comments?post=793052251"}],"version-history":[{"count":3,"href":"https:\/\/autostil.ba\/maloprodaja\/wp-json\/wp\/v2\/product\/793052251\/revisions"}],"predecessor-version":[{"id":793052388,"href":"https:\/\/autostil.ba\/maloprodaja\/wp-json\/wp\/v2\/product\/793052251\/revisions\/793052388"}],"wp:featuredmedia":[{"embeddable":true,"href":"https:\/\/autostil.ba\/maloprodaja\/wp-json\/wp\/v2\/media\/793052252"}],"wp:attachment":[{"href":"https:\/\/autostil.ba\/maloprodaja\/wp-json\/wp\/v2\/media?parent=793052251"}],"wp:term":[{"taxonomy":"product_brand","embeddable":true,"href":"https:\/\/autostil.ba\/maloprodaja\/wp-json\/wp\/v2\/product_brand?post=793052251"},{"taxonomy":"product_cat","embeddable":true,"href":"https:\/\/autostil.ba\/maloprodaja\/wp-json\/wp\/v2\/product_cat?post=793052251"},{"taxonomy":"product_tag","embeddable":true,"href":"https:\/\/autostil.ba\/maloprodaja\/wp-json\/wp\/v2\/product_tag?post=793052251"}],"curies":[{"name":"wp","href":"https:\/\/api.w.org\/{rel}","templated":true}]}}

NOSAČ ZA BICIKL ALUMINIJUMSKI KROVNI PERUZZO MISANO G3 (1 BICIKL)

<p>Dugme za zaključavanje kontrole obrtnog momenta klikne kada se postigne savršena zategnutost, a crveni marker se pojavljuje kada je zatvoreno.<br />
Podesivi držači točkova naprijed i nazad sa sigurnosnim trakama.<br />
Dvostruka sigurnost sa dodatnom sigurnosnom trakom.<br />
Aluminijumske tračnice.<br />
Cijev sa praškastim premazom otporna na hrđu.<br />
Svi željezni dijelovi su tretirani protiv hrđe.<br />
Svi kontaktni dijelovi su od gume</p>
<p>Maks. bicikli: 1</p>
<p>Materijal: Aluminijum</p>
<p>Boja: Arktičko siva</p>
<p>Maks. ukupno opterećenje (kg): 15</p>
<p>Maks. veličina presjeka okvira (cm): 6 &#8211; 6&#215;10</p>
<p>Veličina točka (inči): od 12&#8243; do 29&#8221;</p>
<p>Maks. širina gume (inči): 3</p>
<p>Maks. udaljenost između točkova bicikla (cm): 120</p>
<p>Zaključavanje bicikla na nosač: NE</p>
<p>Zaključavanje nosača na automobil: NE</p>
<p>Težina proizvoda (kg): 2,9</p>
<p>Testirano prema Is</p>
<p>Testirano u gradskim sudarima: DA</p>
<p>Električni bicikli: NE</p>
<p>Pogodno za karbonski okvir: NE</p>
<p>Maks. širina ručke za nošenje (cm): 6</p>
<p>Kompatibilno s adapterom &#8220;T&#8221; dijela: DA</p>
<p>Max. debljina šipke krovnog nosača na koji se montira: 60mm</p>
