{"id":793051476,"date":"2025-05-28T08:46:58","date_gmt":"2025-05-28T06:46:58","guid":{"rendered":"https:\/\/autostil.ba\/maloprodaja\/?post_type=product&#038;p=793051476"},"modified":"2026-04-08T12:43:45","modified_gmt":"2026-04-08T10:43:45","slug":"parking-senzori-crni-bez-displeja-za-unutrasnju-montazu-4-senzora-amio","status":"publish","type":"product","link":"https:\/\/autostil.ba\/maloprodaja\/proizvod\/14858\/parking-senzori-crni-bez-displeja-za-unutrasnju-montazu-4-senzora-amio\/","title":{"rendered":"PARKING SENZORI CRNI BEZ DISPLEJA ZA UNUTRA\u0160NJU MONTA\u017dU (4 SENZORA) AMIO"},"content":{"rendered":"","protected":false},"excerpt":{"rendered":"<p><strong>Opis proizvoda:<\/strong><\/p>\n<p>Sistem za pomo\u0107 pri parkiranju je ure\u0111aj koji podr\u017eava parkiranje i vo\u017enju automobila unazad. Radi na principu sonara &#8211; emituje ultrazvu\u010dne talase koji nam omogu\u0107avaju, nakon refleksije od prepreke, da zaklju\u010dimo kolika je udaljenost izme\u0111u automobila i prepreke. U trenutku povla\u010denja, ure\u0111aj ispravno detektuje prepreke i upozorava voza\u010da.<\/p>\n<p>Novi senzori su postavljeni na unutra\u0161njoj strani branika i ne str\u0161e oko branika. Imaju malu veli\u010dinu zahvaljuju\u0107i kojoj nisu toliko vidljivi &#8211; moglo bi se re\u0107i da izgledaju kao da su originalno postavljeni. Kapsule senzora se mogu farbati, preporu\u010duje se nano\u0161enje samo dva tanka i ravnomjerna sloja laka.<\/p>\n<p>Zujalica mo\u017ee raditi u 3 zvu\u010dna moda: visok, nizak i potpuno tih. Promjena moda se vr\u0161i pomo\u0107u malog prekida\u010da u ku\u0107i\u0161tu.<\/p>\n<p><strong>Set uklju\u010duje:<\/strong><\/p>\n<p>&#8211; 4 crna senzora unutar nosa\u010da 16,5 mm<br \/>\n&#8211; zujalicu &#8211; koja emituje zvu\u010dne signale<br \/>\n&#8211; glavnu jedinicu<br \/>\n&#8211; kru\u017enu pilu za bu\u0161enje rupa u braniku<br \/>\n&#8211; uputstvo za upotrebu<\/p>\n<p><strong>Potpuna specifikacija:<\/strong><\/p>\n<p>&#8211; Domet\/radna osjetljivost 0-2,5m<\/p>\n<p>&#8211; Napajanje 12V<\/p>\n<p>&#8211; Radna frekvencija 40KHz<\/p>\n<p>&#8211; Radna temperatura -30\u00b0C &#8211; +70\u00b0C<\/p>\n<p>&#8211; Pre\u010dnik monta\u017ee 16,5 mm<\/p>\n","protected":false},"featured_media":793051478,"comment_status":"open","ping_status":"closed","template":"","meta":{"_acf_changed":false,"inline_featured_image":false},"product_brand":[],"product_cat":[137],"product_tag":[],"class_list":{"0":"post-793051476","1":"product","2":"type-product","3":"status-publish","4":"has-post-thumbnail","6":"product_cat-parking-senzori","8":"first","9":"instock","10":"taxable","11":"shipping-taxable","12":"purchasable","13":"product-type-simple"},"acf":[],"custom_product_id":"14858","_links":{"self":[{"href":"https:\/\/autostil.ba\/maloprodaja\/wp-json\/wp\/v2\/product\/793051476","targetHints":{"allow":["GET"]}}],"collection":[{"href":"https:\/\/autostil.ba\/maloprodaja\/wp-json\/wp\/v2\/product"}],"about":[{"href":"https:\/\/autostil.ba\/maloprodaja\/wp-json\/wp\/v2\/types\/product"}],"replies":[{"embeddable":true,"href":"https:\/\/autostil.ba\/maloprodaja\/wp-json\/wp\/v2\/comments?post=793051476"}],"version-history":[{"count":2,"href":"https:\/\/autostil.ba\/maloprodaja\/wp-json\/wp\/v2\/product\/793051476\/revisions"}],"predecessor-version":[{"id":793051490,"href":"https:\/\/autostil.ba\/maloprodaja\/wp-json\/wp\/v2\/product\/793051476\/revisions\/793051490"}],"wp:featuredmedia":[{"embeddable":true,"href":"https:\/\/autostil.ba\/maloprodaja\/wp-json\/wp\/v2\/media\/793051478"}],"wp:attachment":[{"href":"https:\/\/autostil.ba\/maloprodaja\/wp-json\/wp\/v2\/media?parent=793051476"}],"wp:term":[{"taxonomy":"product_brand","embeddable":true,"href":"https:\/\/autostil.ba\/maloprodaja\/wp-json\/wp\/v2\/product_brand?post=793051476"},{"taxonomy":"product_cat","embeddable":true,"href":"https:\/\/autostil.ba\/maloprodaja\/wp-json\/wp\/v2\/product_cat?post=793051476"},{"taxonomy":"product_tag","embeddable":true,"href":"https:\/\/autostil.ba\/maloprodaja\/wp-json\/wp\/v2\/product_tag?post=793051476"}],"curies":[{"name":"wp","href":"https:\/\/api.w.org\/{rel}","templated":true}]}}