{"id":793050844,"date":"2025-10-11T10:35:28","date_gmt":"2025-10-11T08:35:28","guid":{"rendered":"https:\/\/autostil.ba\/maloprodaja\/?post_type=product&#038;p=793050844"},"modified":"2026-04-08T12:42:26","modified_gmt":"2026-04-08T10:42:26","slug":"ljepilo-dvokomponentno-epoksidno-25ml-prozirno","status":"publish","type":"product","link":"https:\/\/autostil.ba\/maloprodaja\/proizvod\/14724\/ljepilo-dvokomponentno-epoksidno-25ml-prozirno\/","title":{"rendered":"LJEPILO DVOKOMPONENTNO EPOKSIDNO 25ml (PROZIRNO)"},"content":{"rendered":"","protected":false},"excerpt":{"rendered":"<p>Brzosu\u0161e\u0107e prozirno epoksidno ljepilo namijenjeno za popravak o\u0161te\u0107enih\/napuknutih predmeta izra\u0111enih od razli\u010ditih tvrdih materijala kao \u0161to su drvo, keramika, plastika, staklo i mnogi drugi. Stvara vrlo tvrdo vezivo otporno na atmosferske uvjete i temperature do 80oC. Nakon stvrdnjavanja otporno je na automobilska, mjenja\u010dka i hidrauli\u010dna ulja, benzin, vodu i mnoge druge tvari. Po\u010detno stvrdnjavanje nakon 4 do 10 minuta ovisno o temperaturi okoline. Nakon jednog sata proizvod je 80% stvrdnut. Potpuno stvrdnjavanje nastupa nakon 24 sata.<\/p>\n","protected":false},"featured_media":793050846,"comment_status":"open","ping_status":"closed","template":"","meta":{"_acf_changed":false,"inline_featured_image":false},"product_brand":[],"product_cat":[135],"product_tag":[],"class_list":{"0":"post-793050844","1":"product","2":"type-product","3":"status-publish","4":"has-post-thumbnail","6":"product_cat-ljepila","8":"first","9":"instock","10":"taxable","11":"shipping-taxable","12":"purchasable","13":"product-type-simple"},"acf":[],"custom_product_id":"14724","_links":{"self":[{"href":"https:\/\/autostil.ba\/maloprodaja\/wp-json\/wp\/v2\/product\/793050844","targetHints":{"allow":["GET"]}}],"collection":[{"href":"https:\/\/autostil.ba\/maloprodaja\/wp-json\/wp\/v2\/product"}],"about":[{"href":"https:\/\/autostil.ba\/maloprodaja\/wp-json\/wp\/v2\/types\/product"}],"replies":[{"embeddable":true,"href":"https:\/\/autostil.ba\/maloprodaja\/wp-json\/wp\/v2\/comments?post=793050844"}],"version-history":[{"count":2,"href":"https:\/\/autostil.ba\/maloprodaja\/wp-json\/wp\/v2\/product\/793050844\/revisions"}],"predecessor-version":[{"id":793050902,"href":"https:\/\/autostil.ba\/maloprodaja\/wp-json\/wp\/v2\/product\/793050844\/revisions\/793050902"}],"wp:featuredmedia":[{"embeddable":true,"href":"https:\/\/autostil.ba\/maloprodaja\/wp-json\/wp\/v2\/media\/793050846"}],"wp:attachment":[{"href":"https:\/\/autostil.ba\/maloprodaja\/wp-json\/wp\/v2\/media?parent=793050844"}],"wp:term":[{"taxonomy":"product_brand","embeddable":true,"href":"https:\/\/autostil.ba\/maloprodaja\/wp-json\/wp\/v2\/product_brand?post=793050844"},{"taxonomy":"product_cat","embeddable":true,"href":"https:\/\/autostil.ba\/maloprodaja\/wp-json\/wp\/v2\/product_cat?post=793050844"},{"taxonomy":"product_tag","embeddable":true,"href":"https:\/\/autostil.ba\/maloprodaja\/wp-json\/wp\/v2\/product_tag?post=793050844"}],"curies":[{"name":"wp","href":"https:\/\/api.w.org\/{rel}","templated":true}]}}