{"id":793050721,"date":"2025-04-24T15:26:28","date_gmt":"2025-04-24T13:26:28","guid":{"rendered":"https:\/\/autostil.ba\/maloprodaja\/?post_type=product&#038;p=793050721"},"modified":"2026-04-08T12:42:08","modified_gmt":"2026-04-08T10:42:08","slug":"pad-za-poliranje-univerzalni-vuneni-150-130mm","status":"publish","type":"product","link":"https:\/\/autostil.ba\/maloprodaja\/proizvod\/14693\/pad-za-poliranje-univerzalni-vuneni-150-130mm\/","title":{"rendered":"PAD ZA POLIRANJE UNIVERZALNI VUNENI 150\/130mm"},"content":{"rendered":"","protected":false},"excerpt":{"rendered":"<p>Vuna \u2013 jedan od najagresivnijih jastu\u010di\u0107a za poliranje u na\u0161oj liniji, napravljen od prirodne vune kako bi pru\u017eio maksimalnu snagu rezanja uz minimalno smanjenje povr\u0161inske topline.<\/p>\n<p>Dizajniran za intenzivnu korekciju boje, efikasno uklanja duboke ogrebotine, te\u0161ku zamu\u0107enost i intenzivne holograme. Prirodna vunena vlakna nude izuzetno visoke performanse rezanja, \u0161to ovu podlogu \u010dini idealnim izborom za rad na te\u0161ko o\u0161te\u0107enim lakiranim povr\u0161inama.<\/p>\n<p>Zahvaljuju\u0107i \u010dvrstom sloju pjene s otvorenim \u0107elijama, jastu\u010di\u0107 efikasno odvodi toplinu, sprje\u010davaju\u0107i prekomjerno pregrijavanje i odr\u017eavaju\u0107i optimalnu krutost tokom procesa poliranja. Trapezni profil i dodatni oja\u010davaju\u0107i sloj ispod \u010di\u010dak trake osiguravaju potpunu kontrolu nad rukovanjem ma\u0161inom, dok zako\u0161en rub omogu\u0107ava lak\u0161i pristup te\u0161ko dostupnim podru\u010djima. Centralno postavljena rupa pobolj\u0161ava ventilaciju pozadinske plo\u010de, smanjuju\u0107i rizik od nakupljanja i kristalizacije poliranja.<\/p>\n<p>Podloga je dizajnirana za upotrebu i sa rotacionim i sa ma\u0161inama sa dvostrukim dejstvom (DA). Zbog svoje agresivne prirode, najprikladniji je za proces korekcije boje u dva koraka\u2014nakon prve faze preporu\u010duje se upotreba meke pjene za poliranje sa zavr\u0161nom smjesom za postizanje maksimalnog sjaja.<\/p>\n","protected":false},"featured_media":793050723,"comment_status":"open","ping_status":"closed","template":"","meta":{"_acf_changed":false,"inline_featured_image":false},"product_brand":[],"product_cat":[164],"product_tag":[],"class_list":{"0":"post-793050721","1":"product","2":"type-product","3":"status-publish","4":"has-post-thumbnail","6":"product_cat-car-detailing","8":"first","9":"instock","10":"taxable","11":"shipping-taxable","12":"purchasable","13":"product-type-simple"},"acf":[],"custom_product_id":"14693","_links":{"self":[{"href":"https:\/\/autostil.ba\/maloprodaja\/wp-json\/wp\/v2\/product\/793050721","targetHints":{"allow":["GET"]}}],"collection":[{"href":"https:\/\/autostil.ba\/maloprodaja\/wp-json\/wp\/v2\/product"}],"about":[{"href":"https:\/\/autostil.ba\/maloprodaja\/wp-json\/wp\/v2\/types\/product"}],"replies":[{"embeddable":true,"href":"https:\/\/autostil.ba\/maloprodaja\/wp-json\/wp\/v2\/comments?post=793050721"}],"version-history":[{"count":1,"href":"https:\/\/autostil.ba\/maloprodaja\/wp-json\/wp\/v2\/product\/793050721\/revisions"}],"predecessor-version":[{"id":793050722,"href":"https:\/\/autostil.ba\/maloprodaja\/wp-json\/wp\/v2\/product\/793050721\/revisions\/793050722"}],"wp:featuredmedia":[{"embeddable":true,"href":"https:\/\/autostil.ba\/maloprodaja\/wp-json\/wp\/v2\/media\/793050723"}],"wp:attachment":[{"href":"https:\/\/autostil.ba\/maloprodaja\/wp-json\/wp\/v2\/media?parent=793050721"}],"wp:term":[{"taxonomy":"product_brand","embeddable":true,"href":"https:\/\/autostil.ba\/maloprodaja\/wp-json\/wp\/v2\/product_brand?post=793050721"},{"taxonomy":"product_cat","embeddable":true,"href":"https:\/\/autostil.ba\/maloprodaja\/wp-json\/wp\/v2\/product_cat?post=793050721"},{"taxonomy":"product_tag","embeddable":true,"href":"https:\/\/autostil.ba\/maloprodaja\/wp-json\/wp\/v2\/product_tag?post=793050721"}],"curies":[{"name":"wp","href":"https:\/\/api.w.org\/{rel}","templated":true}]}}