{"id":793049060,"date":"2025-01-13T16:26:39","date_gmt":"2025-01-13T14:26:39","guid":{"rendered":"https:\/\/autostil.ba\/maloprodaja\/?post_type=product&#038;p=793049060"},"modified":"2026-04-08T12:40:18","modified_gmt":"2026-04-08T10:40:18","slug":"nosac-za-skije-amio-nadogradnja-4-para-skija","status":"publish","type":"product","link":"https:\/\/autostil.ba\/maloprodaja\/proizvod\/14515\/nosac-za-skije-amio-nadogradnja-4-para-skija\/","title":{"rendered":"NOSA\u010c ZA SKIJE AMIO NADOGRADNJA-4 PARA SKIJA"},"content":{"rendered":"","protected":false},"excerpt":{"rendered":"<p>Opis proizvoda:<\/p>\n<p>Ovaj aluminijumski nosa\u010d za skije mo\u017ee da nosi do 4 para skija ili 2 snouborda.<\/p>\n<p>Ekonomi\u010dan i jednostavan za kori\u0161tenje, nosa\u010d se zaklju\u010dava klju\u010dem.<\/p>\n<p>Skije ili daske za snijeg su zaklju\u010dane izme\u0111u gumenih \u010deljusti.<\/p>\n<p>Nosa\u010d se mo\u017ee montirati na aluminijske nosive \u0161ipke pomo\u0107u T-profilnih adaptera (uklju\u010deno u isporuku).<\/p>\n<p>Integrisane sigurnosne brave \u0161tite skije pohranjene u nosa\u010du od kra\u0111e.<\/p>\n<p>Nosa\u010d uklju\u010duje upute za upotrebu i dijelove za monta\u017eu.<\/p>\n<p>&nbsp;<\/p>\n<p>Nosa\u010d je pogodan za monta\u017eu na aluminijske nosive \u0161ipke, \u0161ipke moraju imati standardni monta\u017eni kanal \u0161irine 20-22 mm.<br \/>\nMonta\u017ea uklju\u010duje ovalne i pravougaone \u0161ipke: \u0161irina \u0161ipke do 60 mm, visina \u0161ipke do 32 mm<br \/>\nMaterijal: aluminijum<br \/>\nKapacitet: klasi\u010dne skije: 4 para<br \/>\nKapacitet: snowboarda: 2<br \/>\nTe\u017eina (kg): 3,5<br \/>\nZatvaranje skija u dr\u017ea\u010du: Da<br \/>\nZatvaranje nosa\u010da na krovni nosa\u010d: Da<br \/>\nSlajdovi (T-profil): Da, uklju\u010deni<br \/>\nPrtlja\u017eni prostor (cm): 42<br \/>\n\u0160irina (cm): 57<br \/>\nVisina (cm): 15<br \/>\nPri\u010dvr\u0161\u0107ivanje: Aluminijske grede (monta\u017eni kanal &#8211; T-profil)<\/p>\n","protected":false},"featured_media":793049062,"comment_status":"open","ping_status":"closed","template":"","meta":{"_acf_changed":false,"inline_featured_image":false},"product_brand":[],"product_cat":[167,194],"product_tag":[],"class_list":{"0":"post-793049060","1":"product","2":"type-product","3":"status-publish","4":"has-post-thumbnail","6":"product_cat-nosaci-za-skije-snowboard","7":"product_cat-nosaci-za-skije-i-snowboard","9":"first","10":"instock","11":"taxable","12":"shipping-taxable","13":"purchasable","14":"product-type-simple"},"acf":[],"custom_product_id":"14515","_links":{"self":[{"href":"https:\/\/autostil.ba\/maloprodaja\/wp-json\/wp\/v2\/product\/793049060","targetHints":{"allow":["GET"]}}],"collection":[{"href":"https:\/\/autostil.ba\/maloprodaja\/wp-json\/wp\/v2\/product"}],"about":[{"href":"https:\/\/autostil.ba\/maloprodaja\/wp-json\/wp\/v2\/types\/product"}],"replies":[{"embeddable":true,"href":"https:\/\/autostil.ba\/maloprodaja\/wp-json\/wp\/v2\/comments?post=793049060"}],"version-history":[{"count":1,"href":"https:\/\/autostil.ba\/maloprodaja\/wp-json\/wp\/v2\/product\/793049060\/revisions"}],"predecessor-version":[{"id":793049061,"href":"https:\/\/autostil.ba\/maloprodaja\/wp-json\/wp\/v2\/product\/793049060\/revisions\/793049061"}],"wp:featuredmedia":[{"embeddable":true,"href":"https:\/\/autostil.ba\/maloprodaja\/wp-json\/wp\/v2\/media\/793049062"}],"wp:attachment":[{"href":"https:\/\/autostil.ba\/maloprodaja\/wp-json\/wp\/v2\/media?parent=793049060"}],"wp:term":[{"taxonomy":"product_brand","embeddable":true,"href":"https:\/\/autostil.ba\/maloprodaja\/wp-json\/wp\/v2\/product_brand?post=793049060"},{"taxonomy":"product_cat","embeddable":true,"href":"https:\/\/autostil.ba\/maloprodaja\/wp-json\/wp\/v2\/product_cat?post=793049060"},{"taxonomy":"product_tag","embeddable":true,"href":"https:\/\/autostil.ba\/maloprodaja\/wp-json\/wp\/v2\/product_tag?post=793049060"}],"curies":[{"name":"wp","href":"https:\/\/api.w.org\/{rel}","templated":true}]}}