{"id":793049052,"date":"2025-01-13T16:34:54","date_gmt":"2025-01-13T14:34:54","guid":{"rendered":"https:\/\/autostil.ba\/maloprodaja\/?post_type=product&#038;p=793049052"},"modified":"2026-04-08T12:40:18","modified_gmt":"2026-04-08T10:40:18","slug":"zastita-od-sunca-bocna-crna-amio-fleksibilna-navlaka","status":"publish","type":"product","link":"https:\/\/autostil.ba\/maloprodaja\/proizvod\/14517\/zastita-od-sunca-bocna-crna-amio-fleksibilna-navlaka\/","title":{"rendered":"ZA\u0160TITA OD SUNCA BO\u010cNA CRNA AMIO FLEKSIBILNA (NAVLAKA)"},"content":{"rendered":"","protected":false},"excerpt":{"rendered":"<p>Opis proizvoda:<\/p>\n<p>KOMPLET OD 2 \u010cARAPE ZA PROZOR AUTOMOBILA<\/p>\n<p>Fleksibilne mre\u017ee za vjetrobran koje djeluju kao za\u0161tita od sunca i mre\u017ee protiv komaraca. Mre\u017easti materijal od kojeg je napravljen poklopac efikasno reflektuje i izoluje protok toplog vazduha.<\/p>\n<p>Materijal je vrlo fleksibilan pa odgovara ve\u0107ini modela automobila.<\/p>\n<p>&nbsp;<\/p>\n<p>SPECIFIKACIJE PROIZVODA:<\/p>\n<p>\u0160irina: 60-100 cm<br \/>\nVisina: 35-54 cm<br \/>\nMaterijal: najlonska mre\u017ea<br \/>\nBoja: crna<br \/>\n(Dimenzije se mijenjaju kada se materijal raste\u017ee).<\/p>\n<p>Set uklju\u010duje 2 komada.<\/p>\n<p>&nbsp;<\/p>\n<p>Upute za sastavljanje:<\/p>\n<p>Stavite mre\u017eicu na vrata<br \/>\nPostavite i rasporedite mre\u017eicu (mre\u017ea je profilisana, obratite pa\u017enju na to prilikom sklapanja da je postavite u pravom smeru)<br \/>\nSkinite za\u0161titnu foliju sa samoljepljive \u010di\u010dak trake<br \/>\nZalijepite \u010di\u010dak<br \/>\nPri\u010dvrstite rastegnute mre\u017easte trake na \u010di\u010dak<\/p>\n<p>Prednosti:<\/p>\n<p>Izdr\u017eljiv &#8211; izra\u0111en od materijala vrhunskog kvaliteta, po najvi\u0161im standardima kvaliteta.<br \/>\nUniverzalni &#8211; zahvaljuju\u0107i svom jedinstvenom dizajnu odgovara ve\u0107ini modela putni\u010dkih automobila sa petoro vrata.<br \/>\n\u0160titi od insekata &#8211; mre\u017ea sprje\u010dava muhe, komarce itd. da ulete u automobil dok je vjetrobran otvoreno.<br \/>\nBrza monta\u017ea &#8211; jednostavno nanesite proizvod na vrata i montirajte na okvir kako biste ga brzo postavili na pravo mjesto<br \/>\nSavr\u0161eno pristajanje &#8211; zahvaljuju\u0107i samoljepljivim \u010di\u010dak trakama uklju\u010denim u kompletu, mo\u017eete savr\u0161eno navu\u0107i mre\u017eu za komarce preko vrata<br \/>\nElegantan &#8211; uredno napravljen, mre\u017ea protiv komaraca tamne boje \u0107e stati u svaki automobil<br \/>\nEfikasan &#8211; tokom sun\u010danih dana i dugih putovanja na odmoru savr\u0161eno \u0107e za\u0161tititi putnike na zadnjim sedi\u0161tima od sun\u010devih zraka, pobrinuti se da va\u0161oj deci i prijateljima bude udobno.<br \/>\nMontira se sa \u010di\u010dak trakom sa obe strane &#8211; za lako skidanje i spre\u010davanje povla\u010denja mre\u017ee protiv komaraca.<\/p>\n","protected":false},"featured_media":793049054,"comment_status":"open","ping_status":"closed","template":"","meta":{"_acf_changed":false,"inline_featured_image":false},"product_brand":[],"product_cat":[91],"product_tag":[],"class_list":{"0":"post-793049052","1":"product","2":"type-product","3":"status-publish","4":"has-post-thumbnail","6":"product_cat-sredstva-za-zastitu-od-sunca","8":"first","9":"instock","10":"taxable","11":"shipping-taxable","12":"purchasable","13":"product-type-simple"},"acf":[],"custom_product_id":"14517","_links":{"self":[{"href":"https:\/\/autostil.ba\/maloprodaja\/wp-json\/wp\/v2\/product\/793049052","targetHints":{"allow":["GET"]}}],"collection":[{"href":"https:\/\/autostil.ba\/maloprodaja\/wp-json\/wp\/v2\/product"}],"about":[{"href":"https:\/\/autostil.ba\/maloprodaja\/wp-json\/wp\/v2\/types\/product"}],"replies":[{"embeddable":true,"href":"https:\/\/autostil.ba\/maloprodaja\/wp-json\/wp\/v2\/comments?post=793049052"}],"version-history":[{"count":1,"href":"https:\/\/autostil.ba\/maloprodaja\/wp-json\/wp\/v2\/product\/793049052\/revisions"}],"predecessor-version":[{"id":793049053,"href":"https:\/\/autostil.ba\/maloprodaja\/wp-json\/wp\/v2\/product\/793049052\/revisions\/793049053"}],"wp:featuredmedia":[{"embeddable":true,"href":"https:\/\/autostil.ba\/maloprodaja\/wp-json\/wp\/v2\/media\/793049054"}],"wp:attachment":[{"href":"https:\/\/autostil.ba\/maloprodaja\/wp-json\/wp\/v2\/media?parent=793049052"}],"wp:term":[{"taxonomy":"product_brand","embeddable":true,"href":"https:\/\/autostil.ba\/maloprodaja\/wp-json\/wp\/v2\/product_brand?post=793049052"},{"taxonomy":"product_cat","embeddable":true,"href":"https:\/\/autostil.ba\/maloprodaja\/wp-json\/wp\/v2\/product_cat?post=793049052"},{"taxonomy":"product_tag","embeddable":true,"href":"https:\/\/autostil.ba\/maloprodaja\/wp-json\/wp\/v2\/product_tag?post=793049052"}],"curies":[{"name":"wp","href":"https:\/\/api.w.org\/{rel}","templated":true}]}}

ZAŠTITA OD SUNCA BOČNA CRNA AMIO FLEKSIBILNA (NAVLAKA)

<p>Opis proizvoda:</p>
<p>KOMPLET OD 2 ČARAPE ZA PROZOR AUTOMOBILA</p>
<p>Fleksibilne mreže za vjetrobran koje djeluju kao zaštita od sunca i mreže protiv komaraca. Mrežasti materijal od kojeg je napravljen poklopac efikasno reflektuje i izoluje protok toplog vazduha.</p>
<p>Materijal je vrlo fleksibilan pa odgovara većini modela automobila.</p>
<p>&nbsp;</p>
<p>SPECIFIKACIJE PROIZVODA:</p>
<p>Širina: 60-100 cm<br />
Visina: 35-54 cm<br />
Materijal: najlonska mreža<br />
Boja: crna<br />
(Dimenzije se mijenjaju kada se materijal rasteže).</p>
<p>Set uključuje 2 komada.</p>
<p>&nbsp;</p>
<p>Upute za sastavljanje:</p>
<p>Stavite mrežicu na vrata<br />
Postavite i rasporedite mrežicu (mreža je profilisana, obratite pažnju na to prilikom sklapanja da je postavite u pravom smeru)<br />
Skinite zaštitnu foliju sa samoljepljive čičak trake<br />
Zalijepite čičak<br />
Pričvrstite rastegnute mrežaste trake na čičak</p>
<p>Prednosti:</p>
<p>Izdržljiv &#8211; izrađen od materijala vrhunskog kvaliteta, po najvišim standardima kvaliteta.<br />
Univerzalni &#8211; zahvaljujući svom jedinstvenom dizajnu odgovara većini modela putničkih automobila sa petoro vrata.<br />
Štiti od insekata &#8211; mreža sprječava muhe, komarce itd. da ulete u automobil dok je vjetrobran otvoreno.<br />
Brza montaža &#8211; jednostavno nanesite proizvod na vrata i montirajte na okvir kako biste ga brzo postavili na pravo mjesto<br />
Savršeno pristajanje &#8211; zahvaljujući samoljepljivim čičak trakama uključenim u kompletu, možete savršeno navući mrežu za komarce preko vrata<br />
Elegantan &#8211; uredno napravljen, mreža protiv komaraca tamne boje će stati u svaki automobil<br />
Efikasan &#8211; tokom sunčanih dana i dugih putovanja na odmoru savršeno će zaštititi putnike na zadnjim sedištima od sunčevih zraka, pobrinuti se da vašoj deci i prijateljima bude udobno.<br />
Montira se sa čičak trakom sa obe strane &#8211; za lako skidanje i sprečavanje povlačenja mreže protiv komaraca.</p>
