{"id":793049030,"date":"2025-05-27T15:16:09","date_gmt":"2025-05-27T13:16:09","guid":{"rendered":"https:\/\/autostil.ba\/maloprodaja\/?post_type=product&#038;p=793049030"},"modified":"2026-04-08T12:40:24","modified_gmt":"2026-04-08T10:40:24","slug":"manometar-za-gume-15-bar","status":"publish","type":"product","link":"https:\/\/autostil.ba\/maloprodaja\/proizvod\/14523\/manometar-za-gume-15-bar\/","title":{"rendered":"MANOMETAR ZA GUME 15 bar"},"content":{"rendered":"","protected":false},"excerpt":{"rendered":"<p>Opis proizvoda:<\/p>\n<p>KARAKTERISTIKE<\/p>\n<p>Ure\u0111aj je dizajniran za kontrolu pritiska u to\u010dkovima vozila.<br \/>\nRadni opseg do 15 BAR<br \/>\nVrlo dobra izrada &#8211; manometar je izra\u0111en od metala, \u0161to ga \u010dini izdr\u017eljivijim.<br \/>\nMala, lagana, laka za no\u0161enje.<br \/>\nNeophodan dodatak za svaki automobil.<br \/>\nZagarantovan kvalitet renomirane kompanije.<\/p>\n<p>ISPRAVAN PRITISAK U GUMAMA ZNA\u010cI:<\/p>\n<p>&nbsp;<\/p>\n<p>Manja potro\u0161nja goriva<br \/>\nEkonomi\u010dan rad<br \/>\nVe\u0107e performanse automobila<br \/>\nPove\u0107ana sigurnost vo\u017enje<br \/>\nDu\u017ei vijek trajanja i ti\u0161i rad motora<\/p>\n","protected":false},"featured_media":793049032,"comment_status":"open","ping_status":"closed","template":"","meta":{"_acf_changed":false,"inline_featured_image":false},"product_brand":[],"product_cat":[143],"product_tag":[],"class_list":{"0":"post-793049030","1":"product","2":"type-product","3":"status-publish","4":"has-post-thumbnail","6":"product_cat-sredstva-za-odrzavanje-pneumatika","8":"first","9":"instock","10":"taxable","11":"shipping-taxable","12":"purchasable","13":"product-type-simple"},"acf":[],"custom_product_id":"14523","_links":{"self":[{"href":"https:\/\/autostil.ba\/maloprodaja\/wp-json\/wp\/v2\/product\/793049030","targetHints":{"allow":["GET"]}}],"collection":[{"href":"https:\/\/autostil.ba\/maloprodaja\/wp-json\/wp\/v2\/product"}],"about":[{"href":"https:\/\/autostil.ba\/maloprodaja\/wp-json\/wp\/v2\/types\/product"}],"replies":[{"embeddable":true,"href":"https:\/\/autostil.ba\/maloprodaja\/wp-json\/wp\/v2\/comments?post=793049030"}],"version-history":[{"count":1,"href":"https:\/\/autostil.ba\/maloprodaja\/wp-json\/wp\/v2\/product\/793049030\/revisions"}],"predecessor-version":[{"id":793049031,"href":"https:\/\/autostil.ba\/maloprodaja\/wp-json\/wp\/v2\/product\/793049030\/revisions\/793049031"}],"wp:featuredmedia":[{"embeddable":true,"href":"https:\/\/autostil.ba\/maloprodaja\/wp-json\/wp\/v2\/media\/793049032"}],"wp:attachment":[{"href":"https:\/\/autostil.ba\/maloprodaja\/wp-json\/wp\/v2\/media?parent=793049030"}],"wp:term":[{"taxonomy":"product_brand","embeddable":true,"href":"https:\/\/autostil.ba\/maloprodaja\/wp-json\/wp\/v2\/product_brand?post=793049030"},{"taxonomy":"product_cat","embeddable":true,"href":"https:\/\/autostil.ba\/maloprodaja\/wp-json\/wp\/v2\/product_cat?post=793049030"},{"taxonomy":"product_tag","embeddable":true,"href":"https:\/\/autostil.ba\/maloprodaja\/wp-json\/wp\/v2\/product_tag?post=793049030"}],"curies":[{"name":"wp","href":"https:\/\/api.w.org\/{rel}","templated":true}]}}