{"id":793048938,"date":"2025-11-11T15:02:57","date_gmt":"2025-11-11T13:02:57","guid":{"rendered":"https:\/\/autostil.ba\/maloprodaja\/?post_type=product&#038;p=793048938"},"modified":"2026-04-08T12:40:12","modified_gmt":"2026-04-08T10:40:12","slug":"prekidac-sa-maskom-crveni-svijetleci-12-24v","status":"publish","type":"product","link":"https:\/\/autostil.ba\/maloprodaja\/proizvod\/14505\/prekidac-sa-maskom-crveni-svijetleci-12-24v\/","title":{"rendered":"PREKIDA\u010c SA MASKOM CRVENI SVIJETLE\u0106I 12\/24V"},"content":{"rendered":"","protected":false},"excerpt":{"rendered":"<p><strong>TOP GUN SWITCH:<\/strong><\/p>\n<p>12V 24V 20A<\/p>\n<p>Prekida\u010d zahtijeva da se poklopac prvo podigne (\u201eotklju\u010dan\u201c). Zatim prebacite ru\u010dicu prekida\u010da.<\/p>\n<p>&nbsp;<\/p>\n<p><strong>OFF:<\/strong><\/p>\n<p>Zatvorite poklopac i poluga prekida\u010da \u0107e se automatski vratiti u prvobitni polo\u017eaj.<\/p>\n<p>&nbsp;<\/p>\n<p><strong>TEHNI\u010cKE SPECIFIKACIJE:<\/strong><\/p>\n<p>-12\/24V<\/p>\n<p>-20A<\/p>\n<p>-OFF funkcija<\/p>\n<p>-boja osvjetljenja: crvena<\/p>\n<p>-konektori za povezivanje: 6.3mm<\/p>\n<p>-pre\u010dnik rupe za monta\u017eu: 12mm<\/p>\n<p>-radna temperatura: -20\u00b0C do 70\u00b0C<\/p>\n<p>-\u017eivotni vek: 5000 ciklusa<\/p>\n<p>&#8211; rupa za monta\u017eu fi12mm<\/p>\n<p>Visokokvalitetna izrada, garancija dugoro\u010dne pouzdanosti.<\/p>\n","protected":false},"featured_media":793048940,"comment_status":"open","ping_status":"closed","template":"","meta":{"_acf_changed":false,"inline_featured_image":false},"product_brand":[],"product_cat":[87],"product_tag":[],"class_list":{"0":"post-793048938","1":"product","2":"type-product","3":"status-publish","4":"has-post-thumbnail","6":"product_cat-prekidaci","8":"first","9":"instock","10":"taxable","11":"shipping-taxable","12":"purchasable","13":"product-type-simple"},"acf":[],"custom_product_id":"14505","_links":{"self":[{"href":"https:\/\/autostil.ba\/maloprodaja\/wp-json\/wp\/v2\/product\/793048938","targetHints":{"allow":["GET"]}}],"collection":[{"href":"https:\/\/autostil.ba\/maloprodaja\/wp-json\/wp\/v2\/product"}],"about":[{"href":"https:\/\/autostil.ba\/maloprodaja\/wp-json\/wp\/v2\/types\/product"}],"replies":[{"embeddable":true,"href":"https:\/\/autostil.ba\/maloprodaja\/wp-json\/wp\/v2\/comments?post=793048938"}],"version-history":[{"count":1,"href":"https:\/\/autostil.ba\/maloprodaja\/wp-json\/wp\/v2\/product\/793048938\/revisions"}],"predecessor-version":[{"id":793048939,"href":"https:\/\/autostil.ba\/maloprodaja\/wp-json\/wp\/v2\/product\/793048938\/revisions\/793048939"}],"wp:featuredmedia":[{"embeddable":true,"href":"https:\/\/autostil.ba\/maloprodaja\/wp-json\/wp\/v2\/media\/793048940"}],"wp:attachment":[{"href":"https:\/\/autostil.ba\/maloprodaja\/wp-json\/wp\/v2\/media?parent=793048938"}],"wp:term":[{"taxonomy":"product_brand","embeddable":true,"href":"https:\/\/autostil.ba\/maloprodaja\/wp-json\/wp\/v2\/product_brand?post=793048938"},{"taxonomy":"product_cat","embeddable":true,"href":"https:\/\/autostil.ba\/maloprodaja\/wp-json\/wp\/v2\/product_cat?post=793048938"},{"taxonomy":"product_tag","embeddable":true,"href":"https:\/\/autostil.ba\/maloprodaja\/wp-json\/wp\/v2\/product_tag?post=793048938"}],"curies":[{"name":"wp","href":"https:\/\/api.w.org\/{rel}","templated":true}]}}