{"id":793046754,"date":"2025-08-25T15:06:23","date_gmt":"2025-08-25T13:06:23","guid":{"rendered":"https:\/\/autostil.ba\/maloprodaja\/?post_type=product&#038;p=793046754"},"modified":"2026-04-08T12:36:15","modified_gmt":"2026-04-08T10:36:15","slug":"distanceri-15mm-5x112-fi57-1mm-m14mm-set-2-komada","status":"publish","type":"product","link":"https:\/\/autostil.ba\/maloprodaja\/proizvod\/14102\/distanceri-15mm-5x112-fi57-1mm-m14mm-set-2-komada\/","title":{"rendered":"DISTANCERI 15mm 5X112 FI57.1mm M14mm (SET 2 KOMADA)"},"content":{"rendered":"","protected":false},"excerpt":{"rendered":"<p>Proizveden od visokokvalitetne legure aluminijuma i precizno obra\u0111en kako bi se osigurao proizvod vrhunskih performansi. Odstojnici za to\u010dkove se dobijaju od \u0161ipke \u010dvrste aluminijumske legure i obra\u0111uju se pomo\u0107u preciznih ma\u0161ina kako bi se prilagodili svakom specifi\u010dnom modelu automobila. Vijci se moraju posebno naru\u010diti. Debljina: 15mm; Raspon rupa: 5x112mm; Promjer centralne rupe: 57,1mm; Promjer rupe za \u0161araf: 14mm.<\/p>\n","protected":false},"featured_media":793046743,"comment_status":"open","ping_status":"closed","template":"","meta":{"_acf_changed":false,"inline_featured_image":false},"product_brand":[],"product_cat":[88],"product_tag":[],"class_list":{"0":"post-793046754","1":"product","2":"type-product","3":"status-publish","4":"has-post-thumbnail","6":"product_cat-distanceri","8":"first","9":"instock","10":"taxable","11":"shipping-taxable","12":"purchasable","13":"product-type-simple"},"acf":[],"custom_product_id":"14102","_links":{"self":[{"href":"https:\/\/autostil.ba\/maloprodaja\/wp-json\/wp\/v2\/product\/793046754","targetHints":{"allow":["GET"]}}],"collection":[{"href":"https:\/\/autostil.ba\/maloprodaja\/wp-json\/wp\/v2\/product"}],"about":[{"href":"https:\/\/autostil.ba\/maloprodaja\/wp-json\/wp\/v2\/types\/product"}],"replies":[{"embeddable":true,"href":"https:\/\/autostil.ba\/maloprodaja\/wp-json\/wp\/v2\/comments?post=793046754"}],"version-history":[{"count":2,"href":"https:\/\/autostil.ba\/maloprodaja\/wp-json\/wp\/v2\/product\/793046754\/revisions"}],"predecessor-version":[{"id":793049510,"href":"https:\/\/autostil.ba\/maloprodaja\/wp-json\/wp\/v2\/product\/793046754\/revisions\/793049510"}],"wp:featuredmedia":[{"embeddable":true,"href":"https:\/\/autostil.ba\/maloprodaja\/wp-json\/wp\/v2\/media\/793046743"}],"wp:attachment":[{"href":"https:\/\/autostil.ba\/maloprodaja\/wp-json\/wp\/v2\/media?parent=793046754"}],"wp:term":[{"taxonomy":"product_brand","embeddable":true,"href":"https:\/\/autostil.ba\/maloprodaja\/wp-json\/wp\/v2\/product_brand?post=793046754"},{"taxonomy":"product_cat","embeddable":true,"href":"https:\/\/autostil.ba\/maloprodaja\/wp-json\/wp\/v2\/product_cat?post=793046754"},{"taxonomy":"product_tag","embeddable":true,"href":"https:\/\/autostil.ba\/maloprodaja\/wp-json\/wp\/v2\/product_tag?post=793046754"}],"curies":[{"name":"wp","href":"https:\/\/api.w.org\/{rel}","templated":true}]}}