{"id":793046134,"date":"2025-11-19T14:57:15","date_gmt":"2025-11-19T12:57:15","guid":{"rendered":"https:\/\/autostil.ba\/maloprodaja\/?post_type=product&#038;p=793046134"},"modified":"2026-04-08T12:35:19","modified_gmt":"2026-04-08T10:35:19","slug":"kofer-za-krovni-nosac-g3-bicube-520-crni-500l-177x92x44-cm","status":"publish","type":"product","link":"https:\/\/autostil.ba\/maloprodaja\/proizvod\/8076\/kofer-za-krovni-nosac-g3-bicube-520-crni-500l-177x92x44-cm\/","title":{"rendered":"KOFER ZA KROVNI NOSA\u010c G3 BICUBE 520+ CRNI \/ 500L 177x92x44 cm"},"content":{"rendered":"","protected":false},"excerpt":{"rendered":"<p>Krovni kofer, Dimenzije: du\u017eina 1769 mm; \u0161irina 917 mm; visina 436 mm; unutra\u0161nja du\u017eina 1669 mm; unutra\u0161nja \u0161irina 817 mm; unutra\u0161nja visina 426 mm. Prava testirana zapremina 500 l. Boja crna. Neto te\u017eina 14,5 kg, bruto te\u017eina 19,6 kg. Maksimalno optere\u0107enje 75 kg. Materijal PS UV za\u0161ti\u0107en. Otvaranje sa obe strane. Prednja opruga K3.014 \/ straga K3.014. Brava dupla centralizovana.<\/p>\n","protected":false},"featured_media":793046218,"comment_status":"open","ping_status":"closed","template":"","meta":{"_acf_changed":false,"inline_featured_image":false},"product_brand":[],"product_cat":[153],"product_tag":[],"class_list":{"0":"post-793046134","1":"product","2":"type-product","3":"status-publish","4":"has-post-thumbnail","6":"product_cat-krovni-koferi","8":"first","9":"instock","10":"taxable","11":"shipping-taxable","12":"purchasable","13":"product-type-simple"},"acf":[],"custom_product_id":"8076","_links":{"self":[{"href":"https:\/\/autostil.ba\/maloprodaja\/wp-json\/wp\/v2\/product\/793046134","targetHints":{"allow":["GET"]}}],"collection":[{"href":"https:\/\/autostil.ba\/maloprodaja\/wp-json\/wp\/v2\/product"}],"about":[{"href":"https:\/\/autostil.ba\/maloprodaja\/wp-json\/wp\/v2\/types\/product"}],"replies":[{"embeddable":true,"href":"https:\/\/autostil.ba\/maloprodaja\/wp-json\/wp\/v2\/comments?post=793046134"}],"version-history":[{"count":3,"href":"https:\/\/autostil.ba\/maloprodaja\/wp-json\/wp\/v2\/product\/793046134\/revisions"}],"predecessor-version":[{"id":793046231,"href":"https:\/\/autostil.ba\/maloprodaja\/wp-json\/wp\/v2\/product\/793046134\/revisions\/793046231"}],"wp:featuredmedia":[{"embeddable":true,"href":"https:\/\/autostil.ba\/maloprodaja\/wp-json\/wp\/v2\/media\/793046218"}],"wp:attachment":[{"href":"https:\/\/autostil.ba\/maloprodaja\/wp-json\/wp\/v2\/media?parent=793046134"}],"wp:term":[{"taxonomy":"product_brand","embeddable":true,"href":"https:\/\/autostil.ba\/maloprodaja\/wp-json\/wp\/v2\/product_brand?post=793046134"},{"taxonomy":"product_cat","embeddable":true,"href":"https:\/\/autostil.ba\/maloprodaja\/wp-json\/wp\/v2\/product_cat?post=793046134"},{"taxonomy":"product_tag","embeddable":true,"href":"https:\/\/autostil.ba\/maloprodaja\/wp-json\/wp\/v2\/product_tag?post=793046134"}],"curies":[{"name":"wp","href":"https:\/\/api.w.org\/{rel}","templated":true}]}}