{"id":793044225,"date":"2025-02-18T12:19:27","date_gmt":"2025-02-18T10:19:27","guid":{"rendered":"https:\/\/autostil.ba\/maloprodaja\/?post_type=product&#038;p=793044225"},"modified":"2026-04-08T12:34:49","modified_gmt":"2026-04-08T10:34:49","slug":"poklopci-sarafa-tocka-hrom-17-20-1-max","status":"publish","type":"product","link":"https:\/\/autostil.ba\/maloprodaja\/proizvod\/13551\/poklopci-sarafa-tocka-hrom-17-20-1-max\/","title":{"rendered":"POKLOPCI \u0160ARAFA TO\u010cKA HROM 17&#8243; 20\/1 MAX"},"content":{"rendered":"","protected":false},"excerpt":{"rendered":"<p>Set od 20 ukrasnih poklopaca za vijke<br \/>\nPogodno za vijke pre\u010dnika 17 mm<br \/>\nChrome dizajn<br \/>\nSpektakularan dodatak za to\u010dkove automobila<br \/>\nMaterijal: ABS<br \/>\nVisina (vanjski): 16,5 mm<br \/>\nJednostavna monta\u017ea samo klizanjem<br \/>\nRastavljaju se pomo\u0107u posebnog klju\u010da &#8211; uklju\u010denog u paket<\/p>\n","protected":false},"featured_media":793044226,"comment_status":"open","ping_status":"closed","template":"","meta":{"_acf_changed":false,"inline_featured_image":false},"product_brand":[],"product_cat":[127],"product_tag":[],"class_list":{"0":"post-793044225","1":"product","2":"type-product","3":"status-publish","4":"has-post-thumbnail","6":"product_cat-poklopci-sarafa-tocka","8":"first","9":"instock","10":"taxable","11":"shipping-taxable","12":"purchasable","13":"product-type-simple"},"acf":[],"custom_product_id":"13551","_links":{"self":[{"href":"https:\/\/autostil.ba\/maloprodaja\/wp-json\/wp\/v2\/product\/793044225","targetHints":{"allow":["GET"]}}],"collection":[{"href":"https:\/\/autostil.ba\/maloprodaja\/wp-json\/wp\/v2\/product"}],"about":[{"href":"https:\/\/autostil.ba\/maloprodaja\/wp-json\/wp\/v2\/types\/product"}],"replies":[{"embeddable":true,"href":"https:\/\/autostil.ba\/maloprodaja\/wp-json\/wp\/v2\/comments?post=793044225"}],"version-history":[{"count":1,"href":"https:\/\/autostil.ba\/maloprodaja\/wp-json\/wp\/v2\/product\/793044225\/revisions"}],"predecessor-version":[{"id":793044227,"href":"https:\/\/autostil.ba\/maloprodaja\/wp-json\/wp\/v2\/product\/793044225\/revisions\/793044227"}],"wp:featuredmedia":[{"embeddable":true,"href":"https:\/\/autostil.ba\/maloprodaja\/wp-json\/wp\/v2\/media\/793044226"}],"wp:attachment":[{"href":"https:\/\/autostil.ba\/maloprodaja\/wp-json\/wp\/v2\/media?parent=793044225"}],"wp:term":[{"taxonomy":"product_brand","embeddable":true,"href":"https:\/\/autostil.ba\/maloprodaja\/wp-json\/wp\/v2\/product_brand?post=793044225"},{"taxonomy":"product_cat","embeddable":true,"href":"https:\/\/autostil.ba\/maloprodaja\/wp-json\/wp\/v2\/product_cat?post=793044225"},{"taxonomy":"product_tag","embeddable":true,"href":"https:\/\/autostil.ba\/maloprodaja\/wp-json\/wp\/v2\/product_tag?post=793044225"}],"curies":[{"name":"wp","href":"https:\/\/api.w.org\/{rel}","templated":true}]}}