{"id":793044213,"date":"2025-02-18T11:48:25","date_gmt":"2025-02-18T09:48:25","guid":{"rendered":"https:\/\/autostil.ba\/maloprodaja\/?post_type=product&#038;p=793044213"},"modified":"2026-04-08T12:34:43","modified_gmt":"2026-04-08T10:34:43","slug":"mreza-za-prikolicu-220x130cm-max","status":"publish","type":"product","link":"https:\/\/autostil.ba\/maloprodaja\/proizvod\/13547\/mreza-za-prikolicu-220x130cm-max\/","title":{"rendered":"MRE\u017dA ZA PRIKOLICU 220x130cm MAX"},"content":{"rendered":"","protected":false},"excerpt":{"rendered":"<p>Mre\u017ea za kolica je dizajnirana za osiguranje tereta za prikolice i platforme. Zahvaljuju\u0107i svojoj strukturi, optimalno se prilago\u0111ava optere\u0107enju. Debljina materijala je 3 mm, a veli\u010dina mre\u017ee 45 mm. Opseg mre\u017ee je formiran gumenim u\u017eetom, kojim se mre\u017ea mo\u017ee lako pri\u010dvrstiti.<\/p>\n<p>Boja mre\u017ee: zelena (fotografija je ilustrativna)<br \/>\nDimenzije: 220 x 130 cm<br \/>\nElasti\u010dna mre\u017ea za prikolicu savr\u0161eno se prilago\u0111ava va\u0161oj prikolici<br \/>\nElasti\u010dna traka je fleksibilna i prilago\u0111ava se optere\u0107enju<br \/>\nGarantuje sigurno pri\u010dvr\u0161\u0107ivanje i pokrivanje tereta<\/p>\n","protected":false},"featured_media":793044214,"comment_status":"open","ping_status":"closed","template":"","meta":{"_acf_changed":false,"inline_featured_image":false},"product_brand":[],"product_cat":[894],"product_tag":[],"class_list":{"0":"post-793044213","1":"product","2":"type-product","3":"status-publish","4":"has-post-thumbnail","6":"product_cat-spaneri-i-mreze","8":"first","9":"instock","10":"taxable","11":"shipping-taxable","12":"purchasable","13":"product-type-simple"},"acf":[],"custom_product_id":"13547","_links":{"self":[{"href":"https:\/\/autostil.ba\/maloprodaja\/wp-json\/wp\/v2\/product\/793044213","targetHints":{"allow":["GET"]}}],"collection":[{"href":"https:\/\/autostil.ba\/maloprodaja\/wp-json\/wp\/v2\/product"}],"about":[{"href":"https:\/\/autostil.ba\/maloprodaja\/wp-json\/wp\/v2\/types\/product"}],"replies":[{"embeddable":true,"href":"https:\/\/autostil.ba\/maloprodaja\/wp-json\/wp\/v2\/comments?post=793044213"}],"version-history":[{"count":1,"href":"https:\/\/autostil.ba\/maloprodaja\/wp-json\/wp\/v2\/product\/793044213\/revisions"}],"predecessor-version":[{"id":793044215,"href":"https:\/\/autostil.ba\/maloprodaja\/wp-json\/wp\/v2\/product\/793044213\/revisions\/793044215"}],"wp:featuredmedia":[{"embeddable":true,"href":"https:\/\/autostil.ba\/maloprodaja\/wp-json\/wp\/v2\/media\/793044214"}],"wp:attachment":[{"href":"https:\/\/autostil.ba\/maloprodaja\/wp-json\/wp\/v2\/media?parent=793044213"}],"wp:term":[{"taxonomy":"product_brand","embeddable":true,"href":"https:\/\/autostil.ba\/maloprodaja\/wp-json\/wp\/v2\/product_brand?post=793044213"},{"taxonomy":"product_cat","embeddable":true,"href":"https:\/\/autostil.ba\/maloprodaja\/wp-json\/wp\/v2\/product_cat?post=793044213"},{"taxonomy":"product_tag","embeddable":true,"href":"https:\/\/autostil.ba\/maloprodaja\/wp-json\/wp\/v2\/product_tag?post=793044213"}],"curies":[{"name":"wp","href":"https:\/\/api.w.org\/{rel}","templated":true}]}}

MREŽA ZA PRIKOLICU 220x130cm MAX

<p>Mreža za kolica je dizajnirana za osiguranje tereta za prikolice i platforme. Zahvaljujući svojoj strukturi, optimalno se prilagođava opterećenju. Debljina materijala je 3 mm, a veličina mreže 45 mm. Opseg mreže je formiran gumenim užetom, kojim se mreža može lako pričvrstiti.</p>
<p>Boja mreže: zelena (fotografija je ilustrativna)<br />
Dimenzije: 220 x 130 cm<br />
Elastična mreža za prikolicu savršeno se prilagođava vašoj prikolici<br />
Elastična traka je fleksibilna i prilagođava se opterećenju<br />
Garantuje sigurno pričvršćivanje i pokrivanje tereta</p>
