{"id":793042118,"date":"2024-09-05T09:29:25","date_gmt":"2024-09-05T07:29:25","guid":{"rendered":"https:\/\/autostil.ba\/maloprodaja\/?post_type=product&#038;p=793042118"},"modified":"2026-04-08T12:33:47","modified_gmt":"2026-04-08T10:33:47","slug":"utikac-za-prikolicu-13-7-pinova-lampa","status":"publish","type":"product","link":"https:\/\/autostil.ba\/maloprodaja\/proizvod\/13483\/utikac-za-prikolicu-13-7-pinova-lampa\/","title":{"rendered":"UTIKA\u010c ZA PRIKOLICU 13-7 PINOVA LAMPA"},"content":{"rendered":"","protected":false},"excerpt":{"rendered":"<p>UTIKA\u010c ZA PRIKOLICU 13-7 PINOVA LAMPA;  13 PINOVA MU\u0160KIH, 7 PINOVA \u017dENSKIH<\/p>\n","protected":false},"featured_media":160266,"comment_status":"open","ping_status":"closed","template":"","meta":{"_acf_changed":false,"inline_featured_image":false},"product_brand":[],"product_cat":[109],"product_tag":[],"class_list":{"0":"post-793042118","1":"product","2":"type-product","3":"status-publish","4":"has-post-thumbnail","6":"product_cat-uticnice-utikaci-redukcije","8":"first","9":"instock","10":"taxable","11":"shipping-taxable","12":"purchasable","13":"product-type-simple"},"acf":[],"custom_product_id":"13483","_links":{"self":[{"href":"https:\/\/autostil.ba\/maloprodaja\/wp-json\/wp\/v2\/product\/793042118","targetHints":{"allow":["GET"]}}],"collection":[{"href":"https:\/\/autostil.ba\/maloprodaja\/wp-json\/wp\/v2\/product"}],"about":[{"href":"https:\/\/autostil.ba\/maloprodaja\/wp-json\/wp\/v2\/types\/product"}],"replies":[{"embeddable":true,"href":"https:\/\/autostil.ba\/maloprodaja\/wp-json\/wp\/v2\/comments?post=793042118"}],"version-history":[{"count":1,"href":"https:\/\/autostil.ba\/maloprodaja\/wp-json\/wp\/v2\/product\/793042118\/revisions"}],"predecessor-version":[{"id":793042119,"href":"https:\/\/autostil.ba\/maloprodaja\/wp-json\/wp\/v2\/product\/793042118\/revisions\/793042119"}],"wp:featuredmedia":[{"embeddable":true,"href":"https:\/\/autostil.ba\/maloprodaja\/wp-json\/wp\/v2\/media\/160266"}],"wp:attachment":[{"href":"https:\/\/autostil.ba\/maloprodaja\/wp-json\/wp\/v2\/media?parent=793042118"}],"wp:term":[{"taxonomy":"product_brand","embeddable":true,"href":"https:\/\/autostil.ba\/maloprodaja\/wp-json\/wp\/v2\/product_brand?post=793042118"},{"taxonomy":"product_cat","embeddable":true,"href":"https:\/\/autostil.ba\/maloprodaja\/wp-json\/wp\/v2\/product_cat?post=793042118"},{"taxonomy":"product_tag","embeddable":true,"href":"https:\/\/autostil.ba\/maloprodaja\/wp-json\/wp\/v2\/product_tag?post=793042118"}],"curies":[{"name":"wp","href":"https:\/\/api.w.org\/{rel}","templated":true}]}}