{"id":793042100,"date":"2024-09-05T07:22:08","date_gmt":"2024-09-05T05:22:08","guid":{"rendered":"https:\/\/autostil.ba\/maloprodaja\/?post_type=product&#038;p=793042100"},"modified":"2026-04-08T12:33:47","modified_gmt":"2026-04-08T10:33:47","slug":"sprej-plasti-dip-karbon-sjaj-dupli-color-400ml","status":"publish","type":"product","link":"https:\/\/autostil.ba\/maloprodaja\/proizvod\/13429\/sprej-plasti-dip-karbon-sjaj-dupli-color-400ml\/","title":{"rendered":"SPREJ PLASTI DIP KARBON SJAJ DUPLI COLOR 400ml"},"content":{"rendered":"","protected":false},"excerpt":{"rendered":"<p>Brzo promijenite dizajn povr\u0161ine sa SPRAYPLAST lakom koji se mo\u017ee skidati. Mo\u017eete vrlo individualno dizajnirati izgled npr. va\u0161e felge ili druge predmete i dijelove automobila. Ako vam se boja vi\u0161e ne svi\u0111a, jednostavno skinite foliju koju ste prethodno naprskali.<\/p>\n<p>SPRAYPLAST nije prikladan samo za dizajn va\u0161ih felgi, ve\u0107 ga mo\u017eete nanijeti i na prazni metal, sve 2K premaze, tvrdu plastiku koja se mo\u017ee farbati i na staklo. \u010cak i slikanje velikih povr\u0161ina npr. auto karoserijskih dijelova je mogu\u0107e, ako se nanese dovoljno debeli sloj.<\/p>\n<p>SPRAYPLAST nije pogodan za farbanje farova, stra\u017enjih svjetala ili drugih povr\u0161ina od polikarbonata. Ovisno o veli\u010dini i strukturi naplatka, sadr\u017eaj jednog aerosola mo\u017ee biti dovoljan za do 2 felne.<\/p>\n<p>SPRAYPLAST nije pogodan samo za farbanje automobila, ve\u0107 i predmeta svakodnevne upotrebe.<\/p>\n<p>Preporu\u010dujemo nano\u0161enje najmanje 5 slojeva.<\/p>\n","protected":false},"featured_media":160215,"comment_status":"open","ping_status":"closed","template":"","meta":{"_acf_changed":false,"inline_featured_image":false},"product_brand":[],"product_cat":[68],"product_tag":[],"class_list":{"0":"post-793042100","1":"product","2":"type-product","3":"status-publish","4":"has-post-thumbnail","6":"product_cat-sprejevi-za-farbanje","8":"first","9":"instock","10":"taxable","11":"shipping-taxable","12":"purchasable","13":"product-type-simple"},"acf":[],"custom_product_id":"13429","_links":{"self":[{"href":"https:\/\/autostil.ba\/maloprodaja\/wp-json\/wp\/v2\/product\/793042100","targetHints":{"allow":["GET"]}}],"collection":[{"href":"https:\/\/autostil.ba\/maloprodaja\/wp-json\/wp\/v2\/product"}],"about":[{"href":"https:\/\/autostil.ba\/maloprodaja\/wp-json\/wp\/v2\/types\/product"}],"replies":[{"embeddable":true,"href":"https:\/\/autostil.ba\/maloprodaja\/wp-json\/wp\/v2\/comments?post=793042100"}],"version-history":[{"count":1,"href":"https:\/\/autostil.ba\/maloprodaja\/wp-json\/wp\/v2\/product\/793042100\/revisions"}],"predecessor-version":[{"id":793042101,"href":"https:\/\/autostil.ba\/maloprodaja\/wp-json\/wp\/v2\/product\/793042100\/revisions\/793042101"}],"wp:featuredmedia":[{"embeddable":true,"href":"https:\/\/autostil.ba\/maloprodaja\/wp-json\/wp\/v2\/media\/160215"}],"wp:attachment":[{"href":"https:\/\/autostil.ba\/maloprodaja\/wp-json\/wp\/v2\/media?parent=793042100"}],"wp:term":[{"taxonomy":"product_brand","embeddable":true,"href":"https:\/\/autostil.ba\/maloprodaja\/wp-json\/wp\/v2\/product_brand?post=793042100"},{"taxonomy":"product_cat","embeddable":true,"href":"https:\/\/autostil.ba\/maloprodaja\/wp-json\/wp\/v2\/product_cat?post=793042100"},{"taxonomy":"product_tag","embeddable":true,"href":"https:\/\/autostil.ba\/maloprodaja\/wp-json\/wp\/v2\/product_tag?post=793042100"}],"curies":[{"name":"wp","href":"https:\/\/api.w.org\/{rel}","templated":true}]}}