{"id":155823,"date":"2024-10-25T09:07:41","date_gmt":"2024-10-25T07:07:41","guid":{"rendered":"https:\/\/autostil.ba\/maloprodaja\/?post_type=product&#038;p=155823"},"modified":"2026-04-17T12:00:56","modified_gmt":"2026-04-17T10:00:56","slug":"krovni-nosac-g3-mercedes-glc-coupe-5p-od-2016-aerotwin","status":"publish","type":"product","link":"https:\/\/autostil.ba\/maloprodaja\/proizvod\/10627\/krovni-nosac-g3-mercedes-glc-coupe-5p-od-2016-aerotwin\/","title":{"rendered":"KROVNI NOSA\u010c G3 MERCEDES GLC COUPE 5P (C253\/C254) 2016-2022-&gt; (AEROTWIN)"},"content":{"rendered":"","protected":false},"excerpt":{"rendered":"<p>KROVNI NOSA\u010c G3 MERCEDES GLC COUPE 5P (C253\/C254) 2016-2022-&gt; (AERODINAMI\u010cKE ALUMINIJUMSKE \u0160IPKE)<\/p>\n<p><strong>NAPOMENA: NAKON MONTIRANJA KROVNOG NOSA\u010cA, NE OTVARATI PANORAMSKI KROV UKOLIKO GA VOZILO POSJEDUJE I UKOLIKO IMA OPCIJU OTVARANJA, JER MO\u017dE DA UDARI U NOSA\u010c !!<\/strong><\/p>\n","protected":false},"featured_media":793045224,"comment_status":"open","ping_status":"closed","template":"","meta":{"_acf_changed":false,"inline_featured_image":false},"product_brand":[],"product_cat":[134],"product_tag":[],"class_list":{"0":"post-155823","1":"product","2":"type-product","3":"status-publish","4":"has-post-thumbnail","6":"product_cat-krovni-nosaci-tipski","7":"pa_brend-mercedes","9":"first","10":"instock","11":"taxable","12":"shipping-taxable","13":"purchasable","14":"product-type-simple"},"acf":[],"custom_product_id":"10627","_links":{"self":[{"href":"https:\/\/autostil.ba\/maloprodaja\/wp-json\/wp\/v2\/product\/155823","targetHints":{"allow":["GET"]}}],"collection":[{"href":"https:\/\/autostil.ba\/maloprodaja\/wp-json\/wp\/v2\/product"}],"about":[{"href":"https:\/\/autostil.ba\/maloprodaja\/wp-json\/wp\/v2\/types\/product"}],"replies":[{"embeddable":true,"href":"https:\/\/autostil.ba\/maloprodaja\/wp-json\/wp\/v2\/comments?post=155823"}],"version-history":[{"count":2,"href":"https:\/\/autostil.ba\/maloprodaja\/wp-json\/wp\/v2\/product\/155823\/revisions"}],"predecessor-version":[{"id":793056117,"href":"https:\/\/autostil.ba\/maloprodaja\/wp-json\/wp\/v2\/product\/155823\/revisions\/793056117"}],"wp:featuredmedia":[{"embeddable":true,"href":"https:\/\/autostil.ba\/maloprodaja\/wp-json\/wp\/v2\/media\/793045224"}],"wp:attachment":[{"href":"https:\/\/autostil.ba\/maloprodaja\/wp-json\/wp\/v2\/media?parent=155823"}],"wp:term":[{"taxonomy":"product_brand","embeddable":true,"href":"https:\/\/autostil.ba\/maloprodaja\/wp-json\/wp\/v2\/product_brand?post=155823"},{"taxonomy":"product_cat","embeddable":true,"href":"https:\/\/autostil.ba\/maloprodaja\/wp-json\/wp\/v2\/product_cat?post=155823"},{"taxonomy":"product_tag","embeddable":true,"href":"https:\/\/autostil.ba\/maloprodaja\/wp-json\/wp\/v2\/product_tag?post=155823"}],"curies":[{"name":"wp","href":"https:\/\/api.w.org\/{rel}","templated":true}]}}