{"id":154153,"date":"2024-07-18T09:57:01","date_gmt":"2024-07-18T09:57:01","guid":{"rendered":"https:\/\/autostil.ba\/maloprodaja\/?post_type=product&#038;p=154153"},"modified":"2026-04-08T12:28:50","modified_gmt":"2026-04-08T10:28:50","slug":"filter-zraka-sportski-mali-2","status":"publish","type":"product","link":"https:\/\/autostil.ba\/maloprodaja\/proizvod\/10327\/filter-zraka-sportski-mali-2\/","title":{"rendered":"FILTER ZRAKA SPORTSKI MALI"},"content":{"rendered":"","protected":false},"excerpt":{"rendered":"<p>Direktna instalacija na ulazu zraka.<\/p>\n<p>Jednostavna monta\u017ea kroz \u010deli\u010dnu traku<\/p>\n<p>Ekskluzivni trka\u0107i izgled<\/p>\n<p>Ve\u0107e performanse zahvaljuju\u0107i direktnom slobodnom protoku zraka bez ikakvog su\u017eenja<\/p>\n<p>Precizna filtracija zraka<\/p>\n<p>Visina mm 70 &#8211; Baza \u00d8 mm 75 &#8211; Priklju\u010dak \u00d8 12 mm<\/p>\n","protected":false},"featured_media":154154,"comment_status":"open","ping_status":"closed","template":"","meta":{"_acf_changed":false,"inline_featured_image":false},"product_brand":[],"product_cat":[74],"product_tag":[],"class_list":{"0":"post-154153","1":"product","2":"type-product","3":"status-publish","4":"has-post-thumbnail","6":"product_cat-filteri-sportski","8":"first","9":"instock","10":"taxable","11":"shipping-taxable","12":"purchasable","13":"product-type-simple"},"acf":[],"custom_product_id":"10327","_links":{"self":[{"href":"https:\/\/autostil.ba\/maloprodaja\/wp-json\/wp\/v2\/product\/154153","targetHints":{"allow":["GET"]}}],"collection":[{"href":"https:\/\/autostil.ba\/maloprodaja\/wp-json\/wp\/v2\/product"}],"about":[{"href":"https:\/\/autostil.ba\/maloprodaja\/wp-json\/wp\/v2\/types\/product"}],"replies":[{"embeddable":true,"href":"https:\/\/autostil.ba\/maloprodaja\/wp-json\/wp\/v2\/comments?post=154153"}],"version-history":[{"count":2,"href":"https:\/\/autostil.ba\/maloprodaja\/wp-json\/wp\/v2\/product\/154153\/revisions"}],"predecessor-version":[{"id":160004,"href":"https:\/\/autostil.ba\/maloprodaja\/wp-json\/wp\/v2\/product\/154153\/revisions\/160004"}],"wp:featuredmedia":[{"embeddable":true,"href":"https:\/\/autostil.ba\/maloprodaja\/wp-json\/wp\/v2\/media\/154154"}],"wp:attachment":[{"href":"https:\/\/autostil.ba\/maloprodaja\/wp-json\/wp\/v2\/media?parent=154153"}],"wp:term":[{"taxonomy":"product_brand","embeddable":true,"href":"https:\/\/autostil.ba\/maloprodaja\/wp-json\/wp\/v2\/product_brand?post=154153"},{"taxonomy":"product_cat","embeddable":true,"href":"https:\/\/autostil.ba\/maloprodaja\/wp-json\/wp\/v2\/product_cat?post=154153"},{"taxonomy":"product_tag","embeddable":true,"href":"https:\/\/autostil.ba\/maloprodaja\/wp-json\/wp\/v2\/product_tag?post=154153"}],"curies":[{"name":"wp","href":"https:\/\/api.w.org\/{rel}","templated":true}]}}