{"id":142043,"date":"2025-12-10T09:53:49","date_gmt":"2025-12-10T07:53:49","guid":{"rendered":"https:\/\/autostil.ba\/maloprodaja\/?post_type=product&#038;p=142043"},"modified":"2026-04-08T12:18:56","modified_gmt":"2026-04-08T10:18:56","slug":"retrovizor-bocni-produzeni","status":"publish","type":"product","link":"https:\/\/autostil.ba\/maloprodaja\/proizvod\/6851\/retrovizor-bocni-produzeni\/","title":{"rendered":"RETROVIZOR BO\u010cNI PRODU\u017dENI"},"content":{"rendered":"","protected":false},"excerpt":{"rendered":"<p>RETROVIZOR BO\u010cNI PRODU\u017dENI Retrovizor za vu\u010du. Jednostavno prika\u010dite na postoje\u0107i bo\u010dni retrovizor.<br \/>\nDimenzija: 150&#215;110 mm<\/p>\n","protected":false},"featured_media":142044,"comment_status":"open","ping_status":"closed","template":"","meta":{"_acf_changed":false,"inline_featured_image":false},"product_brand":[],"product_cat":[177],"product_tag":[],"class_list":{"0":"post-142043","1":"product","2":"type-product","3":"status-publish","4":"has-post-thumbnail","6":"product_cat-retrovizori-vanjski","8":"first","9":"instock","10":"taxable","11":"shipping-taxable","12":"purchasable","13":"product-type-simple"},"acf":[],"custom_product_id":"6851","_links":{"self":[{"href":"https:\/\/autostil.ba\/maloprodaja\/wp-json\/wp\/v2\/product\/142043","targetHints":{"allow":["GET"]}}],"collection":[{"href":"https:\/\/autostil.ba\/maloprodaja\/wp-json\/wp\/v2\/product"}],"about":[{"href":"https:\/\/autostil.ba\/maloprodaja\/wp-json\/wp\/v2\/types\/product"}],"replies":[{"embeddable":true,"href":"https:\/\/autostil.ba\/maloprodaja\/wp-json\/wp\/v2\/comments?post=142043"}],"version-history":[{"count":1,"href":"https:\/\/autostil.ba\/maloprodaja\/wp-json\/wp\/v2\/product\/142043\/revisions"}],"predecessor-version":[{"id":142045,"href":"https:\/\/autostil.ba\/maloprodaja\/wp-json\/wp\/v2\/product\/142043\/revisions\/142045"}],"wp:featuredmedia":[{"embeddable":true,"href":"https:\/\/autostil.ba\/maloprodaja\/wp-json\/wp\/v2\/media\/142044"}],"wp:attachment":[{"href":"https:\/\/autostil.ba\/maloprodaja\/wp-json\/wp\/v2\/media?parent=142043"}],"wp:term":[{"taxonomy":"product_brand","embeddable":true,"href":"https:\/\/autostil.ba\/maloprodaja\/wp-json\/wp\/v2\/product_brand?post=142043"},{"taxonomy":"product_cat","embeddable":true,"href":"https:\/\/autostil.ba\/maloprodaja\/wp-json\/wp\/v2\/product_cat?post=142043"},{"taxonomy":"product_tag","embeddable":true,"href":"https:\/\/autostil.ba\/maloprodaja\/wp-json\/wp\/v2\/product_tag?post=142043"}],"curies":[{"name":"wp","href":"https:\/\/api.w.org\/{rel}","templated":true}]}}