{"id":140853,"date":"2025-12-10T08:59:46","date_gmt":"2025-12-10T06:59:46","guid":{"rendered":"https:\/\/autostil.ba\/maloprodaja\/?post_type=product&#038;p=140853"},"modified":"2026-04-08T12:17:53","modified_gmt":"2026-04-08T10:17:53","slug":"dekor-traka-hromirana-5mmx10m","status":"publish","type":"product","link":"https:\/\/autostil.ba\/maloprodaja\/proizvod\/5888\/dekor-traka-hromirana-5mmx10m\/","title":{"rendered":"DEKOR TRAKA HROMIRANA 5mmX10m"},"content":{"rendered":"","protected":false},"excerpt":{"rendered":"<p>DEKOR TRAKA HROMIRANA 5mmX10m Specijalni hromirani ljepljivi film. Ultra tanka, fleksibilna, mo\u017ee se zakriviti u oblik i smanjiti po veli\u010dini. Specijalno ljepilo za sigurno i dugotrajno prijanjanje na bilo kojoj glatkoj povr\u0161ini. Pogodno za unutra\u0161nju i vanjsku upotrebu. Napravljen za karoseriju automobila, ogledala, svetla, odli\u010dan i na re\u0161etkama hladnjaka, odbojnicima, komandnim plo\u010dama, itd &#8230;<\/p>\n","protected":false},"featured_media":140854,"comment_status":"open","ping_status":"closed","template":"","meta":{"_acf_changed":false,"inline_featured_image":false},"product_brand":[],"product_cat":[128],"product_tag":[],"class_list":{"0":"post-140853","1":"product","2":"type-product","3":"status-publish","4":"has-post-thumbnail","6":"product_cat-dekor-i-zastitne-trake","8":"first","9":"instock","10":"taxable","11":"shipping-taxable","12":"purchasable","13":"product-type-simple"},"acf":[],"custom_product_id":"5888","_links":{"self":[{"href":"https:\/\/autostil.ba\/maloprodaja\/wp-json\/wp\/v2\/product\/140853","targetHints":{"allow":["GET"]}}],"collection":[{"href":"https:\/\/autostil.ba\/maloprodaja\/wp-json\/wp\/v2\/product"}],"about":[{"href":"https:\/\/autostil.ba\/maloprodaja\/wp-json\/wp\/v2\/types\/product"}],"replies":[{"embeddable":true,"href":"https:\/\/autostil.ba\/maloprodaja\/wp-json\/wp\/v2\/comments?post=140853"}],"version-history":[{"count":2,"href":"https:\/\/autostil.ba\/maloprodaja\/wp-json\/wp\/v2\/product\/140853\/revisions"}],"predecessor-version":[{"id":160000,"href":"https:\/\/autostil.ba\/maloprodaja\/wp-json\/wp\/v2\/product\/140853\/revisions\/160000"}],"wp:featuredmedia":[{"embeddable":true,"href":"https:\/\/autostil.ba\/maloprodaja\/wp-json\/wp\/v2\/media\/140854"}],"wp:attachment":[{"href":"https:\/\/autostil.ba\/maloprodaja\/wp-json\/wp\/v2\/media?parent=140853"}],"wp:term":[{"taxonomy":"product_brand","embeddable":true,"href":"https:\/\/autostil.ba\/maloprodaja\/wp-json\/wp\/v2\/product_brand?post=140853"},{"taxonomy":"product_cat","embeddable":true,"href":"https:\/\/autostil.ba\/maloprodaja\/wp-json\/wp\/v2\/product_cat?post=140853"},{"taxonomy":"product_tag","embeddable":true,"href":"https:\/\/autostil.ba\/maloprodaja\/wp-json\/wp\/v2\/product_tag?post=140853"}],"curies":[{"name":"wp","href":"https:\/\/api.w.org\/{rel}","templated":true}]}}