{"id":139373,"date":"2024-07-18T09:43:21","date_gmt":"2024-07-18T09:43:21","guid":{"rendered":"https:\/\/autostil.ba\/maloprodaja\/?post_type=product&#038;p=139373"},"modified":"2026-04-08T12:16:42","modified_gmt":"2026-04-08T10:16:42","slug":"navlake-noznih-komandingumene-cp-8","status":"publish","type":"product","link":"https:\/\/autostil.ba\/maloprodaja\/proizvod\/4329\/navlake-noznih-komandingumene-cp-8\/","title":{"rendered":"NAVLAKE NO\u017dNIH KOMANDInGUMENE CP 8"},"content":{"rendered":"","protected":false},"excerpt":{"rendered":"<p>NAVLAKE NO\u017dNIH KOMANDI GUMENE CP 8 Jastu\u010di\u0107i prilago\u0111eni pedali   CP 8. Pogodno za zamjenu originalnih poklopaca papu\u010dice ko\u010dnice i kva\u010dila. Izra\u0111ena od gume, povr\u0161ina protiv klizanja. Prilago\u0111en sistem ugradnje.<br \/>\nCompatible for<br \/>\nBrand\tModel\tYear<br \/>\nMini\tClubman (R55)\t11\/07&gt;08\/10<br \/>\nMini\tClubman (R55)\t09\/10&gt;06\/15<br \/>\nMini\tCountryman (R60)\t09\/10&gt;07\/14<br \/>\nMini\tCountryman (R60)\t08\/14&gt;01\/17<br \/>\nMini\tMini (F55)\t07\/14&gt;03\/18<br \/>\nMini\tMini (F55)\t04\/18&gt;03\/21<br \/>\nMini\tMini (F55)\t04\/21&gt;<br \/>\nMini\tMini (F56)\t03\/14&gt;03\/18<br \/>\nMini\tMini (F56)\t04\/18&gt;03\/21<br \/>\nMini\tMini (F56)\t04\/21&gt;<br \/>\nMini\tMini (R50)\t09\/01&gt;10\/06<br \/>\nMini\tMini (R56)\t11\/06&gt;02\/14<br \/>\nMini\tMini Cabrio (F57)\t03\/16&gt;03\/18<br \/>\nMini\tMini Cabrio (F57)\t04\/18&gt;03\/21<br \/>\nMini\tMini Cabrio (F57)\t04\/21&gt;<br \/>\nMini\tMini Cabrio (R57)\t03\/09&gt;08\/10<br \/>\nMini\tMini Cabrio (R57)\t09\/10&gt;02\/16<br \/>\nMini\tMini Coup\u00e8 (R58)\t07\/11&gt;04\/15<br \/>\nMini\tPaceman (R61)\t03\/13&gt;05\/17<br \/>\nMini\tRoadster (R59)\t01\/12&gt;12\/14<\/p>\n","protected":false},"featured_media":139374,"comment_status":"open","ping_status":"closed","template":"","meta":{"_acf_changed":false,"inline_featured_image":false},"product_brand":[],"product_cat":[158],"product_tag":[],"class_list":{"0":"post-139373","1":"product","2":"type-product","3":"status-publish","4":"has-post-thumbnail","6":"product_cat-navlake-noznih-komandi","8":"first","9":"instock","10":"taxable","11":"shipping-taxable","12":"purchasable","13":"product-type-simple"},"acf":[],"custom_product_id":"4329","_links":{"self":[{"href":"https:\/\/autostil.ba\/maloprodaja\/wp-json\/wp\/v2\/product\/139373","targetHints":{"allow":["GET"]}}],"collection":[{"href":"https:\/\/autostil.ba\/maloprodaja\/wp-json\/wp\/v2\/product"}],"about":[{"href":"https:\/\/autostil.ba\/maloprodaja\/wp-json\/wp\/v2\/types\/product"}],"replies":[{"embeddable":true,"href":"https:\/\/autostil.ba\/maloprodaja\/wp-json\/wp\/v2\/comments?post=139373"}],"version-history":[{"count":1,"href":"https:\/\/autostil.ba\/maloprodaja\/wp-json\/wp\/v2\/product\/139373\/revisions"}],"predecessor-version":[{"id":139375,"href":"https:\/\/autostil.ba\/maloprodaja\/wp-json\/wp\/v2\/product\/139373\/revisions\/139375"}],"wp:featuredmedia":[{"embeddable":true,"href":"https:\/\/autostil.ba\/maloprodaja\/wp-json\/wp\/v2\/media\/139374"}],"wp:attachment":[{"href":"https:\/\/autostil.ba\/maloprodaja\/wp-json\/wp\/v2\/media?parent=139373"}],"wp:term":[{"taxonomy":"product_brand","embeddable":true,"href":"https:\/\/autostil.ba\/maloprodaja\/wp-json\/wp\/v2\/product_brand?post=139373"},{"taxonomy":"product_cat","embeddable":true,"href":"https:\/\/autostil.ba\/maloprodaja\/wp-json\/wp\/v2\/product_cat?post=139373"},{"taxonomy":"product_tag","embeddable":true,"href":"https:\/\/autostil.ba\/maloprodaja\/wp-json\/wp\/v2\/product_tag?post=139373"}],"curies":[{"name":"wp","href":"https:\/\/api.w.org\/{rel}","templated":true}]}}