{"id":138403,"date":"2025-10-14T12:12:28","date_gmt":"2025-10-14T10:12:28","guid":{"rendered":"https:\/\/autostil.ba\/maloprodaja\/?post_type=product&#038;p=138403"},"modified":"2026-04-08T12:15:52","modified_gmt":"2026-04-08T10:15:52","slug":"patosnice-gumene-polutipske-prednje-fit7","status":"publish","type":"product","link":"https:\/\/autostil.ba\/maloprodaja\/proizvod\/2698\/patosnice-gumene-polutipske-prednje-fit7\/","title":{"rendered":"PATOSNICE GUMENE POLUTIPSKE PREDNJE FIT7"},"content":{"rendered":"","protected":false},"excerpt":{"rendered":"<p>PATOSNICE GUMENE POLUTIPSKE PREDNJE FIT7 Mogu\u0107nost ukrajanja po mjeri patosa. Napravljene su od organskih mateijala, prijatnog mirisa. Omogu\u0107avaju lako odr\u017eavanje, \u010duvaju izgled unutra\u0161njosti. Na pole\u0111ini se nalazi posebna neklizaju\u0107a guma. AUDI &#8211; Q2 &gt;2017, Q5 &gt;2017 ; BMW &#8211; X3 &#8211; X5 &#8211; X6 ; CITROEN &#8211; C3 Picasso &#8211; C4 Picasso, C5 &#8211; C5 S.W. 08&gt; ; FORD &#8211; C-Max 17&gt;, Fiesta 17&gt;, Focus 17&gt;, Fusion 17&gt;, Galaxy 5\/7 seats 06&gt;, Kuga ; HONDA &#8211; Civic 06&gt;, CR-V 18&gt; ; KIA &#8211; Carens 13&gt;, Optima 16&gt; ; MAZDA &#8211; 5 05&gt;10, CX-3 ; MITSUBISHI &#8211; Colt 04&gt; , Colt CZC , L200 4\/5 d. &gt;06 ; OPEL Crossland 17&gt;, Insignia 17&gt; ; PEUGEOT1007 05&gt;, 3008 17&gt;; SEAT &#8211; Leon 05&gt;, Toledo 09&gt; ; SMART &#8211; v\u0161echny modely ; SUBARU &#8211; Forester ; \u0160KODA &#8211; Octavia III., Rapid ; VOLKSWAGEN &#8211; Golf VII 12&gt;, New Beetle, Touareg 18&gt; ; VOLVO &#8211; S90 16&gt;, XC90 16&gt;<\/p>\n","protected":false},"featured_media":138404,"comment_status":"open","ping_status":"closed","template":"","meta":{"_acf_changed":false,"inline_featured_image":false},"product_brand":[],"product_cat":[126],"product_tag":[],"class_list":{"0":"post-138403","1":"product","2":"type-product","3":"status-publish","4":"has-post-thumbnail","6":"product_cat-auto-patosnice-polutipske","7":"pa_materijal-gumene","9":"first","10":"instock","11":"taxable","12":"shipping-taxable","13":"purchasable","14":"product-type-simple"},"acf":[],"custom_product_id":"2698","_links":{"self":[{"href":"https:\/\/autostil.ba\/maloprodaja\/wp-json\/wp\/v2\/product\/138403","targetHints":{"allow":["GET"]}}],"collection":[{"href":"https:\/\/autostil.ba\/maloprodaja\/wp-json\/wp\/v2\/product"}],"about":[{"href":"https:\/\/autostil.ba\/maloprodaja\/wp-json\/wp\/v2\/types\/product"}],"replies":[{"embeddable":true,"href":"https:\/\/autostil.ba\/maloprodaja\/wp-json\/wp\/v2\/comments?post=138403"}],"version-history":[{"count":1,"href":"https:\/\/autostil.ba\/maloprodaja\/wp-json\/wp\/v2\/product\/138403\/revisions"}],"predecessor-version":[{"id":138405,"href":"https:\/\/autostil.ba\/maloprodaja\/wp-json\/wp\/v2\/product\/138403\/revisions\/138405"}],"wp:featuredmedia":[{"embeddable":true,"href":"https:\/\/autostil.ba\/maloprodaja\/wp-json\/wp\/v2\/media\/138404"}],"wp:attachment":[{"href":"https:\/\/autostil.ba\/maloprodaja\/wp-json\/wp\/v2\/media?parent=138403"}],"wp:term":[{"taxonomy":"product_brand","embeddable":true,"href":"https:\/\/autostil.ba\/maloprodaja\/wp-json\/wp\/v2\/product_brand?post=138403"},{"taxonomy":"product_cat","embeddable":true,"href":"https:\/\/autostil.ba\/maloprodaja\/wp-json\/wp\/v2\/product_cat?post=138403"},{"taxonomy":"product_tag","embeddable":true,"href":"https:\/\/autostil.ba\/maloprodaja\/wp-json\/wp\/v2\/product_tag?post=138403"}],"curies":[{"name":"wp","href":"https:\/\/api.w.org\/{rel}","templated":true}]}}