{"id":137052,"date":"2025-04-04T08:42:38","date_gmt":"2025-04-04T06:42:38","guid":{"rendered":"https:\/\/autostil.ba\/maloprodaja\/?post_type=product&#038;p=137052"},"modified":"2026-04-08T12:14:39","modified_gmt":"2026-04-08T10:14:39","slug":"brisaci-bosch-970s-bmw-x5-e70-06-12-x6-e71-e72-08-12","status":"publish","type":"product","link":"https:\/\/autostil.ba\/maloprodaja\/proizvod\/12735\/brisaci-bosch-970s-bmw-x5-e70-06-12-x6-e71-e72-08-12\/","title":{"rendered":"BRISA\u010cI BOSCH 970S BMW X5 E70 06-12, X6 E71\/E72 08-12"},"content":{"rendered":"","protected":false},"excerpt":{"rendered":"<p>Tehnologija izrade gume za brisa\u010de Power Protection Plus 2 paralelne trake s oprugama visoke tehnologije Predmontirani originalni adapter Voza\u010deva strana 600 mm Strana suvoza\u010d. 380 mm<\/p>\n","protected":false},"featured_media":793047125,"comment_status":"open","ping_status":"closed","template":"","meta":{"_acf_changed":false,"inline_featured_image":false},"product_brand":[],"product_cat":[174],"product_tag":[],"class_list":{"0":"post-137052","1":"product","2":"type-product","3":"status-publish","4":"has-post-thumbnail","6":"product_cat-metlice-brisaca-bosch","8":"first","9":"instock","10":"taxable","11":"shipping-taxable","12":"purchasable","13":"product-type-simple"},"acf":[],"custom_product_id":"12735","_links":{"self":[{"href":"https:\/\/autostil.ba\/maloprodaja\/wp-json\/wp\/v2\/product\/137052","targetHints":{"allow":["GET"]}}],"collection":[{"href":"https:\/\/autostil.ba\/maloprodaja\/wp-json\/wp\/v2\/product"}],"about":[{"href":"https:\/\/autostil.ba\/maloprodaja\/wp-json\/wp\/v2\/types\/product"}],"replies":[{"embeddable":true,"href":"https:\/\/autostil.ba\/maloprodaja\/wp-json\/wp\/v2\/comments?post=137052"}],"version-history":[{"count":1,"href":"https:\/\/autostil.ba\/maloprodaja\/wp-json\/wp\/v2\/product\/137052\/revisions"}],"predecessor-version":[{"id":137054,"href":"https:\/\/autostil.ba\/maloprodaja\/wp-json\/wp\/v2\/product\/137052\/revisions\/137054"}],"wp:featuredmedia":[{"embeddable":true,"href":"https:\/\/autostil.ba\/maloprodaja\/wp-json\/wp\/v2\/media\/793047125"}],"wp:attachment":[{"href":"https:\/\/autostil.ba\/maloprodaja\/wp-json\/wp\/v2\/media?parent=137052"}],"wp:term":[{"taxonomy":"product_brand","embeddable":true,"href":"https:\/\/autostil.ba\/maloprodaja\/wp-json\/wp\/v2\/product_brand?post=137052"},{"taxonomy":"product_cat","embeddable":true,"href":"https:\/\/autostil.ba\/maloprodaja\/wp-json\/wp\/v2\/product_cat?post=137052"},{"taxonomy":"product_tag","embeddable":true,"href":"https:\/\/autostil.ba\/maloprodaja\/wp-json\/wp\/v2\/product_tag?post=137052"}],"curies":[{"name":"wp","href":"https:\/\/api.w.org\/{rel}","templated":true}]}}

BRISAČI BOSCH 970S BMW X5 E70 06-12, X6 E71/E72 08-12

<p>Tehnologija izrade gume za brisače Power Protection Plus 2 paralelne trake s oprugama visoke tehnologije Predmontirani originalni adapter Vozačeva strana 600 mm Strana suvozač. 380 mm</p>
