{"id":132162,"date":"2024-12-04T10:42:45","date_gmt":"2024-12-04T08:42:45","guid":{"rendered":"https:\/\/autostil.ba\/maloprodaja\/?post_type=product&#038;p=132162"},"modified":"2026-04-08T11:58:26","modified_gmt":"2026-04-08T09:58:26","slug":"kompresor-12v-autosystem-metalni","status":"publish","type":"product","link":"https:\/\/autostil.ba\/maloprodaja\/proizvod\/5468\/kompresor-12v-autosystem-metalni\/","title":{"rendered":"KOMPRESOR 12V AUTOSYSTEM METALNI"},"content":{"rendered":"","protected":false},"excerpt":{"rendered":"<p>Pogodan za automobile, autobuse, kamione, 4\u00d74 vozila, kamionet, bicikle, lopte itd.<\/p>\n<p><strong>NAPOMENA: URE\u0110AJ MO\u017dE DA SE PREGRIJE, AKO SE KORISTI PREDUGO (PO\u0160TOVATI PROPISANO VRIJEME RADA)!!<\/strong><\/p>\n<p>&nbsp;<\/p>\n<p><strong>SPECIFIKACIJA:<\/strong><\/p>\n<p>&#8211; NAPON: DC 12 V<\/p>\n<p>&#8211; JA\u010cINA: 12 Amp<\/p>\n<p>&#8211; SNAGA: 240 W<\/p>\n<p>&#8211; VREMENSKI RADNI OPSEG: 12-15 min.<\/p>\n<p>&#8211; MAX. PRITISAK: 965 kPA (140 PSI)<\/p>\n<p>&#8211; KAPACITET: 30 l\/min.<\/p>\n<p>&#8211; NAPOJNI KABAL: 3 m sa utika\u010dem za upalja\u010d<\/p>\n<p>&#8211; CRIJEVO: 1 m gumeno<\/p>\n<p>&#8211; PREKIDA\u010c: ON \/ OFF<\/p>\n<p>&#8211; MANOMETAR: 150 PSI<\/p>\n<p>&#8211; 3 NASTAVKA ZA DUVANJE<\/p>\n","protected":false},"featured_media":132163,"comment_status":"open","ping_status":"closed","template":"","meta":{"_acf_changed":false,"inline_featured_image":false},"product_brand":[],"product_cat":[143],"product_tag":[],"class_list":{"0":"post-132162","1":"product","2":"type-product","3":"status-publish","4":"has-post-thumbnail","6":"product_cat-sredstva-za-odrzavanje-pneumatika","8":"first","9":"instock","10":"taxable","11":"shipping-taxable","12":"purchasable","13":"product-type-simple"},"acf":[],"custom_product_id":"5468","_links":{"self":[{"href":"https:\/\/autostil.ba\/maloprodaja\/wp-json\/wp\/v2\/product\/132162","targetHints":{"allow":["GET"]}}],"collection":[{"href":"https:\/\/autostil.ba\/maloprodaja\/wp-json\/wp\/v2\/product"}],"about":[{"href":"https:\/\/autostil.ba\/maloprodaja\/wp-json\/wp\/v2\/types\/product"}],"replies":[{"embeddable":true,"href":"https:\/\/autostil.ba\/maloprodaja\/wp-json\/wp\/v2\/comments?post=132162"}],"version-history":[{"count":2,"href":"https:\/\/autostil.ba\/maloprodaja\/wp-json\/wp\/v2\/product\/132162\/revisions"}],"predecessor-version":[{"id":793056069,"href":"https:\/\/autostil.ba\/maloprodaja\/wp-json\/wp\/v2\/product\/132162\/revisions\/793056069"}],"wp:featuredmedia":[{"embeddable":true,"href":"https:\/\/autostil.ba\/maloprodaja\/wp-json\/wp\/v2\/media\/132163"}],"wp:attachment":[{"href":"https:\/\/autostil.ba\/maloprodaja\/wp-json\/wp\/v2\/media?parent=132162"}],"wp:term":[{"taxonomy":"product_brand","embeddable":true,"href":"https:\/\/autostil.ba\/maloprodaja\/wp-json\/wp\/v2\/product_brand?post=132162"},{"taxonomy":"product_cat","embeddable":true,"href":"https:\/\/autostil.ba\/maloprodaja\/wp-json\/wp\/v2\/product_cat?post=132162"},{"taxonomy":"product_tag","embeddable":true,"href":"https:\/\/autostil.ba\/maloprodaja\/wp-json\/wp\/v2\/product_tag?post=132162"}],"curies":[{"name":"wp","href":"https:\/\/api.w.org\/{rel}","templated":true}]}}