{"id":128722,"date":"2025-08-25T11:54:05","date_gmt":"2025-08-25T09:54:05","guid":{"rendered":"https:\/\/autostil.ba\/maloprodaja\/?post_type=product&#038;p=128722"},"modified":"2026-04-08T11:55:08","modified_gmt":"2026-04-08T09:55:08","slug":"prva-pomoc-autosystem-bas-10442020","status":"publish","type":"product","link":"https:\/\/autostil.ba\/maloprodaja\/proizvod\/12747\/prva-pomoc-autosystem-bas-10442020\/","title":{"rendered":"PRVA POMO\u0106 AUTOSYSTEM BAS 1044:2020"},"content":{"rendered":"","protected":false},"excerpt":{"rendered":"<p>PRVA POMO\u0106 AUTOSYSTEM BAS1044:2020 je jedina prva pomo\u0107 na teritoriji BiH \u010diji sadr\u017eaj u potpunosti zadovoljava zakonom propisane kriterijume o standardu kvaliteta BAS 1044:2020.<\/p>\n<p>&nbsp;<\/p>\n<p><strong>Sadr\u017eaj kompleta PRVE POMO\u0106I:<\/strong><\/p>\n<p>1. Prvi zavoj 10 cm x 5 m; s jastu\u010di\u0107em 12 cm x 10 cm; sterilan &#8211; 1<\/p>\n<p>2. Prvi zavoj 12 cm x 5 m; s jastu\u010di\u0107em 12 cm x 16 cm; sterilan &#8211; 1<\/p>\n<p>3. Kaliko zavoj 10 cm x 5 m &#8211; 2<\/p>\n<p>4. Kaliko zavoj 5 cm x 5 m &#8211; 2<\/p>\n<p>5. Kompresa za opekotinu 40 x 60 cm; sterilna &#8211; 1<\/p>\n<p>6. Sterilna gaza 1 m; 80 cm x 100 cm &#8211; 1<\/p>\n<p>7. Sterilna kompresa 10 cm x 10 cm, 12 slojeva &#8211; 6<\/p>\n<p>8. Flaster sa antisepti\u010dkim jastu\u010di\u0107em 10 cm x 8 cm &#8211; 5<\/p>\n<p>9. Flaster 2,5 cm x 5 m &#8211; 1<\/p>\n<p>10. Trougla marama 100 cm x 100 cm x 140 cm &#8211; 2<\/p>\n<p>11. Igle sigurnice; najmanje du\u017eine 4 cm &#8211; 4<\/p>\n<p>12. \u010celi\u010dne makaze sa zaobljenim vrhom; najmanje du\u017eine 12 cm &#8211; 1<\/p>\n<p>13. Rukavice za jednokratnu upotrebu &#8211; 4<\/p>\n<p>14. Polietilenska (PE) vre\u0107ica 30 cm x 60 cm &#8211; 1<\/p>\n<p>15. Dvostrana metalizirana folija 160 cm x 210 cm &#8211; 1<\/p>\n<p>16. Za\u0161titna folija za davanje umjetnog disanja 20 cm x 30 cm &#8211; 2<\/p>\n<p>17. Specifikacija sadr\u017eaja kutije &#8211; 1<\/p>\n<p>18. Uputstvo o pru\u017eanju prve pomo\u0107i &#8211; 1<\/p>\n<p>19. Kutija za prvu pomo\u0107 25 X 17 x 8 cm &#8211; 1<\/p>\n","protected":false},"featured_media":128723,"comment_status":"open","ping_status":"closed","template":"","meta":{"_acf_changed":false,"inline_featured_image":false},"product_brand":[],"product_cat":[138],"product_tag":[],"class_list":{"0":"post-128722","1":"product","2":"type-product","3":"status-publish","4":"has-post-thumbnail","6":"product_cat-prva-pomoc","8":"first","9":"instock","10":"taxable","11":"shipping-taxable","12":"purchasable","13":"product-type-simple"},"acf":[],"custom_product_id":"12747","_links":{"self":[{"href":"https:\/\/autostil.ba\/maloprodaja\/wp-json\/wp\/v2\/product\/128722","targetHints":{"allow":["GET"]}}],"collection":[{"href":"https:\/\/autostil.ba\/maloprodaja\/wp-json\/wp\/v2\/product"}],"about":[{"href":"https:\/\/autostil.ba\/maloprodaja\/wp-json\/wp\/v2\/types\/product"}],"replies":[{"embeddable":true,"href":"https:\/\/autostil.ba\/maloprodaja\/wp-json\/wp\/v2\/comments?post=128722"}],"version-history":[{"count":2,"href":"https:\/\/autostil.ba\/maloprodaja\/wp-json\/wp\/v2\/product\/128722\/revisions"}],"predecessor-version":[{"id":793054969,"href":"https:\/\/autostil.ba\/maloprodaja\/wp-json\/wp\/v2\/product\/128722\/revisions\/793054969"}],"wp:featuredmedia":[{"embeddable":true,"href":"https:\/\/autostil.ba\/maloprodaja\/wp-json\/wp\/v2\/media\/128723"}],"wp:attachment":[{"href":"https:\/\/autostil.ba\/maloprodaja\/wp-json\/wp\/v2\/media?parent=128722"}],"wp:term":[{"taxonomy":"product_brand","embeddable":true,"href":"https:\/\/autostil.ba\/maloprodaja\/wp-json\/wp\/v2\/product_brand?post=128722"},{"taxonomy":"product_cat","embeddable":true,"href":"https:\/\/autostil.ba\/maloprodaja\/wp-json\/wp\/v2\/product_cat?post=128722"},{"taxonomy":"product_tag","embeddable":true,"href":"https:\/\/autostil.ba\/maloprodaja\/wp-json\/wp\/v2\/product_tag?post=128722"}],"curies":[{"name":"wp","href":"https:\/\/api.w.org\/{rel}","templated":true}]}}