{"id":123912,"date":"2024-07-18T08:19:13","date_gmt":"2024-07-18T06:19:13","guid":{"rendered":"https:\/\/autostil.ba\/maloprodaja\/?post_type=product&#038;p=123912"},"modified":"2026-04-08T11:50:47","modified_gmt":"2026-04-08T09:50:47","slug":"set-za-krpljenje-zracnice-tocka","status":"publish","type":"product","link":"https:\/\/autostil.ba\/maloprodaja\/proizvod\/4666\/set-za-krpljenje-zracnice-tocka\/","title":{"rendered":"SET ZA KRPLJENJE ZRA\u010cNICE TO\u010cKA"},"content":{"rendered":"","protected":false},"excerpt":{"rendered":"<p>SET ZA KRPLJENJE ZRA\u010cNICE TO\u010cKA<br \/>\n21pcs Tire repair kit 6pcs-25MM(round),6pcs-25X32MM(square), 4pcs-32X50MM(square)\uff0c2pcs-6G glue, 1pc-file\uff0c2pcs-rubber\uff0c1pc-plastic box<\/p>\n","protected":false},"featured_media":123913,"comment_status":"open","ping_status":"closed","template":"","meta":{"_acf_changed":false,"inline_featured_image":false},"product_brand":[],"product_cat":[143],"product_tag":[],"class_list":{"0":"post-123912","1":"product","2":"type-product","3":"status-publish","4":"has-post-thumbnail","6":"product_cat-sredstva-za-odrzavanje-pneumatika","8":"first","9":"instock","10":"sale","11":"taxable","12":"shipping-taxable","13":"purchasable","14":"product-type-simple"},"acf":[],"custom_product_id":"4666","_links":{"self":[{"href":"https:\/\/autostil.ba\/maloprodaja\/wp-json\/wp\/v2\/product\/123912","targetHints":{"allow":["GET"]}}],"collection":[{"href":"https:\/\/autostil.ba\/maloprodaja\/wp-json\/wp\/v2\/product"}],"about":[{"href":"https:\/\/autostil.ba\/maloprodaja\/wp-json\/wp\/v2\/types\/product"}],"replies":[{"embeddable":true,"href":"https:\/\/autostil.ba\/maloprodaja\/wp-json\/wp\/v2\/comments?post=123912"}],"version-history":[{"count":1,"href":"https:\/\/autostil.ba\/maloprodaja\/wp-json\/wp\/v2\/product\/123912\/revisions"}],"predecessor-version":[{"id":123914,"href":"https:\/\/autostil.ba\/maloprodaja\/wp-json\/wp\/v2\/product\/123912\/revisions\/123914"}],"wp:featuredmedia":[{"embeddable":true,"href":"https:\/\/autostil.ba\/maloprodaja\/wp-json\/wp\/v2\/media\/123913"}],"wp:attachment":[{"href":"https:\/\/autostil.ba\/maloprodaja\/wp-json\/wp\/v2\/media?parent=123912"}],"wp:term":[{"taxonomy":"product_brand","embeddable":true,"href":"https:\/\/autostil.ba\/maloprodaja\/wp-json\/wp\/v2\/product_brand?post=123912"},{"taxonomy":"product_cat","embeddable":true,"href":"https:\/\/autostil.ba\/maloprodaja\/wp-json\/wp\/v2\/product_cat?post=123912"},{"taxonomy":"product_tag","embeddable":true,"href":"https:\/\/autostil.ba\/maloprodaja\/wp-json\/wp\/v2\/product_tag?post=123912"}],"curies":[{"name":"wp","href":"https:\/\/api.w.org\/{rel}","templated":true}]}}