{"id":123172,"date":"2024-07-18T08:18:31","date_gmt":"2024-07-18T08:18:31","guid":{"rendered":"https:\/\/autostil.ba\/maloprodaja\/?post_type=product&#038;p=123172"},"modified":"2026-04-08T11:50:11","modified_gmt":"2026-04-08T09:50:11","slug":"osiguraci-ubodni-10-kom-autosistem","status":"publish","type":"product","link":"https:\/\/autostil.ba\/maloprodaja\/proizvod\/11315\/osiguraci-ubodni-10-kom-autosistem\/","title":{"rendered":"OSIGURA\u010cI UBODNI 10 KOM. AUTOSISTEM"},"content":{"rendered":"","protected":false},"excerpt":{"rendered":"<p>Set od 10 komada ubodnih osigura\u010da. Koriste se kao trenutna za\u0161tita od preoptere\u0107enja za pojedina\u010dne elektri\u010dne krugove vozila. Sadr\u017eaj paketa: 2x 7,5A, 2x 10A, 2x 15A, 2x 20A, 25A, 30A<\/p>\n","protected":false},"featured_media":123173,"comment_status":"open","ping_status":"closed","template":"","meta":{"_acf_changed":false,"inline_featured_image":false},"product_brand":[],"product_cat":[84],"product_tag":[],"class_list":{"0":"post-123172","1":"product","2":"type-product","3":"status-publish","4":"has-post-thumbnail","6":"product_cat-osiguraci-za-auto","8":"first","9":"instock","10":"taxable","11":"shipping-taxable","12":"purchasable","13":"product-type-simple"},"acf":[],"custom_product_id":"11315","_links":{"self":[{"href":"https:\/\/autostil.ba\/maloprodaja\/wp-json\/wp\/v2\/product\/123172","targetHints":{"allow":["GET"]}}],"collection":[{"href":"https:\/\/autostil.ba\/maloprodaja\/wp-json\/wp\/v2\/product"}],"about":[{"href":"https:\/\/autostil.ba\/maloprodaja\/wp-json\/wp\/v2\/types\/product"}],"replies":[{"embeddable":true,"href":"https:\/\/autostil.ba\/maloprodaja\/wp-json\/wp\/v2\/comments?post=123172"}],"version-history":[{"count":1,"href":"https:\/\/autostil.ba\/maloprodaja\/wp-json\/wp\/v2\/product\/123172\/revisions"}],"predecessor-version":[{"id":123174,"href":"https:\/\/autostil.ba\/maloprodaja\/wp-json\/wp\/v2\/product\/123172\/revisions\/123174"}],"wp:featuredmedia":[{"embeddable":true,"href":"https:\/\/autostil.ba\/maloprodaja\/wp-json\/wp\/v2\/media\/123173"}],"wp:attachment":[{"href":"https:\/\/autostil.ba\/maloprodaja\/wp-json\/wp\/v2\/media?parent=123172"}],"wp:term":[{"taxonomy":"product_brand","embeddable":true,"href":"https:\/\/autostil.ba\/maloprodaja\/wp-json\/wp\/v2\/product_brand?post=123172"},{"taxonomy":"product_cat","embeddable":true,"href":"https:\/\/autostil.ba\/maloprodaja\/wp-json\/wp\/v2\/product_cat?post=123172"},{"taxonomy":"product_tag","embeddable":true,"href":"https:\/\/autostil.ba\/maloprodaja\/wp-json\/wp\/v2\/product_tag?post=123172"}],"curies":[{"name":"wp","href":"https:\/\/api.w.org\/{rel}","templated":true}]}}