{"id":121642,"date":"2024-07-18T08:17:10","date_gmt":"2024-07-18T06:17:10","guid":{"rendered":"https:\/\/autostil.ba\/maloprodaja\/?post_type=product&#038;p=121642"},"modified":"2026-04-24T16:00:25","modified_gmt":"2026-04-24T14:00:25","slug":"pad-filc-za-poliranje-125mm","status":"publish","type":"product","link":"https:\/\/autostil.ba\/maloprodaja\/proizvod\/12480\/pad-filc-za-poliranje-125mm\/","title":{"rendered":"PAD FILC ZA POLIRANJE 125mm"},"content":{"rendered":"","protected":false},"excerpt":{"rendered":"<p>Jastu\u010di\u0107 za poliranje od filca 125 mm<br \/>\nOvaj ravni \u010dvrsti bijeli filc jastu\u010di\u0107 je dizajniran za aplikacije za poliranje stakla. Debela konstrukcija jastu\u010di\u0107a od filca ima dobar balans i pru\u017ea stabilan ose\u0107aj tokom poliranja. Jastu\u010di\u0107 je dizajniran da se koristi u kombinaciji sa BadBoys pastom za poliranje stakla, \u0161to rezultira dobrim procesom bru\u0161enja stakla.<\/p>\n","protected":false},"featured_media":121643,"comment_status":"open","ping_status":"closed","template":"","meta":{"_acf_changed":false,"inline_featured_image":false},"product_brand":[],"product_cat":[164],"product_tag":[],"class_list":{"0":"post-121642","1":"product","2":"type-product","3":"status-publish","4":"has-post-thumbnail","6":"product_cat-car-detailing","8":"first","9":"instock","10":"taxable","11":"shipping-taxable","12":"purchasable","13":"product-type-simple"},"acf":[],"custom_product_id":"12480","_links":{"self":[{"href":"https:\/\/autostil.ba\/maloprodaja\/wp-json\/wp\/v2\/product\/121642","targetHints":{"allow":["GET"]}}],"collection":[{"href":"https:\/\/autostil.ba\/maloprodaja\/wp-json\/wp\/v2\/product"}],"about":[{"href":"https:\/\/autostil.ba\/maloprodaja\/wp-json\/wp\/v2\/types\/product"}],"replies":[{"embeddable":true,"href":"https:\/\/autostil.ba\/maloprodaja\/wp-json\/wp\/v2\/comments?post=121642"}],"version-history":[{"count":1,"href":"https:\/\/autostil.ba\/maloprodaja\/wp-json\/wp\/v2\/product\/121642\/revisions"}],"predecessor-version":[{"id":121644,"href":"https:\/\/autostil.ba\/maloprodaja\/wp-json\/wp\/v2\/product\/121642\/revisions\/121644"}],"wp:featuredmedia":[{"embeddable":true,"href":"https:\/\/autostil.ba\/maloprodaja\/wp-json\/wp\/v2\/media\/121643"}],"wp:attachment":[{"href":"https:\/\/autostil.ba\/maloprodaja\/wp-json\/wp\/v2\/media?parent=121642"}],"wp:term":[{"taxonomy":"product_brand","embeddable":true,"href":"https:\/\/autostil.ba\/maloprodaja\/wp-json\/wp\/v2\/product_brand?post=121642"},{"taxonomy":"product_cat","embeddable":true,"href":"https:\/\/autostil.ba\/maloprodaja\/wp-json\/wp\/v2\/product_cat?post=121642"},{"taxonomy":"product_tag","embeddable":true,"href":"https:\/\/autostil.ba\/maloprodaja\/wp-json\/wp\/v2\/product_tag?post=121642"}],"curies":[{"name":"wp","href":"https:\/\/api.w.org\/{rel}","templated":true}]}}