{"id":120162,"date":"2024-10-30T12:15:50","date_gmt":"2024-10-30T10:15:50","guid":{"rendered":"https:\/\/autostil.ba\/maloprodaja\/?post_type=product&#038;p=120162"},"modified":"2026-04-08T11:47:35","modified_gmt":"2026-04-08T09:47:35","slug":"retrovizor-unutrasnji-vakumski-veci","status":"publish","type":"product","link":"https:\/\/autostil.ba\/maloprodaja\/proizvod\/13232\/retrovizor-unutrasnji-vakumski-veci\/","title":{"rendered":"RETROVIZOR UNUTRA\u0160NJI VAKUMSKI VE\u0106I"},"content":{"rendered":"","protected":false},"excerpt":{"rendered":"<p>Dimenzije: Du\u017eina 280mm, \u0160irina 60mm. Univerzalna primjena na bilo koju staklenu ravnu povr\u0161inu. Vrlo laka monta\u017ea preko sna\u017enog vakumskog aplikatora. Okrugla glava za lako rotiranje u svim smjerovima.<\/p>\n","protected":false},"featured_media":120163,"comment_status":"open","ping_status":"closed","template":"","meta":{"_acf_changed":false,"inline_featured_image":false},"product_brand":[],"product_cat":[141],"product_tag":[],"class_list":{"0":"post-120162","1":"product","2":"type-product","3":"status-publish","4":"has-post-thumbnail","6":"product_cat-retrovizori-unutrasnji","8":"first","9":"instock","10":"taxable","11":"shipping-taxable","12":"purchasable","13":"product-type-simple"},"acf":[],"custom_product_id":"13232","_links":{"self":[{"href":"https:\/\/autostil.ba\/maloprodaja\/wp-json\/wp\/v2\/product\/120162","targetHints":{"allow":["GET"]}}],"collection":[{"href":"https:\/\/autostil.ba\/maloprodaja\/wp-json\/wp\/v2\/product"}],"about":[{"href":"https:\/\/autostil.ba\/maloprodaja\/wp-json\/wp\/v2\/types\/product"}],"replies":[{"embeddable":true,"href":"https:\/\/autostil.ba\/maloprodaja\/wp-json\/wp\/v2\/comments?post=120162"}],"version-history":[{"count":1,"href":"https:\/\/autostil.ba\/maloprodaja\/wp-json\/wp\/v2\/product\/120162\/revisions"}],"predecessor-version":[{"id":120164,"href":"https:\/\/autostil.ba\/maloprodaja\/wp-json\/wp\/v2\/product\/120162\/revisions\/120164"}],"wp:featuredmedia":[{"embeddable":true,"href":"https:\/\/autostil.ba\/maloprodaja\/wp-json\/wp\/v2\/media\/120163"}],"wp:attachment":[{"href":"https:\/\/autostil.ba\/maloprodaja\/wp-json\/wp\/v2\/media?parent=120162"}],"wp:term":[{"taxonomy":"product_brand","embeddable":true,"href":"https:\/\/autostil.ba\/maloprodaja\/wp-json\/wp\/v2\/product_brand?post=120162"},{"taxonomy":"product_cat","embeddable":true,"href":"https:\/\/autostil.ba\/maloprodaja\/wp-json\/wp\/v2\/product_cat?post=120162"},{"taxonomy":"product_tag","embeddable":true,"href":"https:\/\/autostil.ba\/maloprodaja\/wp-json\/wp\/v2\/product_tag?post=120162"}],"curies":[{"name":"wp","href":"https:\/\/api.w.org\/{rel}","templated":true}]}}