{"id":119982,"date":"2024-07-18T08:15:42","date_gmt":"2024-07-18T08:15:42","guid":{"rendered":"https:\/\/autostil.ba\/maloprodaja\/?post_type=product&#038;p=119982"},"modified":"2026-04-08T11:47:23","modified_gmt":"2026-04-08T09:47:23","slug":"maska-svjetleca-vw-golf-7-2012-2016","status":"publish","type":"product","link":"https:\/\/autostil.ba\/maloprodaja\/proizvod\/13205\/maska-svjetleca-vw-golf-7-2012-2016\/","title":{"rendered":"MASKA SVJETLE\u0106A VW GOLF 7 2012-2016"},"content":{"rendered":"","protected":false},"excerpt":{"rendered":"<p>MASKA SVJETLE\u0106A VW GOLF 7 2012-2016;  Kop\u010danje na originalne d\u017eekove, PLUG&amp;PLAY. Namjenjena za pre facelift, ne odgovara na facelift modele !!<\/p>\n","protected":false},"featured_media":119983,"comment_status":"open","ping_status":"closed","template":"","meta":{"_acf_changed":false,"inline_featured_image":false},"product_brand":[],"product_cat":[27],"product_tag":[],"class_list":{"0":"post-119982","1":"product","2":"type-product","3":"status-publish","4":"has-post-thumbnail","6":"product_cat-oznake-natpisi-i-amblemi","7":"pa_brend-volkswagen","9":"first","10":"instock","11":"taxable","12":"shipping-taxable","13":"purchasable","14":"product-type-simple"},"acf":[],"custom_product_id":"13205","_links":{"self":[{"href":"https:\/\/autostil.ba\/maloprodaja\/wp-json\/wp\/v2\/product\/119982","targetHints":{"allow":["GET"]}}],"collection":[{"href":"https:\/\/autostil.ba\/maloprodaja\/wp-json\/wp\/v2\/product"}],"about":[{"href":"https:\/\/autostil.ba\/maloprodaja\/wp-json\/wp\/v2\/types\/product"}],"replies":[{"embeddable":true,"href":"https:\/\/autostil.ba\/maloprodaja\/wp-json\/wp\/v2\/comments?post=119982"}],"version-history":[{"count":1,"href":"https:\/\/autostil.ba\/maloprodaja\/wp-json\/wp\/v2\/product\/119982\/revisions"}],"predecessor-version":[{"id":119984,"href":"https:\/\/autostil.ba\/maloprodaja\/wp-json\/wp\/v2\/product\/119982\/revisions\/119984"}],"wp:featuredmedia":[{"embeddable":true,"href":"https:\/\/autostil.ba\/maloprodaja\/wp-json\/wp\/v2\/media\/119983"}],"wp:attachment":[{"href":"https:\/\/autostil.ba\/maloprodaja\/wp-json\/wp\/v2\/media?parent=119982"}],"wp:term":[{"taxonomy":"product_brand","embeddable":true,"href":"https:\/\/autostil.ba\/maloprodaja\/wp-json\/wp\/v2\/product_brand?post=119982"},{"taxonomy":"product_cat","embeddable":true,"href":"https:\/\/autostil.ba\/maloprodaja\/wp-json\/wp\/v2\/product_cat?post=119982"},{"taxonomy":"product_tag","embeddable":true,"href":"https:\/\/autostil.ba\/maloprodaja\/wp-json\/wp\/v2\/product_tag?post=119982"}],"curies":[{"name":"wp","href":"https:\/\/api.w.org\/{rel}","templated":true}]}}

MASKA SVJETLEĆA VW GOLF 7 2012-2016

<p>MASKA SVJETLEĆA VW GOLF 7 2012-2016;  Kopčanje na originalne džekove, PLUG&amp;PLAY. Namjenjena za pre facelift, ne odgovara na facelift modele !!</p>
