{"id":118692,"date":"2025-03-25T09:42:39","date_gmt":"2025-03-25T07:42:39","guid":{"rendered":"https:\/\/autostil.ba\/maloprodaja\/?post_type=product&#038;p=118692"},"modified":"2026-04-08T11:46:13","modified_gmt":"2026-04-08T09:46:13","slug":"sonax-losion-za-kozna-sjedista-250ml","status":"publish","type":"product","link":"https:\/\/autostil.ba\/maloprodaja\/proizvod\/5803\/sonax-losion-za-kozna-sjedista-250ml\/","title":{"rendered":"SONAX LOSION ZA KO\u017dNA SJEDI\u0160TA 250ml"},"content":{"rendered":"","protected":false},"excerpt":{"rendered":"<p>SONAX LOSION ZA KO\u017dNA SJEDI\u0160TA 250ml Losion za nje\u017eno \u010di\u0161\u0107enje i njegu opreme u unutra\u0161njosti automobila, ko\u017ee motocikla i ostale glatke ko\u017ee. Osvje\u017eava boje i vra\u0107a miris prirodne ko\u017ee. Jednostavno uklanja prljav\u0161tinu, ulje i masno\u0107e. Ko\u017eu \u010dini posebno podatnom i spre\u010dava da napukne. Silikonski voskovi i p\u010delinji vosak daju ko\u017ei odli\u010dnu i dugotrajnu za\u0161titu i vodootporni u\u010dinak.<\/p>\n","protected":false},"featured_media":118693,"comment_status":"open","ping_status":"closed","template":"","meta":{"_acf_changed":false,"inline_featured_image":false},"product_brand":[],"product_cat":[164],"product_tag":[],"class_list":{"0":"post-118692","1":"product","2":"type-product","3":"status-publish","4":"has-post-thumbnail","6":"product_cat-car-detailing","8":"first","9":"instock","10":"taxable","11":"shipping-taxable","12":"purchasable","13":"product-type-simple"},"acf":[],"custom_product_id":"5803","_links":{"self":[{"href":"https:\/\/autostil.ba\/maloprodaja\/wp-json\/wp\/v2\/product\/118692","targetHints":{"allow":["GET"]}}],"collection":[{"href":"https:\/\/autostil.ba\/maloprodaja\/wp-json\/wp\/v2\/product"}],"about":[{"href":"https:\/\/autostil.ba\/maloprodaja\/wp-json\/wp\/v2\/types\/product"}],"replies":[{"embeddable":true,"href":"https:\/\/autostil.ba\/maloprodaja\/wp-json\/wp\/v2\/comments?post=118692"}],"version-history":[{"count":1,"href":"https:\/\/autostil.ba\/maloprodaja\/wp-json\/wp\/v2\/product\/118692\/revisions"}],"predecessor-version":[{"id":118694,"href":"https:\/\/autostil.ba\/maloprodaja\/wp-json\/wp\/v2\/product\/118692\/revisions\/118694"}],"wp:featuredmedia":[{"embeddable":true,"href":"https:\/\/autostil.ba\/maloprodaja\/wp-json\/wp\/v2\/media\/118693"}],"wp:attachment":[{"href":"https:\/\/autostil.ba\/maloprodaja\/wp-json\/wp\/v2\/media?parent=118692"}],"wp:term":[{"taxonomy":"product_brand","embeddable":true,"href":"https:\/\/autostil.ba\/maloprodaja\/wp-json\/wp\/v2\/product_brand?post=118692"},{"taxonomy":"product_cat","embeddable":true,"href":"https:\/\/autostil.ba\/maloprodaja\/wp-json\/wp\/v2\/product_cat?post=118692"},{"taxonomy":"product_tag","embeddable":true,"href":"https:\/\/autostil.ba\/maloprodaja\/wp-json\/wp\/v2\/product_tag?post=118692"}],"curies":[{"name":"wp","href":"https:\/\/api.w.org\/{rel}","templated":true}]}}