{"id":118682,"date":"2025-03-25T09:56:38","date_gmt":"2025-03-25T07:56:38","guid":{"rendered":"https:\/\/autostil.ba\/maloprodaja\/?post_type=product&#038;p=118682"},"modified":"2026-04-08T11:46:13","modified_gmt":"2026-04-08T09:46:13","slug":"sonax-sampon-koncentrat-1l","status":"publish","type":"product","link":"https:\/\/autostil.ba\/maloprodaja\/proizvod\/9886\/sonax-sampon-koncentrat-1l\/","title":{"rendered":"SONAX \u0160AMPON KONCENTRAT 1L"},"content":{"rendered":"","protected":false},"excerpt":{"rendered":"<p>Koncentrat. \u010cisti brzo i temeljito. PH-neutralan &#8211; \u0161titi lak. Mo\u017ee se koristiti i sa ure\u0111ajima visokog pritiska. Bez fosfata.<\/p>\n<p>UPUTSTVO ZA UPOTREBU<br \/>\nPrvo uklonite grubu prljav\u0161tinu jakim mlazom vode.<br \/>\nDodajte 2 kapice auto \u0161ampona u 10 L tople vode i pjenite.<br \/>\nKoncentracija \u0161ampona pri pranju ure\u0111ajima pod visokim pritiskom ovisi o ure\u0111aju (pred ventilacija u omjeru 1: 3 ili 1: 5 vodom u posudi namijenjenoj ure\u0111aju za \u0161ampon).<br \/>\nSlijedite sve upute proizvo\u0111a\u010da ure\u0111aja.<br \/>\nOperite automobil SONAX Multigobom od vrha do dna.<br \/>\nZatim isperite automobil \u010distom vodom i obri\u0161ite ga SONAX krpom za negu vozila.<\/p>\n","protected":false},"featured_media":118683,"comment_status":"open","ping_status":"closed","template":"","meta":{"_acf_changed":false,"inline_featured_image":false},"product_brand":[],"product_cat":[73],"product_tag":[],"class_list":{"0":"post-118682","1":"product","2":"type-product","3":"status-publish","4":"has-post-thumbnail","6":"product_cat-sredstva-za-pranje-i-odrzavanje","8":"first","9":"instock","10":"taxable","11":"shipping-taxable","12":"purchasable","13":"product-type-simple"},"acf":[],"custom_product_id":"9886","_links":{"self":[{"href":"https:\/\/autostil.ba\/maloprodaja\/wp-json\/wp\/v2\/product\/118682","targetHints":{"allow":["GET"]}}],"collection":[{"href":"https:\/\/autostil.ba\/maloprodaja\/wp-json\/wp\/v2\/product"}],"about":[{"href":"https:\/\/autostil.ba\/maloprodaja\/wp-json\/wp\/v2\/types\/product"}],"replies":[{"embeddable":true,"href":"https:\/\/autostil.ba\/maloprodaja\/wp-json\/wp\/v2\/comments?post=118682"}],"version-history":[{"count":1,"href":"https:\/\/autostil.ba\/maloprodaja\/wp-json\/wp\/v2\/product\/118682\/revisions"}],"predecessor-version":[{"id":118684,"href":"https:\/\/autostil.ba\/maloprodaja\/wp-json\/wp\/v2\/product\/118682\/revisions\/118684"}],"wp:featuredmedia":[{"embeddable":true,"href":"https:\/\/autostil.ba\/maloprodaja\/wp-json\/wp\/v2\/media\/118683"}],"wp:attachment":[{"href":"https:\/\/autostil.ba\/maloprodaja\/wp-json\/wp\/v2\/media?parent=118682"}],"wp:term":[{"taxonomy":"product_brand","embeddable":true,"href":"https:\/\/autostil.ba\/maloprodaja\/wp-json\/wp\/v2\/product_brand?post=118682"},{"taxonomy":"product_cat","embeddable":true,"href":"https:\/\/autostil.ba\/maloprodaja\/wp-json\/wp\/v2\/product_cat?post=118682"},{"taxonomy":"product_tag","embeddable":true,"href":"https:\/\/autostil.ba\/maloprodaja\/wp-json\/wp\/v2\/product_tag?post=118682"}],"curies":[{"name":"wp","href":"https:\/\/api.w.org\/{rel}","templated":true}]}}