{"id":118562,"date":"2026-01-19T15:02:33","date_gmt":"2026-01-19T13:02:33","guid":{"rendered":"https:\/\/autostil.ba\/maloprodaja\/?post_type=product&#038;p=118562"},"modified":"2026-04-28T21:58:28","modified_gmt":"2026-04-28T19:58:28","slug":"sonax-polir-pasta-abrazivna-6-4-250ml","status":"publish","type":"product","link":"https:\/\/autostil.ba\/maloprodaja\/proizvod\/10945\/sonax-polir-pasta-abrazivna-6-4-250ml\/","title":{"rendered":"SONAX POLIR PASTA ABRAZIVNA 6\/4 250ml"},"content":{"rendered":"","protected":false},"excerpt":{"rendered":"<p>SONAX POLIR PASTA ABRAZIVNA 6\/4 250ml; Sonax CutMax \u2013 Gruba pasta za poliranje koja \u0107e ukloniti i najte\u017ee defekte na laku, uklju\u010duju\u0107i i tragove bru\u0161enja od P1500 vodobrusnog papira, a iza sebe \u0107e ostaviti minimalno matiranu povr\u0161inu<\/p>\n<p>Izvrstan cut uz dobar sjaj<br \/>\nNapravljena na vodenoj bazi, ne sadr\u017ei otapala niti silikone<br \/>\nFormulacija omogu\u0107ava rad bez gotovo ikakvog pra\u0161enja<\/p>\n","protected":false},"featured_media":118563,"comment_status":"open","ping_status":"closed","template":"","meta":{"_acf_changed":false,"inline_featured_image":false},"product_brand":[],"product_cat":[164],"product_tag":[],"class_list":{"0":"post-118562","1":"product","2":"type-product","3":"status-publish","4":"has-post-thumbnail","6":"product_cat-car-detailing","8":"first","9":"instock","10":"taxable","11":"shipping-taxable","12":"purchasable","13":"product-type-simple"},"acf":[],"custom_product_id":"10945","_links":{"self":[{"href":"https:\/\/autostil.ba\/maloprodaja\/wp-json\/wp\/v2\/product\/118562","targetHints":{"allow":["GET"]}}],"collection":[{"href":"https:\/\/autostil.ba\/maloprodaja\/wp-json\/wp\/v2\/product"}],"about":[{"href":"https:\/\/autostil.ba\/maloprodaja\/wp-json\/wp\/v2\/types\/product"}],"replies":[{"embeddable":true,"href":"https:\/\/autostil.ba\/maloprodaja\/wp-json\/wp\/v2\/comments?post=118562"}],"version-history":[{"count":1,"href":"https:\/\/autostil.ba\/maloprodaja\/wp-json\/wp\/v2\/product\/118562\/revisions"}],"predecessor-version":[{"id":118564,"href":"https:\/\/autostil.ba\/maloprodaja\/wp-json\/wp\/v2\/product\/118562\/revisions\/118564"}],"wp:featuredmedia":[{"embeddable":true,"href":"https:\/\/autostil.ba\/maloprodaja\/wp-json\/wp\/v2\/media\/118563"}],"wp:attachment":[{"href":"https:\/\/autostil.ba\/maloprodaja\/wp-json\/wp\/v2\/media?parent=118562"}],"wp:term":[{"taxonomy":"product_brand","embeddable":true,"href":"https:\/\/autostil.ba\/maloprodaja\/wp-json\/wp\/v2\/product_brand?post=118562"},{"taxonomy":"product_cat","embeddable":true,"href":"https:\/\/autostil.ba\/maloprodaja\/wp-json\/wp\/v2\/product_cat?post=118562"},{"taxonomy":"product_tag","embeddable":true,"href":"https:\/\/autostil.ba\/maloprodaja\/wp-json\/wp\/v2\/product_tag?post=118562"}],"curies":[{"name":"wp","href":"https:\/\/api.w.org\/{rel}","templated":true}]}}