{"id":118392,"date":"2025-10-13T12:15:25","date_gmt":"2025-10-13T10:15:25","guid":{"rendered":"https:\/\/autostil.ba\/maloprodaja\/?post_type=product&#038;p=118392"},"modified":"2026-04-08T11:45:53","modified_gmt":"2026-04-08T09:45:53","slug":"sonax-sredstvo-za-njegu-gumenih-povrsina-blister-100ml","status":"publish","type":"product","link":"https:\/\/autostil.ba\/maloprodaja\/proizvod\/10939\/sonax-sredstvo-za-njegu-gumenih-povrsina-blister-100ml\/","title":{"rendered":"SONAX SREDSTVO ZA NJEGU GUMENIH POVR\u0160INA BLISTER 100ml"},"content":{"rendered":"","protected":false},"excerpt":{"rendered":"<p>SONAX SREDSTVO ZA NJEGU GUMENIH POVR\u0160INA BLISTER 100ml; \u010cisti i neguje sve gumene delove na automobilu i odr\u017eava ih elasti\u010dnima.<br \/>\nProdu\u017euje vijek trajanja gume i osvje\u017eava boje.<br \/>\nSpre\u010dava smrzavanje brtvi vrata zimi.<\/p>\n","protected":false},"featured_media":118393,"comment_status":"open","ping_status":"closed","template":"","meta":{"_acf_changed":false,"inline_featured_image":false},"product_brand":[],"product_cat":[164],"product_tag":[],"class_list":{"0":"post-118392","1":"product","2":"type-product","3":"status-publish","4":"has-post-thumbnail","6":"product_cat-car-detailing","8":"first","9":"instock","10":"taxable","11":"shipping-taxable","12":"purchasable","13":"product-type-simple"},"acf":[],"custom_product_id":"10939","_links":{"self":[{"href":"https:\/\/autostil.ba\/maloprodaja\/wp-json\/wp\/v2\/product\/118392","targetHints":{"allow":["GET"]}}],"collection":[{"href":"https:\/\/autostil.ba\/maloprodaja\/wp-json\/wp\/v2\/product"}],"about":[{"href":"https:\/\/autostil.ba\/maloprodaja\/wp-json\/wp\/v2\/types\/product"}],"replies":[{"embeddable":true,"href":"https:\/\/autostil.ba\/maloprodaja\/wp-json\/wp\/v2\/comments?post=118392"}],"version-history":[{"count":1,"href":"https:\/\/autostil.ba\/maloprodaja\/wp-json\/wp\/v2\/product\/118392\/revisions"}],"predecessor-version":[{"id":118394,"href":"https:\/\/autostil.ba\/maloprodaja\/wp-json\/wp\/v2\/product\/118392\/revisions\/118394"}],"wp:featuredmedia":[{"embeddable":true,"href":"https:\/\/autostil.ba\/maloprodaja\/wp-json\/wp\/v2\/media\/118393"}],"wp:attachment":[{"href":"https:\/\/autostil.ba\/maloprodaja\/wp-json\/wp\/v2\/media?parent=118392"}],"wp:term":[{"taxonomy":"product_brand","embeddable":true,"href":"https:\/\/autostil.ba\/maloprodaja\/wp-json\/wp\/v2\/product_brand?post=118392"},{"taxonomy":"product_cat","embeddable":true,"href":"https:\/\/autostil.ba\/maloprodaja\/wp-json\/wp\/v2\/product_cat?post=118392"},{"taxonomy":"product_tag","embeddable":true,"href":"https:\/\/autostil.ba\/maloprodaja\/wp-json\/wp\/v2\/product_tag?post=118392"}],"curies":[{"name":"wp","href":"https:\/\/api.w.org\/{rel}","templated":true}]}}