{"id":117612,"date":"2024-07-18T08:13:50","date_gmt":"2024-07-18T08:13:50","guid":{"rendered":"https:\/\/autostil.ba\/maloprodaja\/?post_type=product&#038;p=117612"},"modified":"2026-04-08T11:45:12","modified_gmt":"2026-04-08T09:45:12","slug":"tecnost-za-neutralisanje-neugodnih-mirisa-500ml","status":"publish","type":"product","link":"https:\/\/autostil.ba\/maloprodaja\/proizvod\/12622\/tecnost-za-neutralisanje-neugodnih-mirisa-500ml\/","title":{"rendered":"TE\u010cNOST ZA NEUTRALISANJE NEUGODNIH MIRISA 500ml"},"content":{"rendered":"","protected":false},"excerpt":{"rendered":"<p>Proizvod za uklanjanje mirisa organskog porijekla (miris znoja, urina, hrane, \u017eivotinjskih mirisa, duhanskog dima, itd.) Savr\u0161en za automobil, dom ili ured.<\/p>\n<p> Upotreba:<\/p>\n<p>protresti prije upotrebe; raspr\u0161ite na povr\u0161inu pomo\u0107u okida\u010da;<br \/>\nuklonite ostatak proizvoda krpom od mikrovlakana, nemojte ispirati;<br \/>\npreporu\u010dujemo upotrebu neposredno prije generalnog pranja presvlake.<\/p>\n<p>Preporuke:<\/p>\n<p>posti\u0107i najbolje rezultate nano\u0161enjem proizvoda direktno na izvor mirisa;<br \/>\nne nanositi na ko\u017eu i ne gutati;<br \/>\nnemojte natapati materijal proizvodom,<br \/>\nmo\u017ee rezultirati mrljama;<br \/>\nne uklanja miris benzina i drugih rastvara\u010da;<br \/>\nprije prve upotrebe<br \/>\ntestirajte proizvod na manje vidljivom mjestu;<br \/>\nne izlagati smrzavanju, pregrijavanju ili UV zra\u010denju;<br \/>\n\u010duvati na suvom i hladnom mestu na 5\u201325?;<br \/>\n\u010duvati izvan dohvata djece.<\/p>\n","protected":false},"featured_media":117613,"comment_status":"open","ping_status":"closed","template":"","meta":{"_acf_changed":false,"inline_featured_image":false},"product_brand":[],"product_cat":[164],"product_tag":[],"class_list":{"0":"post-117612","1":"product","2":"type-product","3":"status-publish","4":"has-post-thumbnail","6":"product_cat-car-detailing","8":"first","9":"instock","10":"taxable","11":"shipping-taxable","12":"purchasable","13":"product-type-simple"},"acf":[],"custom_product_id":"12622","_links":{"self":[{"href":"https:\/\/autostil.ba\/maloprodaja\/wp-json\/wp\/v2\/product\/117612","targetHints":{"allow":["GET"]}}],"collection":[{"href":"https:\/\/autostil.ba\/maloprodaja\/wp-json\/wp\/v2\/product"}],"about":[{"href":"https:\/\/autostil.ba\/maloprodaja\/wp-json\/wp\/v2\/types\/product"}],"replies":[{"embeddable":true,"href":"https:\/\/autostil.ba\/maloprodaja\/wp-json\/wp\/v2\/comments?post=117612"}],"version-history":[{"count":1,"href":"https:\/\/autostil.ba\/maloprodaja\/wp-json\/wp\/v2\/product\/117612\/revisions"}],"predecessor-version":[{"id":117614,"href":"https:\/\/autostil.ba\/maloprodaja\/wp-json\/wp\/v2\/product\/117612\/revisions\/117614"}],"wp:featuredmedia":[{"embeddable":true,"href":"https:\/\/autostil.ba\/maloprodaja\/wp-json\/wp\/v2\/media\/117613"}],"wp:attachment":[{"href":"https:\/\/autostil.ba\/maloprodaja\/wp-json\/wp\/v2\/media?parent=117612"}],"wp:term":[{"taxonomy":"product_brand","embeddable":true,"href":"https:\/\/autostil.ba\/maloprodaja\/wp-json\/wp\/v2\/product_brand?post=117612"},{"taxonomy":"product_cat","embeddable":true,"href":"https:\/\/autostil.ba\/maloprodaja\/wp-json\/wp\/v2\/product_cat?post=117612"},{"taxonomy":"product_tag","embeddable":true,"href":"https:\/\/autostil.ba\/maloprodaja\/wp-json\/wp\/v2\/product_tag?post=117612"}],"curies":[{"name":"wp","href":"https:\/\/api.w.org\/{rel}","templated":true}]}}