{"id":117602,"date":"2024-07-18T08:13:49","date_gmt":"2024-07-18T06:13:49","guid":{"rendered":"https:\/\/autostil.ba\/maloprodaja\/?post_type=product&#038;p=117602"},"modified":"2026-04-08T11:45:12","modified_gmt":"2026-04-08T09:45:12","slug":"tecnost-za-ciscenje-stakla-500ml","status":"publish","type":"product","link":"https:\/\/autostil.ba\/maloprodaja\/proizvod\/12611\/tecnost-za-ciscenje-stakla-500ml\/","title":{"rendered":"TE\u010cNOST ZA \u010cI\u0160\u0106ENJE STAKLA 500ml"},"content":{"rendered":"","protected":false},"excerpt":{"rendered":"<p>Sredstvo za \u010di\u0161\u0107enje vjetrobranskog stakla, stakla i retrovizora. Zahvaljuju\u0107i svojstvima odma\u0161\u0107ivanja, pogodan je i za jako podmazane staklene povr\u0161ine u unutra\u0161njosti automobila.<br \/>\nUpotreba formule &#8216;Streak free&#8217; osigurava da povr\u0161ina koja se \u010disti ostaje bez mrlja, a staklo du\u017ee ostaje \u010disto. Preparat prijatnog mirisa grejpfruta.<\/p>\n<p>Karakteristike proizvoda:<\/p>\n<p>Efikasno otapa prljav\u0161tinu na staklenoj povr\u0161ini<br \/>\nbaziran na formuli STREAK FREE<br \/>\nne ostavlja mrlje<br \/>\nsiguran za plastiku, vjetrobranska stakla, prozore i ogledala<br \/>\nsiguran za lakirane, obojene, polirane metalne, hromirane, eloksirane, pra\u0161kasto oblo\u017eene, povr\u0161ine od karbonskih vlakana ili vinil folije<br \/>\nproizvod spreman za upotrebu<\/p>\n<p>Upotreba:<\/p>\n<p>nanesite sredstvo za \u010di\u0161\u0107enje stakla sa okida\u010dem na krpu od mikrovlakana i operite staklo (na velike staklene povr\u0161ine nanesite proizvod direktno raspr\u0161iva\u010dem)<br \/>\nosu\u0161ite ru\u010dnikom bez pra\u0161ine, glatkom krpom od mikrovlakana ili oblatni<br \/>\nako je potrebno, ponovite gore navedene korake<br \/>\nuvijek koristite rukavice, jer masno\u0107a s va\u0161ih prstiju lako prelazi sa<br \/>\nmikrovlakna do stakla<br \/>\nPreporuke:<\/p>\n<p>\u010cuvati na suvom i hladnom mestu na 5-25?<br \/>\nnemojte izlagati smrzavanju ili pregrijavanju<br \/>\nprije nano\u0161enja, uvjerite se da je povr\u0161ina koju \u010distite hladna, ne nanositi na direktnom suncu.<br \/>\n\u010duvati izvan dohvata djece.<\/p>\n","protected":false},"featured_media":117603,"comment_status":"open","ping_status":"closed","template":"","meta":{"_acf_changed":false,"inline_featured_image":false},"product_brand":[],"product_cat":[164],"product_tag":[],"class_list":{"0":"post-117602","1":"product","2":"type-product","3":"status-publish","4":"has-post-thumbnail","6":"product_cat-car-detailing","8":"first","9":"instock","10":"taxable","11":"shipping-taxable","12":"purchasable","13":"product-type-simple"},"acf":[],"custom_product_id":"12611","_links":{"self":[{"href":"https:\/\/autostil.ba\/maloprodaja\/wp-json\/wp\/v2\/product\/117602","targetHints":{"allow":["GET"]}}],"collection":[{"href":"https:\/\/autostil.ba\/maloprodaja\/wp-json\/wp\/v2\/product"}],"about":[{"href":"https:\/\/autostil.ba\/maloprodaja\/wp-json\/wp\/v2\/types\/product"}],"replies":[{"embeddable":true,"href":"https:\/\/autostil.ba\/maloprodaja\/wp-json\/wp\/v2\/comments?post=117602"}],"version-history":[{"count":2,"href":"https:\/\/autostil.ba\/maloprodaja\/wp-json\/wp\/v2\/product\/117602\/revisions"}],"predecessor-version":[{"id":793050626,"href":"https:\/\/autostil.ba\/maloprodaja\/wp-json\/wp\/v2\/product\/117602\/revisions\/793050626"}],"wp:featuredmedia":[{"embeddable":true,"href":"https:\/\/autostil.ba\/maloprodaja\/wp-json\/wp\/v2\/media\/117603"}],"wp:attachment":[{"href":"https:\/\/autostil.ba\/maloprodaja\/wp-json\/wp\/v2\/media?parent=117602"}],"wp:term":[{"taxonomy":"product_brand","embeddable":true,"href":"https:\/\/autostil.ba\/maloprodaja\/wp-json\/wp\/v2\/product_brand?post=117602"},{"taxonomy":"product_cat","embeddable":true,"href":"https:\/\/autostil.ba\/maloprodaja\/wp-json\/wp\/v2\/product_cat?post=117602"},{"taxonomy":"product_tag","embeddable":true,"href":"https:\/\/autostil.ba\/maloprodaja\/wp-json\/wp\/v2\/product_tag?post=117602"}],"curies":[{"name":"wp","href":"https:\/\/api.w.org\/{rel}","templated":true}]}}