{"id":117422,"date":"2024-07-18T08:13:42","date_gmt":"2024-07-18T08:13:42","guid":{"rendered":"https:\/\/autostil.ba\/maloprodaja\/?post_type=product&#038;p=117422"},"modified":"2026-04-08T11:45:01","modified_gmt":"2026-04-08T09:45:01","slug":"tecnost-za-ciscenje-mikrofiber-krpa-500ml","status":"publish","type":"product","link":"https:\/\/autostil.ba\/maloprodaja\/proizvod\/12444\/tecnost-za-ciscenje-mikrofiber-krpa-500ml\/","title":{"rendered":"TE\u010cNOST ZA \u010cI\u0160\u0106ENJE MIKROFIBER KRPA 500ml"},"content":{"rendered":"","protected":false},"excerpt":{"rendered":"<p>BadBoys Microfiber Wash je namjenska teku\u0107ina za pranje od mikrovlakana u obliku koncentrata. Temeljno otapa prljav\u0161tinu i efikasno odma\u0161\u0107uje tkaninu. Sadr\u017ei aditive za omek\u0161avanje vode, \u010dime se spre\u010dava talo\u017eenje vodenog kamenca na vlaknima. Ostavlja prijatan miris. Dizajniran za ma\u0161insko pranje. Koristite 40-50 ml po ciklusu pranja. Perite na temperaturama koje preporu\u010duje proizvo\u0111a\u010d mikrovlakana. u slu\u010daju ve\u0107e prljav\u0161tine, potopiti materijal u toplu vodu sa teku\u0107inom, 50 ml\/1 litar, ostaviti 30-40 minuta ili rukom odstraniti najve\u0107u prljav\u0161tinu. Te\u010dnost ne remeti hidrofilnu i hidrofobnu ravnote\u017eu vlakana. Preporuke: \u010duvati na suvom i hladnom mestu na 5-25\u00b0C ne izlagati sredstvo smrzavanju ili pregrijavanju \u010duvati van doma\u0161aja dece<\/p>\n","protected":false},"featured_media":117423,"comment_status":"open","ping_status":"closed","template":"","meta":{"_acf_changed":false,"inline_featured_image":false},"product_brand":[],"product_cat":[164],"product_tag":[],"class_list":{"0":"post-117422","1":"product","2":"type-product","3":"status-publish","4":"has-post-thumbnail","6":"product_cat-car-detailing","8":"first","9":"instock","10":"taxable","11":"shipping-taxable","12":"purchasable","13":"product-type-simple"},"acf":[],"custom_product_id":"12444","_links":{"self":[{"href":"https:\/\/autostil.ba\/maloprodaja\/wp-json\/wp\/v2\/product\/117422","targetHints":{"allow":["GET"]}}],"collection":[{"href":"https:\/\/autostil.ba\/maloprodaja\/wp-json\/wp\/v2\/product"}],"about":[{"href":"https:\/\/autostil.ba\/maloprodaja\/wp-json\/wp\/v2\/types\/product"}],"replies":[{"embeddable":true,"href":"https:\/\/autostil.ba\/maloprodaja\/wp-json\/wp\/v2\/comments?post=117422"}],"version-history":[{"count":1,"href":"https:\/\/autostil.ba\/maloprodaja\/wp-json\/wp\/v2\/product\/117422\/revisions"}],"predecessor-version":[{"id":117424,"href":"https:\/\/autostil.ba\/maloprodaja\/wp-json\/wp\/v2\/product\/117422\/revisions\/117424"}],"wp:featuredmedia":[{"embeddable":true,"href":"https:\/\/autostil.ba\/maloprodaja\/wp-json\/wp\/v2\/media\/117423"}],"wp:attachment":[{"href":"https:\/\/autostil.ba\/maloprodaja\/wp-json\/wp\/v2\/media?parent=117422"}],"wp:term":[{"taxonomy":"product_brand","embeddable":true,"href":"https:\/\/autostil.ba\/maloprodaja\/wp-json\/wp\/v2\/product_brand?post=117422"},{"taxonomy":"product_cat","embeddable":true,"href":"https:\/\/autostil.ba\/maloprodaja\/wp-json\/wp\/v2\/product_cat?post=117422"},{"taxonomy":"product_tag","embeddable":true,"href":"https:\/\/autostil.ba\/maloprodaja\/wp-json\/wp\/v2\/product_tag?post=117422"}],"curies":[{"name":"wp","href":"https:\/\/api.w.org\/{rel}","templated":true}]}}